This is the mail archive of the gcc-testresults@gcc.gnu.org mailing list for the GCC project.


Index Nav: [Date Index] [Subject Index] [Author Index] [Thread Index]
Message Nav: [Date Prev] [Date Next] [Thread Prev] [Thread Next]
Other format: [Raw text]

Results for 4.0.4 20060518 (prerelease) gcc testsuite on arm-unknown-elf


Ubuntu 5 on pentium3-smp
cross tool versions:
GNU assembler 2.16.91 20060415
GNU gdb 6.4.50.20060415-cvs
GNU ld version 2.16.91 20060415

GNU Make 3.80
expect version 5.42.1
host gcc version: gcc (GCC) 4.2.0 20060517 (experimental)
LAST_UPDATED: Thu May 18 23:28:09 UTC 2006 (revision 113893)

Target is arm-unknown-elf
Host   is i686-pc-linux-gnu

		=== gcc tests ===


Running target arm-sim/-mthumb
FAIL: gcc.c-torture/compile/20000804-1.c  -O0  (test for excess errors)
UNRESOLVED: gcc.c-torture/execute/20020720-1.c execution,  -O1 
UNRESOLVED: gcc.c-torture/execute/20020720-1.c execution,  -O2 
UNRESOLVED: gcc.c-torture/execute/20020720-1.c execution,  -O3 -fomit-frame-pointer 
UNRESOLVED: gcc.c-torture/execute/20020720-1.c execution,  -O3 -g 
UNRESOLVED: gcc.c-torture/execute/20020720-1.c execution,  -Os 
XPASS: gcc.c-torture/execute/941014-1.c execution,  -O0 
FAIL: gcc.dg/compat/vector-2 c_compat_x_tst.o compile
FAIL: gcc.dg/compat/vector-2 c_compat_y_tst.o compile
UNRESOLVED: gcc.dg/compat/vector-2 c_compat_x_tst.o-c_compat_y_tst.o link 
UNRESOLVED: gcc.dg/compat/vector-2 c_compat_x_tst.o-c_compat_y_tst.o execute 
XPASS: gcc.dg/const-elim-1.c scan-assembler-not L\\\\\$?C[^A-Z]
FAIL: gcc.dg/fold-cond-1.c scan-tree-dump-times \\(g \\| h\\) != 0 1
FAIL: gcc.dg/intmax_t-1.c  (test for errors, line )
FAIL: gcc.dg/pragma-pack-3.c execution test
FAIL: gcc.dg/sibcall-3.c execution test
FAIL: gcc.dg/sibcall-4.c execution test
XPASS: gcc.dg/tree-ssa/20040204-1.c scan-tree-dump-times link_error 0

		=== gcc Summary ===

# of expected passes		34409
# of unexpected failures	8
# of unexpected successes	3
# of expected failures		72
# of unresolved testcases	7
# of untested testcases		28
# of unsupported tests		541
/home/mstein/sim/arm-elf/build/gcc/xgcc  version 4.0.4 20060518 (prerelease)


Compiler version: 4.0.4 20060518 (prerelease) gcc 
Platform: arm-unknown-elf
configure flags: --target=arm-elf --prefix=/n/07/mstein/cross-local --disable-nls --disable-build-warnings --with-ld=/n/07/mstein/cross-local/bin/arm-elf-ld --with-as=/n/07/mstein/cross-local/bin/arm-elf-as --enable-languages=c


Index Nav: [Date Index] [Subject Index] [Author Index] [Thread Index]
Message Nav: [Date Prev] [Date Next] [Thread Prev] [Thread Next]