This is the mail archive of the gcc-testresults@gcc.gnu.org mailing list for the GCC project.


Index Nav: [Date Index] [Subject Index] [Author Index] [Thread Index]
Message Nav: [Date Prev] [Date Next] [Thread Prev] [Thread Next]
Other format: [Raw text]

Results for 4.1.1 20060517 (prelease) testsuite on mips-unknown-linux-gnu


LAST_UPDATED: Obtained from SVN: branches/gcc-4_1-branch revision 113871

Test Run By tbm on Fri May 19 19:10:01 2006
Native configuration is mips-unknown-linux-gnu

		=== gcc tests ===

Schedule of variations:
    unix

FAIL: gcc.c-torture/execute/loop-2f.c execution,  -O0 
FAIL: gcc.c-torture/execute/loop-2f.c execution,  -O1 
FAIL: gcc.c-torture/execute/loop-2f.c execution,  -O2 
FAIL: gcc.c-torture/execute/loop-2f.c execution,  -O3 -fomit-frame-pointer 
FAIL: gcc.c-torture/execute/loop-2f.c execution,  -O3 -fomit-frame-pointer -funroll-loops 
FAIL: gcc.c-torture/execute/loop-2f.c execution,  -O3 -fomit-frame-pointer -funroll-all-loops -finline-functions 
FAIL: gcc.c-torture/execute/loop-2f.c execution,  -O3 -g 
FAIL: gcc.c-torture/execute/loop-2f.c execution,  -Os 
FAIL: gcc.c-torture/execute/loop-2g.c execution,  -O0 
FAIL: gcc.c-torture/execute/loop-2g.c execution,  -O1 
FAIL: gcc.c-torture/execute/loop-2g.c execution,  -O2 
FAIL: gcc.c-torture/execute/loop-2g.c execution,  -O3 -fomit-frame-pointer 
FAIL: gcc.c-torture/execute/loop-2g.c execution,  -O3 -fomit-frame-pointer -funroll-loops 
FAIL: gcc.c-torture/execute/loop-2g.c execution,  -O3 -fomit-frame-pointer -funroll-all-loops -finline-functions 
FAIL: gcc.c-torture/execute/loop-2g.c execution,  -O3 -g 
FAIL: gcc.c-torture/execute/loop-2g.c execution,  -Os 
FAIL: gcc.c-torture/execute/ieee/copysign1.c execution,  -O0 
FAIL: gcc.c-torture/execute/ieee/copysign1.c execution,  -O1 
FAIL: gcc.c-torture/execute/ieee/copysign1.c execution,  -O2 
FAIL: gcc.c-torture/execute/ieee/copysign1.c execution,  -O3 -fomit-frame-pointer 
FAIL: gcc.c-torture/execute/ieee/copysign1.c execution,  -O3 -fomit-frame-pointer -funroll-loops 
FAIL: gcc.c-torture/execute/ieee/copysign1.c execution,  -O3 -fomit-frame-pointer -funroll-all-loops -finline-functions 
FAIL: gcc.c-torture/execute/ieee/copysign1.c execution,  -O3 -g 
FAIL: gcc.c-torture/execute/ieee/copysign1.c execution,  -Os 
FAIL: gcc.dg/attr-alias-3.c (test for excess errors)
FAIL: gcc.dg/fold-cond-1.c scan-tree-dump-times \(g \| h\) != 0 1
XPASS: gcc.dg/tree-ssa/20040204-1.c scan-tree-dump-times link_error 0

		=== gcc Summary ===

# of expected passes		37443
# of unexpected failures	26
# of unexpected successes	1
# of expected failures		76
# of untested testcases		28
# of unsupported tests		275


		=== g++ tests ===

Schedule of variations:
    unix

XPASS: g++.dg/tree-ssa/pr14814.C scan-tree-dump-times &this 0

		=== g++ Summary ===

# of expected passes		12012
# of unexpected successes	1
# of expected failures		67
# of unsupported tests		107


		=== gfortran tests ===

Schedule of variations:
    unix

		=== gfortran Summary ===

# of expected passes		12355
# of expected failures		12
# of unsupported tests		82


		=== objc tests ===

Schedule of variations:
    unix

FAIL: objc.dg/stabs-1.m scan-assembler (.SUBSPA.*[$]CODE[$]|.text"?)\n\t.stabs.*100,0,0,(\\.)?L?L[$]?etext[0-9]*\n(\\.)?L?L[$]?etext

		=== objc Summary ===

# of expected passes		1685
# of unexpected failures	1
# of unsupported tests		22


		=== libstdc++ tests ===

Schedule of variations:
    unix

FAIL: abi_check
XPASS: 26_numerics/cmath/c99_classification_macros_c.cc (test for excess errors)

		=== libstdc++ Summary ===

# of expected passes		3403
# of unexpected failures	1
# of unexpected successes	1
# of expected failures		12
# of unsupported tests		319


		=== libmudflap tests ===

Schedule of variations:
    unix

		=== libmudflap Summary ===

# of expected passes		1799


		=== libffi tests ===

Schedule of variations:
    unix

		=== libffi Summary ===

# of expected passes		228
# of unsupported tests		2


		=== libjava tests ===

Schedule of variations:
    unix

FAIL: PR16923 run
FAIL: ExtraClassLoader execution - source compiled test
FAIL: ExtraClassLoader execution - bytecode->native test
FAIL: ExtraClassLoader -O3 execution - source compiled test
FAIL: ExtraClassLoader -O3 execution - bytecode->native test
FAIL: TestProxy execution - source compiled test
FAIL: TestProxy execution - bytecode->native test
FAIL: TestProxy -O3 execution - source compiled test
FAIL: TestProxy -O3 execution - bytecode->native test
FAIL: newarray_overflow compilation from source
FAIL: newarray_overflow byte compilation
FAIL: newarray_overflow -O3 compilation from source
FAIL: newarray_overflow byte compilation
FAIL: /media/tbm/scratch/gcc-41-rc1/build/mips-unknown-linux-gnu/libjava/testsuite/TestEarlyGC.exe output - /media/tbm/scratch/gcc-41-rc1/build/mips-unknown-linux-gnu/libjava/testsuite/TestEarlyGC.exe
FAIL: /media/tbm/scratch/gcc-41-rc1/build/mips-unknown-linux-gnu/libjava/testsuite/TestLeak.exe execution - /media/tbm/scratch/gcc-41-rc1/build/mips-unknown-linux-gnu/libjava/testsuite/TestLeak.exe
FAIL: /media/tbm/scratch/gcc-41-rc1/build/mips-unknown-linux-gnu/libjava/testsuite/TestMultiple.exe output - /media/tbm/scratch/gcc-41-rc1/build/mips-unknown-linux-gnu/libjava/testsuite/TestMultiple.exe
FAIL: /media/tbm/scratch/gcc-41-rc1/build/mips-unknown-linux-gnu/libjava/testsuite/TestParent.exe output - /media/tbm/scratch/gcc-41-rc1/build/mips-unknown-linux-gnu/libjava/testsuite/TestParent.exe
FAIL: pr21115 run

		=== libjava Summary ===

# of expected passes		3258
# of unexpected failures	18
# of expected failures		10
# of untested testcases		31


Environment:

gcc version 4.1.1 20060507 (prerelease) (Debian 4.1.0-3)
binutils 2.16.91 20060413 Debian GNU/Linux
Linux 2.6.16-rc6 mips
libc6 2.3.6-7

Compiler configuration:
Using built-in specs.
Target: mips-unknown-linux-gnu
Configured with: ../gcc-4.1.1-20060517/configure
Thread model: posix
gcc version 4.1.1 20060517 (prerelease)

-- 
Martin Michlmayr
http://www.cyrius.com/


Index Nav: [Date Index] [Subject Index] [Author Index] [Thread Index]
Message Nav: [Date Prev] [Date Next] [Thread Prev] [Thread Next]