This is the mail archive of the gcc-testresults@gcc.gnu.org mailing list for the GCC project.


Index Nav: [Date Index] [Subject Index] [Author Index] [Thread Index]
Message Nav: [Date Prev] [Date Next] [Thread Prev] [Thread Next]
Other format: [Raw text]

Results for 4.1.1 20060519 (prerelease) testsuite on x86_64-suse-linux-gnu


# Some comments about the system:

# SuSE Linux 9.3 (x86-64)
# VERSION = 9.3

# bash-3.0-15
# binutils-2.15.94.0.2.2-3.3
# dejagnu-1.4.4-4
# expect-5.41-3
# gcc-3.3.5-5
# glibc-2.3.4-23.4
# kernel-default-2.6.11.4-21.11
# make-3.80-187
# tcl-8.4.9-7
# texinfo-4.8-7.2

# Linux 2.6.11.4-21.9-default #1 Fri Aug 19 11:58:59 UTC 2005 x86_64 x86_64 x86_64 GNU/Linux
#   6:35am  up 190 days 23:55,  16 users,  load average: 4.89, 4.32, 4.24

# Reading specs from /usr/lib64/gcc-lib/x86_64-suse-linux/3.3.5/specs
# Configured with: ../configure --enable-threads=posix --prefix=/usr --with-local-prefix=/usr/local --infodir=/usr/share/info --mandir=/usr/share/man --enable-languages=c,c++,f77,objc,java,ada --disable-checking --libdir=/usr/lib64 --enable-libgcj --with-slibdir=/lib64 --with-system-zlib --enable-shared --enable-__cxa_atexit x86_64-suse-linux
# Thread model: posix
# gcc version 3.3.5 20050117 (prerelease) (SUSE Linux)

# GNU C Library stable release version 2.3.4 (20050218), by Roland McGrath et al.
# Configured for x86_64-suse-linux.
# Compiled by GNU CC version 3.3.5 20050117 (prerelease) (SUSE Linux).
# Compiled on a Linux 2.6.9 system on 2005-06-10.
# Available extensions:
# 	GNU libio by Per Bothner
# 	crypt add-on version 2.1 by Michael Glad and others
# 	linuxthreads-0.10 by Xavier Leroy
# 	GNU Libidn by Simon Josefsson
# 	BIND-8.2.3-T5B
# 	libthread_db work sponsored by Alpha Processor Inc
# 	NIS(YP)/NIS+ NSS modules 0.19 by Thorsten Kukuk
# Thread-local storage support included.
# pthread library is compiled with floating stack support enabled.
# For bug reporting instructions, please see:
# <http://www.gnu.org/software/libc/bugs.html>.

LAST_UPDATED: Fri May 19 23:32:45 UTC 2006 (revision 113915)

Native configuration is x86_64-suse-linux-gnu

		=== gcc tests ===


Running target unix
FAIL: gcc.dg/visibility-11.c scan-assembler memcpy@PLT

		=== gcc Summary ===

# of expected passes		38217
# of unexpected failures	1
# of expected failures		100
# of untested testcases		28
# of unsupported tests		358
/home/robert/stuff/gcc/build/gcc/xgcc  version 4.1.1 20060519 (prerelease)

		=== gfortran tests ===


Running target unix

		=== gfortran Summary ===

# of expected passes		12506
# of expected failures		16
# of unsupported tests		16
/home/robert/stuff/gcc/build/gcc/testsuite/gfortran/../../gfortran  version 4.1.1 20060519 (prerelease)

		=== g++ tests ===


Running target unix
XPASS: g++.dg/tree-ssa/pr14814.C scan-tree-dump-times &this 0
XPASS: g++.old-deja/g++.other/init5.C execution test

		=== g++ Summary ===

# of expected passes		12008
# of unexpected successes	2
# of expected failures		66
# of unsupported tests		95
/home/robert/stuff/gcc/build/gcc/testsuite/g++/../../g++  version 4.1.1 20060519 (prerelease)

		=== objc tests ===


Running target unix

		=== objc Summary ===

# of expected passes		1686
# of unsupported tests		22
/home/robert/stuff/gcc/build/gcc/xgcc  version 4.1.1 20060519 (prerelease)

		=== libmudflap tests ===


Running target unix

		=== libmudflap Summary ===

# of expected passes		1799
		=== libstdc++ tests ===


Running target unix
XPASS: 26_numerics/cmath/c99_classification_macros_c.cc (test for excess errors)
XPASS: 27_io/fpos/14320-1.cc execution test

		=== libstdc++ Summary ===

# of expected passes		4042
# of unexpected successes	2
# of expected failures		11

Compiler version: 4.1.1 20060519 (prerelease) 
Platform: x86_64-suse-linux-gnu
configure flags: --enable-threads=posix --prefix=/home/robert/stuff/gcc/inst/gcc411 --libexecdir=/home/robert/stuff/gcc/inst/gcc411/lib --disable-checking --disable-libgcj --with-gxx-include-dir=/home/robert/stuff/gcc/inst/gcc411/include/g++ --with-system-zlib --enable-shared --enable-__cxa_atexit x86_64-suse-linux --enable-languages=c,c++,fortran,objc


Index Nav: [Date Index] [Subject Index] [Author Index] [Thread Index]
Message Nav: [Date Prev] [Date Next] [Thread Prev] [Thread Next]