This is the mail archive of the gcc-testresults@gcc.gnu.org mailing list for the GCC project.


Index Nav: [Date Index] [Subject Index] [Author Index] [Thread Index]
Message Nav: [Date Prev] [Date Next] [Thread Prev] [Thread Next]
Other format: [Raw text]

Results for 4.2.0 20060517 (experimental) testsuite on x86_64-suse-linux-gnu


Bootstrap and regtesting on x86_64-suse-linux-gnu.
SVN sources: mainline.
LAST_UPDATED: Wed May 17 13:43:20 UTC 2006 (revision 113858)

		=== acats tests ===
FAIL:	c35507m
FAIL:	cd2a23e
FAIL:	cdd2a02
FAIL:	cxh1001

		=== acats Summary ===
# of expected passes		2313
# of unexpected failures	4
Native configuration is x86_64-suse-linux-gnu

		=== gcc tests ===


Running target unix/-m32
XPASS: gcc.dg/cpp/cmdlne-dI-M.c scan-file (^|\\\\n)cmdlne-dI-M.*:[^\\\\n]*cmdlne-dI-M.c
XPASS: gcc.dg/cpp/cmdlne-dM-M.c scan-file (^|\\\\n)cmdlne-dM-M[^\\\\n]*:[^\\\\n]*cmdlne-dM-M.c
FAIL: gcc.dg/debug/dwarf2/dwarf-die2.c scan-assembler-not CIE Version
FAIL: gcc.dg/torture/nested-fn-1.c  -O0  scan-assembler-not should_not_appear

		=== gcc Summary for unix/-m32 ===

# of expected passes		39514
# of unexpected failures	2
# of unexpected successes	2
# of expected failures		110
# of untested testcases		28
# of unsupported tests		279

Running target unix
FAIL: gcc.c-torture/execute/20050121-1.c execution,  -O0 
FAIL: gcc.c-torture/execute/complex-6.c execution,  -O0 
FAIL: gcc.dg/compat/scalar-return-3 c_compat_x_tst.o-c_compat_y_tst.o execute 
XPASS: gcc.dg/cpp/cmdlne-dI-M.c scan-file (^|\\\\n)cmdlne-dI-M.*:[^\\\\n]*cmdlne-dI-M.c
XPASS: gcc.dg/cpp/cmdlne-dM-M.c scan-file (^|\\\\n)cmdlne-dM-M[^\\\\n]*:[^\\\\n]*cmdlne-dM-M.c
FAIL: gcc.dg/debug/dwarf2/dwarf-die2.c scan-assembler-not CIE Version
FAIL: gcc.dg/visibility-11.c scan-assembler memcpy@PLT
WARNING: gcc.dg/torture/fp-int-convert-float128-timode.c  -O0  compilation failed to produce executable
WARNING: gcc.dg/torture/fp-int-convert-float128-timode.c  -O1  compilation failed to produce executable
WARNING: gcc.dg/torture/fp-int-convert-float128-timode.c  -O2  compilation failed to produce executable
WARNING: gcc.dg/torture/fp-int-convert-float128-timode.c  -O3 -fomit-frame-pointer  compilation failed to produce executable
WARNING: gcc.dg/torture/fp-int-convert-float128-timode.c  -O3 -g  compilation failed to produce executable
WARNING: gcc.dg/torture/fp-int-convert-float128-timode.c  -Os  compilation failed to produce executable
WARNING: gcc.dg/torture/fp-int-convert-float128.c  -O0  compilation failed to produce executable
WARNING: gcc.dg/torture/fp-int-convert-float128.c  -O1  compilation failed to produce executable
WARNING: gcc.dg/torture/fp-int-convert-float128.c  -O2  compilation failed to produce executable
WARNING: gcc.dg/torture/fp-int-convert-float128.c  -O3 -fomit-frame-pointer  compilation failed to produce executable
WARNING: gcc.dg/torture/fp-int-convert-float128.c  -O3 -g  compilation failed to produce executable
WARNING: gcc.dg/torture/fp-int-convert-float128.c  -Os  compilation failed to produce executable
FAIL: gcc.dg/torture/nested-fn-1.c  -O0  scan-assembler-not should_not_appear
FAIL: gcc.target/x86_64/abi/test_complex_returning.c execution,  -O0 

		=== gcc Summary for unix ===

# of expected passes		39388
# of unexpected failures	7
# of unexpected successes	2
# of expected failures		121
# of untested testcases		28
# of unsupported tests		377

		=== gcc Summary ===

# of expected passes		78902
# of unexpected failures	9
# of unexpected successes	4
# of expected failures		231
# of untested testcases		56
# of unsupported tests		656
/builds/gcc/misc/gcc/xgcc  version 4.2.0 20060517 (experimental)

		=== gfortran tests ===


Running target unix/-m32
XPASS: gfortran.dg/csqrt_2.f  -O0  execution test
XPASS: gfortran.dg/csqrt_2.f  -O1  execution test
XPASS: gfortran.dg/csqrt_2.f  -O2  execution test
XPASS: gfortran.dg/csqrt_2.f  -O3 -fomit-frame-pointer  execution test
XPASS: gfortran.dg/csqrt_2.f  -O3 -fomit-frame-pointer -funroll-loops  execution test
XPASS: gfortran.dg/csqrt_2.f  -O3 -fomit-frame-pointer -funroll-all-loops -finline-functions  execution test
XPASS: gfortran.dg/csqrt_2.f  -O3 -g  execution test
XPASS: gfortran.dg/csqrt_2.f  -Os  execution test

		=== gfortran Summary for unix/-m32 ===

# of expected passes		13076
# of unexpected successes	8
# of expected failures		7
# of unsupported tests		16

Running target unix
XPASS: gfortran.dg/csqrt_2.f  -O0  execution test
XPASS: gfortran.dg/csqrt_2.f  -O1  execution test
XPASS: gfortran.dg/csqrt_2.f  -O2  execution test
XPASS: gfortran.dg/csqrt_2.f  -O3 -fomit-frame-pointer  execution test
XPASS: gfortran.dg/csqrt_2.f  -O3 -fomit-frame-pointer -funroll-loops  execution test
XPASS: gfortran.dg/csqrt_2.f  -O3 -fomit-frame-pointer -funroll-all-loops -finline-functions  execution test
XPASS: gfortran.dg/csqrt_2.f  -O3 -g  execution test
XPASS: gfortran.dg/csqrt_2.f  -Os  execution test

		=== gfortran Summary for unix ===

# of expected passes		13073
# of unexpected successes	8
# of expected failures		10
# of unsupported tests		16

		=== gfortran Summary ===

# of expected passes		26149
# of unexpected successes	16
# of expected failures		17
# of unsupported tests		32
/builds/gcc/misc/gcc/testsuite/gfortran/../../gfortran  version 4.2.0 20060517 (experimental)

		=== g++ tests ===


Running target unix/-m32
XPASS: g++.dg/tree-ssa/ivopts-1.C scan-tree-dump-not offset: -4B
FAIL: g++.old-deja/g++.other/static14.C (test for excess errors)
FAIL: g++.old-deja/g++.other/static20.C (test for excess errors)

		=== g++ Summary for unix/-m32 ===

# of expected passes		12598
# of unexpected failures	2
# of unexpected successes	1
# of expected failures		68
# of unsupported tests		69

Running target unix
FAIL: g++.dg/other/i386-2.C (test for excess errors)
FAIL: g++.old-deja/g++.other/static14.C (test for excess errors)
FAIL: g++.old-deja/g++.other/static20.C (test for excess errors)

		=== g++ Summary for unix ===

# of expected passes		12512
# of unexpected failures	3
# of expected failures		69
# of unsupported tests		98

		=== g++ Summary ===

# of expected passes		25110
# of unexpected failures	5
# of unexpected successes	1
# of expected failures		137
# of unsupported tests		167
/builds/gcc/misc/gcc/testsuite/g++/../../g++  version 4.2.0 20060517 (experimental)

		=== objc tests ===


Running target unix/-m32

		=== objc Summary for unix/-m32 ===

# of expected passes		1754
# of expected failures		7
# of unsupported tests		24

Running target unix

		=== objc Summary for unix ===

# of expected passes		1754
# of expected failures		7
# of unsupported tests		24

		=== objc Summary ===

# of expected passes		3508
# of expected failures		14
# of unsupported tests		48
/builds/gcc/misc/gcc/xgcc  version 4.2.0 20060517 (experimental)

		=== treelang tests ===


Running target unix/-m32

		=== treelang Summary for unix/-m32 ===

# of expected passes		50

Running target unix

		=== treelang Summary for unix ===

# of expected passes		50

		=== treelang Summary ===

# of expected passes		100
		=== libffi tests ===


Running target unix/-m32
FAIL: libffi.call/return_fl2.c -O0 -W -Wall execution test
FAIL: libffi.call/return_fl2.c -O2 execution test
FAIL: libffi.call/return_fl2.c -O3 execution test
FAIL: libffi.call/return_fl2.c -Os execution test

		=== libffi Summary for unix/-m32 ===

# of expected passes		1068
# of unexpected failures	4
# of unsupported tests		8

Running target unix

		=== libffi Summary for unix ===

# of expected passes		1072
# of unsupported tests		8

		=== libffi Summary ===

# of expected passes		2140
# of unexpected failures	4
# of unsupported tests		16
		=== libgomp tests ===


Running target unix/-m32
FAIL: libgomp.c/ordered-2.c (test for excess errors)
WARNING: libgomp.c/ordered-2.c compilation failed to produce executable

		=== libgomp Summary for unix/-m32 ===

# of expected passes		1464
# of unexpected failures	1

Running target unix

		=== libgomp Summary for unix ===

# of expected passes		1466

		=== libgomp Summary ===

# of expected passes		2930
# of unexpected failures	1
		=== libjava tests ===


Running target unix/-m32

		=== libjava Summary for unix/-m32 ===

# of expected passes		6797
# of expected failures		12
# of untested testcases		8

Running target unix

		=== libjava Summary for unix ===

# of expected passes		6797
# of expected failures		12
# of untested testcases		8

		=== libjava Summary ===

# of expected passes		13594
# of expected failures		24
# of untested testcases		16
		=== libmudflap tests ===


Running target unix/-m32

		=== libmudflap Summary for unix/-m32 ===

# of expected passes		1814

Running target unix

		=== libmudflap Summary for unix ===

# of expected passes		1814

		=== libmudflap Summary ===

# of expected passes		3628
		=== libstdc++ tests ===


Running target unix/-m32
XPASS: 26_numerics/cmath/c99_classification_macros_c.cc (test for excess errors)

		=== libstdc++ Summary for unix/-m32 ===

# of expected passes		4168
# of unexpected successes	1
# of expected failures		12
# of unsupported tests		4

Running target unix
XPASS: 26_numerics/cmath/c99_classification_macros_c.cc (test for excess errors)
XPASS: 27_io/fpos/14320-1.cc execution test

		=== libstdc++ Summary for unix ===

# of expected passes		4168
# of unexpected successes	2
# of expected failures		11
# of unsupported tests		4

		=== libstdc++ Summary ===

# of expected passes		8336
# of unexpected successes	3
# of expected failures		23
# of unsupported tests		8

Compiler version: 4.2.0 20060517 (experimental) 
Platform: x86_64-suse-linux-gnu
configure flags: --prefix=/opt/gcc/4.2-devel --enable-checking=yes,rtl --enable-threads=posix --enable-clocale=gnu --enable-__cxa_atexit --enable-shared --with-system-zlib x86_64-suse-linux-gnu --enable-languages=c,ada,c++,fortran,java,objc,treelang
Version of binutils: GNU ld version 2.16.91.0.5 20051219 (SUSE Linux)
Version of glibc (/lib/libc.so.6): 2.4 (20060428)
Version of glibc (/lib64/libc.so.6): 2.4 (20060422)


Index Nav: [Date Index] [Subject Index] [Author Index] [Thread Index]
Message Nav: [Date Prev] [Date Next] [Thread Prev] [Thread Next]