This is the mail archive of the
gcc-testresults@gcc.gnu.org
mailing list for the GCC project.
Results for 4.2.0 20060514 (experimental) testsuite on arm-none-eabi
- From: CodeSourcery Automatic Testing System <gcc at codesourcery dot com>
- To: gcc-testresults at gcc dot gnu dot org
- Date: Sun, 14 May 2006 09:11:37 -0700
- Subject: Results for 4.2.0 20060514 (experimental) testsuite on arm-none-eabi
LAST_UPDATED: Sun May 14 07:16:06 UTC 2006 (/trunk revision 113755)
Target is arm-none-eabi
Host is i686-pc-linux-gnu
=== g++ tests ===
Running target arm-sim
FAIL: g++.dg/abi/local1.C execution test
FAIL: g++.dg/ext/visibility/arm1.C scan-not-hidden hidden[ \\t_]*_ZTV1S
FAIL: g++.dg/ext/visibility/arm1.C scan-not-hidden hidden[ \\t_]*_ZTI1S
FAIL: g++.dg/ext/visibility/arm1.C scan-not-hidden hidden[ \\t_]*_ZTS1S
FAIL: g++.dg/ext/visibility/arm1.C scan-not-hidden hidden[ \\t_]*_ZTV1U
FAIL: g++.dg/ext/visibility/arm1.C scan-not-hidden hidden[ \\t_]*_ZTT1U
FAIL: g++.dg/ext/visibility/arm1.C scan-not-hidden hidden[ \\t_]*_ZTI1U
FAIL: g++.dg/ext/visibility/arm1.C scan-not-hidden hidden[ \\t_]*_ZTS1U
FAIL: g++.dg/ext/visibility/arm3.C scan-not-hidden hidden[ \\t_]*_ZTI1A
FAIL: g++.dg/ext/visibility/arm3.C scan-not-hidden hidden[ \\t_]*_ZTS1A
FAIL: g++.dg/ext/visibility/arm3.C scan-not-hidden hidden[ \\t_]*_ZTV1B
FAIL: g++.dg/ext/visibility/arm3.C scan-not-hidden hidden[ \\t_]*_ZTI1B
FAIL: g++.dg/ext/visibility/arm3.C scan-not-hidden hidden[ \\t_]*_ZTS1B
WARNING: program timed out.
FAIL: g++.dg/init/array15.C execution test
WARNING: program timed out.
FAIL: g++.dg/init/array16.C execution test
FAIL: g++.dg/opt/switch4.C (test for excess errors)
XPASS: g++.dg/other/packed1.C execution test
FAIL: g++.dg/other/unused1.C scan-assembler string\\t"class2"
FAIL: g++.dg/other/unused1.C scan-assembler string\\t"printer"
FAIL: g++.dg/gomp/atomic-1.C (test for excess errors)
FAIL: g++.dg/gomp/atomic-2.C (test for excess errors)
FAIL: g++.dg/gomp/atomic-3.C (test for excess errors)
FAIL: g++.dg/gomp/atomic-4.C (test for excess errors)
FAIL: g++.dg/gomp/atomic-5.C (test for excess errors)
FAIL: g++.dg/gomp/atomic-6.C (test for excess errors)
FAIL: g++.dg/gomp/atomic-7.C (test for excess errors)
FAIL: g++.dg/gomp/atomic-8.C (test for excess errors)
FAIL: g++.dg/gomp/atomic-9.C (test for excess errors)
FAIL: g++.dg/gomp/barrier-1.C (test for excess errors)
FAIL: g++.dg/gomp/barrier-2.C (test for excess errors)
FAIL: g++.dg/gomp/block-0.C (test for excess errors)
FAIL: g++.dg/gomp/block-1.C (test for excess errors)
FAIL: g++.dg/gomp/block-10.C (test for excess errors)
FAIL: g++.dg/gomp/block-11.C (test for excess errors)
FAIL: g++.dg/gomp/block-2.C (test for excess errors)
FAIL: g++.dg/gomp/block-3.C (test for excess errors)
FAIL: g++.dg/gomp/block-4.C (test for excess errors)
FAIL: g++.dg/gomp/block-5.C (test for excess errors)
FAIL: g++.dg/gomp/block-6.C (test for excess errors)
FAIL: g++.dg/gomp/block-7.C (test for excess errors)
FAIL: g++.dg/gomp/block-8.C (test for excess errors)
FAIL: g++.dg/gomp/block-9.C (test for excess errors)
FAIL: g++.dg/gomp/clause-1.C (test for excess errors)
FAIL: g++.dg/gomp/clause-2.C (test for excess errors)
FAIL: g++.dg/gomp/clause-3.C (test for excess errors)
FAIL: g++.dg/gomp/copyin-1.C (test for excess errors)
FAIL: g++.dg/gomp/critical-1.C (test for excess errors)
FAIL: g++.dg/gomp/critical-2.C (test for excess errors)
FAIL: g++.dg/gomp/flush-1.C (test for excess errors)
FAIL: g++.dg/gomp/flush-2.C (test for excess errors)
FAIL: g++.dg/gomp/for-1.C (test for excess errors)
FAIL: g++.dg/gomp/for-10.C (test for excess errors)
FAIL: g++.dg/gomp/for-11.C (test for excess errors)
FAIL: g++.dg/gomp/for-12.C (test for excess errors)
FAIL: g++.dg/gomp/for-13.C (test for excess errors)
FAIL: g++.dg/gomp/for-14.C (test for excess errors)
FAIL: g++.dg/gomp/for-15.C (test for excess errors)
FAIL: g++.dg/gomp/for-16.C (test for excess errors)
FAIL: g++.dg/gomp/for-17.C (test for excess errors)
FAIL: g++.dg/gomp/for-18.C (test for excess errors)
FAIL: g++.dg/gomp/for-2.C (test for excess errors)
FAIL: g++.dg/gomp/for-3.C (test for excess errors)
FAIL: g++.dg/gomp/for-4.C (test for excess errors)
FAIL: g++.dg/gomp/for-5.C (test for excess errors)
FAIL: g++.dg/gomp/for-6.C (test for excess errors)
FAIL: g++.dg/gomp/for-7.C (test for excess errors)
FAIL: g++.dg/gomp/for-8.C (test for excess errors)
FAIL: g++.dg/gomp/for-9.C (test for excess errors)
FAIL: g++.dg/gomp/macro-1.C (test for excess errors)
FAIL: g++.dg/gomp/macro-2.C (test for excess errors)
FAIL: g++.dg/gomp/master-1.C (test for excess errors)
FAIL: g++.dg/gomp/master-2.C (test for excess errors)
FAIL: g++.dg/gomp/master-3.C (test for excess errors)
FAIL: g++.dg/gomp/method-1.C (test for excess errors)
FAIL: g++.dg/gomp/ordered-1.C (test for excess errors)
FAIL: g++.dg/gomp/ordered-2.C (test for excess errors)
FAIL: g++.dg/gomp/parallel-1.C (test for excess errors)
FAIL: g++.dg/gomp/parallel-2.C (test for excess errors)
FAIL: g++.dg/gomp/parallel-3.C (test for excess errors)
FAIL: g++.dg/gomp/parallel-4.C (test for excess errors)
FAIL: g++.dg/gomp/parallel-5.C (test for excess errors)
FAIL: g++.dg/gomp/pr24849.C (test for excess errors)
FAIL: g++.dg/gomp/pr25874.C (test for excess errors)
FAIL: g++.dg/gomp/pr25996.C (test for excess errors)
FAIL: g++.dg/gomp/pr26611-1.C (test for excess errors)
FAIL: g++.dg/gomp/pr26611-2.C (test for excess errors)
FAIL: g++.dg/gomp/pr26690-1.C (test for excess errors)
FAIL: g++.dg/gomp/pr26690-2.C (test for excess errors)
FAIL: g++.dg/gomp/pr26823-1.C (test for excess errors)
FAIL: g++.dg/gomp/pr26823-2.C (test for excess errors)
FAIL: g++.dg/gomp/pr26913.C (test for excess errors)
FAIL: g++.dg/gomp/pr27310.C (test for excess errors)
FAIL: g++.dg/gomp/pr27325.C (test for excess errors)
FAIL: g++.dg/gomp/pr27337-1.C (test for excess errors)
FAIL: g++.dg/gomp/pr27337-2.C (test for excess errors)
FAIL: g++.dg/gomp/pr27359.C (test for excess errors)
FAIL: g++.dg/gomp/sections-1.C (test for excess errors)
FAIL: g++.dg/gomp/sections-2.C (test for excess errors)
FAIL: g++.dg/gomp/sections-3.C (test for excess errors)
FAIL: g++.dg/gomp/sections-4.C (test for excess errors)
FAIL: g++.dg/gomp/sharing-1.C (test for excess errors)
FAIL: g++.dg/gomp/tls-1.C (test for excess errors)
FAIL: g++.dg/gomp/tls-2.C (test for excess errors)
FAIL: g++.dg/gomp/tls-3.C (test for excess errors)
FAIL: g++.dg/gomp/tpl-atomic-1.C (test for excess errors)
FAIL: g++.dg/gomp/tpl-atomic-2.C (test for excess errors)
FAIL: g++.dg/gomp/tpl-barrier-1.C (test for excess errors)
FAIL: g++.dg/gomp/tpl-for-1.C (test for excess errors)
FAIL: g++.dg/gomp/tpl-for-2.C (test for excess errors)
FAIL: g++.dg/gomp/tpl-for-3.C (test for excess errors)
FAIL: g++.dg/gomp/tpl-master-1.C (test for excess errors)
FAIL: g++.dg/gomp/tpl-parallel-1.C (test for excess errors)
FAIL: g++.dg/gomp/tpl-parallel-2.C (test for excess errors)
FAIL: g++.old-deja/g++.other/init18.C (test for excess errors)
WARNING: g++.old-deja/g++.other/init18.C compilation failed to produce executable
FAIL: g++.old-deja/g++.other/init19.C execution test
FAIL: g++.old-deja/g++.other/static14.C (test for excess errors)
FAIL: g++.old-deja/g++.other/static20.C (test for excess errors)
=== g++ Summary ===
# of expected passes 12254
# of unexpected failures 116
# of unexpected successes 1
# of expected failures 68
# of unsupported tests 124
/scratch/gcc/nightly-2006-05-14-mainline/arm-none-eabi/build_gcc/install/bin/arm-none-eabi-c++ version 4.2.0 20060514 (experimental)
Host is i686-pc-linux-gnu
=== gcc tests ===
Running target arm-sim
FAIL: gcc.c-torture/execute/20030128-1.c execution, -O1
FAIL: gcc.c-torture/execute/20030128-1.c execution, -O2
FAIL: gcc.c-torture/execute/20030128-1.c execution, -O3 -fomit-frame-pointer
FAIL: gcc.c-torture/execute/20030128-1.c execution, -O3 -g
FAIL: gcc.c-torture/execute/20030128-1.c execution, -Os
FAIL: gcc.c-torture/execute/941014-2.c execution, -O1
FAIL: gcc.c-torture/execute/941014-2.c execution, -O2
FAIL: gcc.c-torture/execute/941014-2.c execution, -Os
FAIL: gcc.dg/compat/struct-layout-1 c_compat_x_tst.o compile
FAIL: gcc.dg/compat/struct-layout-1 c_compat_y_tst.o compile
UNRESOLVED: gcc.dg/compat/struct-layout-1 c_compat_x_tst.o-c_compat_y_tst.o link
UNRESOLVED: gcc.dg/compat/struct-layout-1 c_compat_x_tst.o-c_compat_y_tst.o execute
FAIL: gcc.dg/debug/dwarf2/dwarf-die2.c scan-assembler-not CIE Version
WARNING: program timed out.
FAIL: gcc.dg/c99-intconst-1.c (test for excess errors)
FAIL: gcc.dg/tls/alias-1.c (test for excess errors)
FAIL: gcc.dg/tls/opt-2.c (test for excess errors)
FAIL: gcc.dg/torture/nested-fn-1.c -O0 scan-assembler-not should_not_appear
FAIL: gcc.dg/tree-ssa/ssa-fre-4.c scan-tree-dump Replaced \\(int\\) f_.*with D
=== gcc Summary ===
# of expected passes 37764
# of unexpected failures 16
# of expected failures 75
# of unresolved testcases 2
# of untested testcases 28
# of unsupported tests 381
/scratch/gcc/nightly-2006-05-14-mainline/arm-none-eabi/build_gcc/install/bin/arm-none-eabi-gcc version 4.2.0 20060514 (experimental)
Host is i686-pc-linux-gnu
=== libstdc++ tests ===
Running target arm-sim
WARNING: program timed out.
FAIL: 21_strings/basic_string/append/char/3.cc execution test
WARNING: program timed out.
FAIL: 21_strings/basic_string/capacity/char/18654.cc execution test
WARNING: program timed out.
FAIL: 21_strings/basic_string/cons/char/6.cc execution test
WARNING: program timed out.
FAIL: 21_strings/basic_string/inserters_extractors/char/10.cc execution test
WARNING: program timed out.
FAIL: 21_strings/basic_string/inserters_extractors/char/11.cc execution test
FAIL: 23_containers/set/modifiers/16728.cc execution test
WARNING: program timed out.
FAIL: 25_algorithms/search_n/iterator.cc execution test
FAIL: 26_numerics/cmath/c99_classification_macros_c.cc (test for excess errors)
FAIL: 27_io/basic_istream/extractors_arithmetic/char/12.cc execution test
WARNING: program timed out.
FAIL: 27_io/basic_istream/extractors_character/char/4.cc execution test
WARNING: program timed out.
FAIL: 27_io/basic_istream/getline/char/5.cc execution test
WARNING: program timed out.
FAIL: 27_io/basic_istream/ignore/char/2.cc execution test
WARNING: program timed out.
FAIL: 27_io/basic_stringbuf/overflow/char/1.cc execution test
WARNING: program timed out.
FAIL: 27_io/basic_stringbuf/setbuf/char/4.cc execution test
FAIL: 27_io/ios_base/sync_with_stdio/1.cc execution test
FAIL: 27_io/objects/char/10.cc execution test
FAIL: ext/rope/3.cc execution test
XPASS: ext/stdio_filebuf/char/10063-2.cc execution test
XPASS: ext/stdio_filebuf/char/10063-3.cc execution test
WARNING: program timed out.
WARNING: program timed out.
FAIL: tr1/6_containers/unordered/hashtable/26132.cc execution test
=== libstdc++ Summary ===
# of expected passes 2697
# of unexpected failures 18
# of unexpected successes 2
# of expected failures 15
# of unsupported tests 153
Host is i686-pc-linux-gnu
=== g++ tests ===
Running target arm-sim/-mthumb
FAIL: g++.dg/abi/local1.C execution test
WARNING: program timed out.
FAIL: g++.dg/eh/cleanup1.C (test for excess errors)
WARNING: program timed out.
FAIL: g++.dg/eh/forced1.C execution test
FAIL: g++.dg/eh/forced4.C execution test
FAIL: g++.dg/ext/visibility/arm1.C scan-not-hidden hidden[ \\t_]*_ZTV1S
FAIL: g++.dg/ext/visibility/arm1.C scan-not-hidden hidden[ \\t_]*_ZTI1S
FAIL: g++.dg/ext/visibility/arm1.C scan-not-hidden hidden[ \\t_]*_ZTS1S
FAIL: g++.dg/ext/visibility/arm1.C scan-not-hidden hidden[ \\t_]*_ZTV1U
FAIL: g++.dg/ext/visibility/arm1.C scan-not-hidden hidden[ \\t_]*_ZTT1U
FAIL: g++.dg/ext/visibility/arm1.C scan-not-hidden hidden[ \\t_]*_ZTI1U
FAIL: g++.dg/ext/visibility/arm1.C scan-not-hidden hidden[ \\t_]*_ZTS1U
FAIL: g++.dg/ext/visibility/arm3.C scan-not-hidden hidden[ \\t_]*_ZTI1A
FAIL: g++.dg/ext/visibility/arm3.C scan-not-hidden hidden[ \\t_]*_ZTS1A
FAIL: g++.dg/ext/visibility/arm3.C scan-not-hidden hidden[ \\t_]*_ZTV1B
FAIL: g++.dg/ext/visibility/arm3.C scan-not-hidden hidden[ \\t_]*_ZTI1B
FAIL: g++.dg/ext/visibility/arm3.C scan-not-hidden hidden[ \\t_]*_ZTS1B
WARNING: program timed out.
FAIL: g++.dg/init/array15.C execution test
WARNING: program timed out.
FAIL: g++.dg/init/array16.C execution test
FAIL: g++.dg/opt/switch4.C (test for excess errors)
XPASS: g++.dg/other/packed1.C execution test
FAIL: g++.dg/other/unused1.C scan-assembler string\\t"class2"
FAIL: g++.dg/other/unused1.C scan-assembler string\\t"printer"
FAIL: g++.dg/gomp/atomic-1.C (test for excess errors)
FAIL: g++.dg/gomp/atomic-2.C (test for excess errors)
FAIL: g++.dg/gomp/atomic-3.C (test for excess errors)
FAIL: g++.dg/gomp/atomic-4.C (test for excess errors)
FAIL: g++.dg/gomp/atomic-5.C (test for excess errors)
FAIL: g++.dg/gomp/atomic-6.C (test for excess errors)
FAIL: g++.dg/gomp/atomic-7.C (test for excess errors)
FAIL: g++.dg/gomp/atomic-8.C (test for excess errors)
FAIL: g++.dg/gomp/atomic-9.C (test for excess errors)
FAIL: g++.dg/gomp/barrier-1.C (test for excess errors)
FAIL: g++.dg/gomp/barrier-2.C (test for excess errors)
FAIL: g++.dg/gomp/block-0.C (test for excess errors)
FAIL: g++.dg/gomp/block-1.C (test for excess errors)
FAIL: g++.dg/gomp/block-10.C (test for excess errors)
FAIL: g++.dg/gomp/block-11.C (test for excess errors)
FAIL: g++.dg/gomp/block-2.C (test for excess errors)
FAIL: g++.dg/gomp/block-3.C (test for excess errors)
FAIL: g++.dg/gomp/block-4.C (test for excess errors)
FAIL: g++.dg/gomp/block-5.C (test for excess errors)
FAIL: g++.dg/gomp/block-6.C (test for excess errors)
FAIL: g++.dg/gomp/block-7.C (test for excess errors)
FAIL: g++.dg/gomp/block-8.C (test for excess errors)
FAIL: g++.dg/gomp/block-9.C (test for excess errors)
FAIL: g++.dg/gomp/clause-1.C (test for excess errors)
FAIL: g++.dg/gomp/clause-2.C (test for excess errors)
FAIL: g++.dg/gomp/clause-3.C (test for excess errors)
FAIL: g++.dg/gomp/copyin-1.C (test for excess errors)
FAIL: g++.dg/gomp/critical-1.C (test for excess errors)
FAIL: g++.dg/gomp/critical-2.C (test for excess errors)
FAIL: g++.dg/gomp/flush-1.C (test for excess errors)
FAIL: g++.dg/gomp/flush-2.C (test for excess errors)
FAIL: g++.dg/gomp/for-1.C (test for excess errors)
FAIL: g++.dg/gomp/for-10.C (test for excess errors)
FAIL: g++.dg/gomp/for-11.C (test for excess errors)
FAIL: g++.dg/gomp/for-12.C (test for excess errors)
FAIL: g++.dg/gomp/for-13.C (test for excess errors)
FAIL: g++.dg/gomp/for-14.C (test for excess errors)
FAIL: g++.dg/gomp/for-15.C (test for excess errors)
FAIL: g++.dg/gomp/for-16.C (test for excess errors)
FAIL: g++.dg/gomp/for-17.C (test for excess errors)
FAIL: g++.dg/gomp/for-18.C (test for excess errors)
FAIL: g++.dg/gomp/for-2.C (test for excess errors)
FAIL: g++.dg/gomp/for-3.C (test for excess errors)
FAIL: g++.dg/gomp/for-4.C (test for excess errors)
FAIL: g++.dg/gomp/for-5.C (test for excess errors)
FAIL: g++.dg/gomp/for-6.C (test for excess errors)
FAIL: g++.dg/gomp/for-7.C (test for excess errors)
FAIL: g++.dg/gomp/for-8.C (test for excess errors)
FAIL: g++.dg/gomp/for-9.C (test for excess errors)
FAIL: g++.dg/gomp/macro-1.C (test for excess errors)
FAIL: g++.dg/gomp/macro-2.C (test for excess errors)
FAIL: g++.dg/gomp/master-1.C (test for excess errors)
FAIL: g++.dg/gomp/master-2.C (test for excess errors)
FAIL: g++.dg/gomp/master-3.C (test for excess errors)
FAIL: g++.dg/gomp/method-1.C (test for excess errors)
FAIL: g++.dg/gomp/ordered-1.C (test for excess errors)
FAIL: g++.dg/gomp/ordered-2.C (test for excess errors)
FAIL: g++.dg/gomp/parallel-1.C (test for excess errors)
FAIL: g++.dg/gomp/parallel-2.C (test for excess errors)
FAIL: g++.dg/gomp/parallel-3.C (test for excess errors)
FAIL: g++.dg/gomp/parallel-4.C (test for excess errors)
FAIL: g++.dg/gomp/parallel-5.C (test for excess errors)
FAIL: g++.dg/gomp/pr24849.C (test for excess errors)
FAIL: g++.dg/gomp/pr25874.C (test for excess errors)
FAIL: g++.dg/gomp/pr25996.C (test for excess errors)
FAIL: g++.dg/gomp/pr26611-1.C (test for excess errors)
FAIL: g++.dg/gomp/pr26611-2.C (test for excess errors)
FAIL: g++.dg/gomp/pr26690-1.C (test for excess errors)
FAIL: g++.dg/gomp/pr26690-2.C (test for excess errors)
FAIL: g++.dg/gomp/pr26823-1.C (test for excess errors)
FAIL: g++.dg/gomp/pr26823-2.C (test for excess errors)
FAIL: g++.dg/gomp/pr26913.C (test for excess errors)
FAIL: g++.dg/gomp/pr27310.C (test for excess errors)
FAIL: g++.dg/gomp/pr27325.C (test for excess errors)
FAIL: g++.dg/gomp/pr27337-1.C (test for excess errors)
FAIL: g++.dg/gomp/pr27337-2.C (test for excess errors)
FAIL: g++.dg/gomp/pr27359.C (test for excess errors)
FAIL: g++.dg/gomp/sections-1.C (test for excess errors)
FAIL: g++.dg/gomp/sections-2.C (test for excess errors)
FAIL: g++.dg/gomp/sections-3.C (test for excess errors)
FAIL: g++.dg/gomp/sections-4.C (test for excess errors)
FAIL: g++.dg/gomp/sharing-1.C (test for excess errors)
FAIL: g++.dg/gomp/tls-1.C (test for excess errors)
FAIL: g++.dg/gomp/tls-2.C (test for excess errors)
FAIL: g++.dg/gomp/tls-3.C (test for excess errors)
FAIL: g++.dg/gomp/tpl-atomic-1.C (test for excess errors)
FAIL: g++.dg/gomp/tpl-atomic-2.C (test for excess errors)
FAIL: g++.dg/gomp/tpl-barrier-1.C (test for excess errors)
FAIL: g++.dg/gomp/tpl-for-1.C (test for excess errors)
FAIL: g++.dg/gomp/tpl-for-2.C (test for excess errors)
FAIL: g++.dg/gomp/tpl-for-3.C (test for excess errors)
FAIL: g++.dg/gomp/tpl-master-1.C (test for excess errors)
FAIL: g++.dg/gomp/tpl-parallel-1.C (test for excess errors)
FAIL: g++.dg/gomp/tpl-parallel-2.C (test for excess errors)
WARNING: program timed out.
FAIL: g++.old-deja/g++.eh/terminate2.C execution test
WARNING: program timed out.
FAIL: g++.old-deja/g++.jason/thunk2.C execution test
FAIL: g++.old-deja/g++.other/init18.C (test for excess errors)
WARNING: g++.old-deja/g++.other/init18.C compilation failed to produce executable
FAIL: g++.old-deja/g++.other/init19.C execution test
FAIL: g++.old-deja/g++.other/static14.C (test for excess errors)
FAIL: g++.old-deja/g++.other/static20.C (test for excess errors)
=== g++ Summary ===
# of expected passes 12249
# of unexpected failures 121
# of unexpected successes 1
# of expected failures 68
# of unsupported tests 124
/scratch/gcc/nightly-2006-05-14-mainline/arm-none-eabi/build_gcc/install/bin/arm-none-eabi-c++ version 4.2.0 20060514 (experimental)
Host is i686-pc-linux-gnu
=== gcc tests ===
Running target arm-sim/-mthumb
WARNING: program timed out.
FAIL: gcc.c-torture/compile/20001226-1.c -O0 (test for excess errors)
FAIL: gcc.c-torture/execute/20030128-1.c execution, -O1
FAIL: gcc.c-torture/execute/20030128-1.c execution, -O2
FAIL: gcc.c-torture/execute/20030128-1.c execution, -O3 -fomit-frame-pointer
FAIL: gcc.c-torture/execute/20030128-1.c execution, -O3 -g
FAIL: gcc.c-torture/execute/20030128-1.c execution, -Os
XPASS: gcc.c-torture/execute/941014-1.c execution, -O0
FAIL: gcc.dg/compat/struct-layout-1 c_compat_x_tst.o compile
FAIL: gcc.dg/compat/struct-layout-1 c_compat_y_tst.o compile
UNRESOLVED: gcc.dg/compat/struct-layout-1 c_compat_x_tst.o-c_compat_y_tst.o link
UNRESOLVED: gcc.dg/compat/struct-layout-1 c_compat_x_tst.o-c_compat_y_tst.o execute
FAIL: gcc.dg/debug/20050907-1.c -gstabs1 (test for excess errors)
FAIL: gcc.dg/debug/20050907-1.c -gstabs (test for excess errors)
FAIL: gcc.dg/debug/20050907-1.c -gstabs3 (test for excess errors)
FAIL: gcc.dg/debug/20050907-1.c -gstabs+1 (test for excess errors)
FAIL: gcc.dg/debug/20050907-1.c -gstabs+ (test for excess errors)
FAIL: gcc.dg/debug/20050907-1.c -gstabs+3 (test for excess errors)
FAIL: gcc.dg/debug/dwarf2/dwarf-die2.c scan-assembler-not CIE Version
WARNING: program timed out.
FAIL: gcc.dg/c99-intconst-1.c (test for excess errors)
FAIL: gcc.dg/fold-cond-1.c scan-tree-dump-times \\(g \\| h\\) != 0 1
FAIL: gcc.dg/sibcall-3.c execution test
FAIL: gcc.dg/sibcall-4.c execution test
FAIL: gcc.dg/tls/alias-1.c (test for excess errors)
FAIL: gcc.dg/tls/opt-2.c (test for excess errors)
FAIL: gcc.dg/torture/nested-fn-1.c -O0 scan-assembler-not should_not_appear
XPASS: gcc.dg/tree-ssa/20040204-1.c scan-tree-dump-times link_error 0
FAIL: gcc.dg/tree-ssa/ssa-fre-4.c scan-tree-dump Replaced \\(int\\) f_.*with D
=== gcc Summary ===
# of expected passes 37713
# of unexpected failures 23
# of unexpected successes 2
# of expected failures 74
# of unresolved testcases 2
# of untested testcases 28
# of unsupported tests 386
/scratch/gcc/nightly-2006-05-14-mainline/arm-none-eabi/build_gcc/install/bin/arm-none-eabi-gcc version 4.2.0 20060514 (experimental)
Host is i686-pc-linux-gnu
=== libstdc++ tests ===
Running target arm-sim/-mthumb
WARNING: program timed out.
FAIL: 21_strings/basic_string/append/char/3.cc execution test
WARNING: program timed out.
FAIL: 21_strings/basic_string/capacity/char/18654.cc execution test
WARNING: program timed out.
FAIL: 21_strings/basic_string/cons/char/6.cc execution test
WARNING: program timed out.
FAIL: 21_strings/basic_string/inserters_extractors/char/10.cc execution test
WARNING: program timed out.
FAIL: 21_strings/basic_string/inserters_extractors/char/11.cc execution test
FAIL: 23_containers/set/modifiers/16728.cc execution test
FAIL: 26_numerics/cmath/c99_classification_macros_c.cc (test for excess errors)
FAIL: 27_io/basic_istream/extractors_arithmetic/char/12.cc execution test
WARNING: program timed out.
FAIL: 27_io/basic_istream/extractors_character/char/4.cc execution test
WARNING: program timed out.
FAIL: 27_io/basic_istream/getline/char/5.cc execution test
WARNING: program timed out.
FAIL: 27_io/basic_istream/ignore/char/2.cc execution test
WARNING: program timed out.
FAIL: 27_io/basic_stringbuf/overflow/char/1.cc execution test
WARNING: program timed out.
FAIL: 27_io/basic_stringbuf/setbuf/char/4.cc execution test
FAIL: 27_io/ios_base/sync_with_stdio/1.cc execution test
FAIL: 27_io/objects/char/10.cc execution test
FAIL: ext/rope/3.cc execution test
XPASS: ext/stdio_filebuf/char/10063-2.cc execution test
XPASS: ext/stdio_filebuf/char/10063-3.cc execution test
WARNING: program timed out.
FAIL: tr1/6_containers/unordered/hashtable/26132.cc execution test
=== libstdc++ Summary ===
# of expected passes 2698
# of unexpected failures 17
# of unexpected successes 2
# of expected failures 15
# of unsupported tests 153
Compiler version: 4.2.0 20060514 (experimental)
Platform: arm-none-eabi
configure flags: --disable-nls --build=i686-pc-linux-gnu --host=i686-pc-linux-gnu --target=arm-none-eabi --enable-languages=c,c++ --enable-shared --enable-threads --disable-libmudflap --disable-libssp --disable-libgomp --disable-libstdcxx-pch --with-gnu-as --with-gnu-ld --prefix=/opt/codesourcery --with-newlib --with-bugurl=http://gcc.gnu.org/bugs.html --with-sysroot=/opt/codesourcery/arm-none-eabi --with-build-sysroot=/scratch/gcc/nightly-2006-05-14-mainline/arm-none-eabi/build_gcc/install/arm-none-eabi --with-build-time-tools=/scratch/gcc/nightly-2006-05-14-mainline/arm-none-eabi/build_gcc/install/arm-none-eabi/bin --with-build-time-tools=/scratch/gcc/nightly-2006-05-14-mainline/arm-none-eabi/build_gcc/install/arm-none-eabi/bin