This is the mail archive of the
gcc-testresults@gcc.gnu.org
mailing list for the GCC project.
Results for 4.1.1 20060427 (prerelease) [gcc-4_1-branch revision 113320 clean] testsuite on x86_64-unknown-linux-gnu
- From: hjl at gnu-20 dot sc dot intel dot com (H.J. Lu)
- To: gcc-testresults at gcc dot gnu dot org
- Date: Thu, 27 Apr 2006 22:03:19 -0700 (PDT)
- Subject: Results for 4.1.1 20060427 (prerelease) [gcc-4_1-branch revision 113320 clean] testsuite on x86_64-unknown-linux-gnu
LAST_UPDATED: Thu Apr 27 22:46:26 UTC 2006 (revision 113320)
Native configuration is x86_64-unknown-linux-gnu
=== gcc tests ===
Running target unix/-m32
=== gcc Summary for unix/-m32 ===
# of expected passes 38238
# of expected failures 101
# of untested testcases 28
# of unsupported tests 255
Running target unix
FAIL: gcc.dg/visibility-11.c scan-assembler memcpy@PLT
=== gcc Summary for unix ===
# of expected passes 38134
# of unexpected failures 1
# of expected failures 100
# of untested testcases 28
# of unsupported tests 357
=== gcc Summary ===
# of expected passes 76372
# of unexpected failures 1
# of expected failures 201
# of untested testcases 56
# of unsupported tests 612
/export/build/gnu/gcc-4.1-blended/build-x86_64-linux/gcc/xgcc version 4.1.1 20060427 (prerelease) [gcc-4_1-branch revision 113320 clean]
=== gfortran tests ===
Running target unix/-m32
=== gfortran Summary for unix/-m32 ===
# of expected passes 12416
# of expected failures 13
# of unsupported tests 16
Running target unix
=== gfortran Summary for unix ===
# of expected passes 12413
# of expected failures 16
# of unsupported tests 16
=== gfortran Summary ===
# of expected passes 24829
# of expected failures 29
# of unsupported tests 32
/export/build/gnu/gcc-4.1-blended/build-x86_64-linux/gcc/testsuite/gfortran/../../gfortran version 4.1.1 20060427 (prerelease) [gcc-4_1-branch revision 113320 clean]
=== g++ tests ===
Running target unix/-m32
XPASS: g++.dg/tree-ssa/pr14814.C scan-tree-dump-times &this 0
=== g++ Summary for unix/-m32 ===
# of expected passes 12051
# of unexpected successes 1
# of expected failures 67
# of unsupported tests 66
Running target unix
XPASS: g++.dg/tree-ssa/pr14814.C scan-tree-dump-times &this 0
=== g++ Summary for unix ===
# of expected passes 11966
# of unexpected successes 1
# of expected failures 67
# of unsupported tests 95
=== g++ Summary ===
# of expected passes 24017
# of unexpected successes 2
# of expected failures 134
# of unsupported tests 161
/export/build/gnu/gcc-4.1-blended/build-x86_64-linux/gcc/testsuite/g++/../../g++ version 4.1.1 20060427 (prerelease) [gcc-4_1-branch revision 113320 clean]
=== objc tests ===
Running target unix/-m32
=== objc Summary for unix/-m32 ===
# of expected passes 1684
# of unsupported tests 22
Running target unix
=== objc Summary for unix ===
# of expected passes 1684
# of unsupported tests 22
=== objc Summary ===
# of expected passes 3368
# of unsupported tests 44
/export/build/gnu/gcc-4.1-blended/build-x86_64-linux/gcc/xgcc version 4.1.1 20060427 (prerelease) [gcc-4_1-branch revision 113320 clean]
=== libffi tests ===
Running target unix/-m32
=== libffi Summary for unix/-m32 ===
# of expected passes 228
# of unsupported tests 2
Running target unix
=== libffi Summary for unix ===
# of expected passes 228
# of unsupported tests 2
=== libffi Summary ===
# of expected passes 456
# of unsupported tests 4
=== libjava tests ===
Running target unix/-m32
=== libjava Summary for unix/-m32 ===
# of expected passes 4053
# of expected failures 10
# of untested testcases 8
Running target unix
=== libjava Summary for unix ===
# of expected passes 4053
# of expected failures 10
# of untested testcases 8
=== libjava Summary ===
# of expected passes 8106
# of expected failures 20
# of untested testcases 16
=== libmudflap tests ===
Running target unix/-m32
=== libmudflap Summary for unix/-m32 ===
# of expected passes 1799
Running target unix
=== libmudflap Summary for unix ===
# of expected passes 1799
=== libmudflap Summary ===
# of expected passes 3598
=== libstdc++ tests ===
Running target unix/-m32
FAIL: 22_locale/messages/members/char/1.cc execution test
FAIL: 22_locale/messages/members/char/2.cc execution test
FAIL: 22_locale/messages/members/char/wrapped_env.cc execution test
FAIL: 22_locale/messages/members/char/wrapped_locale.cc execution test
FAIL: 22_locale/messages_byname/named_equivalence.cc execution test
XPASS: 26_numerics/cmath/c99_classification_macros_c.cc (test for excess errors)
=== libstdc++ Summary for unix/-m32 ===
# of expected passes 4026
# of unexpected failures 5
# of unexpected successes 1
# of expected failures 12
# of unsupported tests 4
Running target unix
XPASS: 26_numerics/cmath/c99_classification_macros_c.cc (test for excess errors)
XPASS: 27_io/fpos/14320-1.cc execution test
=== libstdc++ Summary for unix ===
# of expected passes 4031
# of unexpected successes 2
# of expected failures 11
# of unsupported tests 4
=== libstdc++ Summary ===
# of expected passes 8057
# of unexpected failures 5
# of unexpected successes 3
# of expected failures 23
# of unsupported tests 8
Compiler version: 4.1.1 20060427 (prerelease) [gcc-4_1-branch revision 113320 clean]
Platform: x86_64-unknown-linux-gnu
configure flags: --enable-clocale=gnu --with-system-zlib --with-demangler-in-ld --enable-shared --enable-threads=posix --enable-haifa --disable-checking --prefix=/usr/gcc-4.1-blended --with-local-prefix=/usr/local --enable-languages=c,c++,fortran,java,objc