This is the mail archive of the
gcc-testresults@gcc.gnu.org
mailing list for the GCC project.
Results for 4.2.0 20060415 (experimental) testsuite on hppa2.0w-hp-hpux11.11
- From: Andreas Tobler <toa at pop dot agri dot ch>
- To: gcc-testresults at gcc dot gnu dot org
- Date: Sun, 16 Apr 2006 23:08:03 +0200
- Subject: Results for 4.2.0 20060415 (experimental) testsuite on hppa2.0w-hp-hpux11.11
LAST_UPDATED: Sat Apr 15 22:20:26 UTC 2006 (revision 112972M)
Native configuration is hppa2.0w-hp-hpux11.11
=== g++ tests ===
Running target unix
FAIL: g++.dg/eh/spbp.C (test for excess errors)
WARNING: g++.dg/eh/spbp.C compilation failed to produce executable
FAIL: g++.dg/init/ctor4.C (test for excess errors)
FAIL: g++.dg/parse/register1.C (test for excess errors)
FAIL: g++.old-deja/g++.brendan/warnings4.C (test for excess errors)
FAIL: g++.old-deja/g++.jason/overload34.C (test for excess errors)
FAIL: g++.old-deja/g++.mike/p11110.C (test for excess errors)
FAIL: g++.old-deja/g++.other/init18.C (test for excess errors)
WARNING: g++.old-deja/g++.other/init18.C compilation failed to produce executable
FAIL: g++.old-deja/g++.other/init19.C execution test
FAIL: g++.old-deja/g++.other/init5.C execution test
=== g++ Summary ===
# of expected passes 11918
# of unexpected failures 9
# of expected failures 67
# of unsupported tests 164
/src/gcc/gcc-svn/head/objdir/gcc/testsuite/g++/../../g++ version 4.2.0 20060415 (experimental)
=== gcc tests ===
Running target unix
WARNING: program timed out.
FAIL: gcc.c-torture/compile/20001226-1.c -O2 (test for excess errors)
WARNING: program timed out.
FAIL: gcc.c-torture/compile/20001226-1.c -O3 -fomit-frame-pointer (test for excess errors)
WARNING: program timed out.
FAIL: gcc.c-torture/compile/20001226-1.c -O3 -g (test for excess errors)
WARNING: program timed out.
FAIL: gcc.c-torture/compile/20001226-1.c -Os (test for excess errors)
FAIL: gcc.c-torture/compile/pr23237.c -O0 (test for excess errors)
FAIL: gcc.c-torture/compile/pr23237.c -O1 (test for excess errors)
FAIL: gcc.c-torture/compile/pr23237.c -O2 (test for excess errors)
FAIL: gcc.c-torture/compile/pr23237.c -O3 -fomit-frame-pointer (test for excess errors)
FAIL: gcc.c-torture/compile/pr23237.c -O3 -fomit-frame-pointer -funroll-loops (test for excess errors)
FAIL: gcc.c-torture/compile/pr23237.c -O3 -fomit-frame-pointer -funroll-all-loops -finline-functions (test for excess errors)
FAIL: gcc.c-torture/compile/pr23237.c -O3 -g (test for excess errors)
FAIL: gcc.c-torture/compile/pr23237.c -Os (test for excess errors)
FAIL: gcc.c-torture/execute/builtin-bitops-1.c execution, -O3 -fomit-frame-pointer -funroll-loops
FAIL: gcc.c-torture/execute/builtin-bitops-1.c execution, -O3 -fomit-frame-pointer -funroll-all-loops -finline-functions
FAIL: gcc.dg/gomp/pr25989.c (test for excess errors)
FAIL: gcc.dg/torture/pr24626-1.c -O2 (test for excess errors)
FAIL: gcc.dg/torture/pr24626-1.c -O3 -fomit-frame-pointer (test for excess errors)
FAIL: gcc.dg/torture/pr24626-1.c -O3 -g (test for excess errors)
FAIL: gcc.dg/torture/pr24626-1.c -Os (test for excess errors)
FAIL: gcc.dg/torture/pr24626-2.c -O2 (test for excess errors)
FAIL: gcc.dg/torture/pr24626-2.c -O3 -fomit-frame-pointer (test for excess errors)
FAIL: gcc.dg/torture/pr24626-2.c -O3 -g (test for excess errors)
FAIL: gcc.dg/torture/pr24626-3.c -O2 (test for excess errors)
FAIL: gcc.dg/torture/pr24626-3.c -O3 -fomit-frame-pointer (test for excess errors)
FAIL: gcc.dg/torture/pr24626-3.c -O3 -g (test for excess errors)
FAIL: gcc.dg/torture/pr24626-3.c -Os (test for excess errors)
=== gcc Summary ===
# of expected passes 37329
# of unexpected failures 26
# of expected failures 81
# of untested testcases 28
# of unsupported tests 462
/src/gcc/gcc-svn/head/objdir/gcc/xgcc version 4.2.0 20060415 (experimental)
=== libffi tests ===
Running target unix
=== libffi Summary ===
# of expected passes 1096
# of unsupported tests 8
=== libgomp tests ===
Running target unix
FAIL: libgomp.c/critical-1.c (test for excess errors)
WARNING: libgomp.c/critical-1.c compilation failed to produce executable
FAIL: libgomp.c/loop-1.c (test for excess errors)
WARNING: libgomp.c/loop-1.c compilation failed to produce executable
FAIL: libgomp.c/loop-2.c (test for excess errors)
WARNING: libgomp.c/loop-2.c compilation failed to produce executable
FAIL: libgomp.c/ordered-1.c (test for excess errors)
WARNING: libgomp.c/ordered-1.c compilation failed to produce executable
FAIL: libgomp.c/ordered-2.c (test for excess errors)
WARNING: libgomp.c/ordered-2.c compilation failed to produce executable
FAIL: libgomp.c/sections-1.c (test for excess errors)
WARNING: libgomp.c/sections-1.c compilation failed to produce executable
FAIL: libgomp.c/single-1.c (test for excess errors)
WARNING: libgomp.c/single-1.c compilation failed to produce executable
=== libgomp Summary ===
# of expected passes 300
# of unexpected failures 7
# of unsupported tests 54
=== libjava tests ===
Running target unix
FAIL: non-jls-encoding-1
FAIL: 13.1-runtime-constant-4
FAIL: 8.4.6-runtime-miranda-1
FAIL: 15.12.4.1-runtime-static-3
FAIL: non-jls-jsr41.3-runtime-1
FAIL: pr23739 execution - gij test
FAIL: Class_1 execution - source compiled test
FAIL: Class_1 execution - gij test
FAIL: Class_1 execution - bytecode->native test
FAIL: Class_1 -O3 execution - source compiled test
FAIL: Class_1 execution - gij test
FAIL: Class_1 -O3 execution - bytecode->native test
FAIL: ExtraClassLoader output - source compiled test
FAIL: ExtraClassLoader output - gij test
FAIL: ExtraClassLoader output - bytecode->native test
FAIL: ExtraClassLoader -O3 output - source compiled test
FAIL: ExtraClassLoader output - gij test
FAIL: ExtraClassLoader -O3 output - bytecode->native test
FAIL: InvokeInterface execution - gij test
FAIL: InvokeInterface execution - bytecode->native test
FAIL: InvokeInterface execution - gij test
FAIL: InvokeInterface -O3 execution - bytecode->native test
FAIL: PR12350 execution - gij test
FAIL: PR12350 execution - bytecode->native test
FAIL: PR12350 execution - gij test
FAIL: PR12350 -O3 execution - bytecode->native test
FAIL: PR12416 execution - gij test
FAIL: PR12416 execution - bytecode->native test
FAIL: PR12416 execution - gij test
FAIL: PR12416 -O3 execution - bytecode->native test
FAIL: PR260 execution - gij test
FAIL: PR260 execution - bytecode->native test
FAIL: PR260 execution - gij test
FAIL: PR260 -O3 execution - bytecode->native test
XPASS: PR26858 execution - source compiled test
XPASS: PR26858 output - source compiled test
XPASS: PR26858 execution - bytecode->native test
XPASS: PR26858 output - bytecode->native test
XPASS: PR26858 -O3 execution - source compiled test
XPASS: PR26858 -O3 output - source compiled test
XPASS: PR26858 -O3 execution - bytecode->native test
XPASS: PR26858 -O3 output - bytecode->native test
FAIL: SyncTest execution - gij test
FAIL: SyncTest execution - bytecode->native test
FAIL: SyncTest execution - gij test
FAIL: SyncTest -O3 execution - bytecode->native test
FAIL: invokethrow execution - gij test
FAIL: invokethrow execution - bytecode->native test
FAIL: invokethrow execution - gij test
FAIL: invokethrow -O3 execution - bytecode->native test
FAIL: pr179 execution - gij test
FAIL: pr179 execution - bytecode->native test
FAIL: pr179 execution - gij test
FAIL: pr179 -O3 execution - bytecode->native test
FAIL: pr21785 execution - source compiled test
FAIL: pr21785 execution - gij test
FAIL: pr21785 execution - bytecode->native test
FAIL: pr21785 -O3 execution - source compiled test
FAIL: pr21785 execution - gij test
FAIL: pr21785 -O3 execution - bytecode->native test
FAIL: pr24321 execution - gij test
FAIL: pr24321 execution - bytecode->native test
FAIL: pr24321 execution - gij test
FAIL: pr24321 -O3 execution - bytecode->native test
FAIL: pr8415 execution - gij test
FAIL: pr8415 execution - bytecode->native test
FAIL: pr8415 execution - gij test
FAIL: pr8415 -O3 execution - bytecode->native test
FAIL: stringconst2 output - source compiled test
FAIL: stringconst2 output - gij test
FAIL: stringconst2 output - bytecode->native test
FAIL: stringconst2 -O3 output - source compiled test
FAIL: stringconst2 output - gij test
FAIL: stringconst2 -O3 output - bytecode->native test
FAIL: pr21115 run
=== libjava Summary ===
# of expected passes 8202
# of unexpected failures 67
# of unexpected successes 8
# of expected failures 690
# of untested testcases 60
=== libstdc++ tests ===
Running target unix
=== libstdc++ Summary ===
# of expected passes 2743
# of expected failures 10
# of unsupported tests 159
Compiler version: 4.2.0 20060415 (experimental)
Platform: hppa2.0w-hp-hpux11.11
configure flags: --prefix=/src/gcc/gcc-svn/head/testbin --with-as=/usr/local/bin/as --with-ld=/usr/ccs/bin/ld --enable-shared --enable-threads=posix --disable-nls --disable-libmudflap --enable-libgcj --enable-libffi --enable-boehm-gc --enable-zlib --with-libiconv-prefix=/usr/local --enable-languages=c,c++,java