This is the mail archive of the
gcc-testresults@gcc.gnu.org
mailing list for the GCC project.
Results for 4.2.0-mem-ssa 20060411 (experimental) (merged 20060411) testsuite on i686-pc-linux-gnu
- From: Diego Novillo <dnovillo at redhat dot com>
- To: gcc-testresults at gcc dot gnu dot org
- Date: Sun, 16 Apr 2006 14:53:57 -0400
- Subject: Results for 4.2.0-mem-ssa 20060411 (experimental) (merged 20060411) testsuite on i686-pc-linux-gnu
LAST_UPDATED:
Native configuration is i686-pc-linux-gnu
=== g++ tests ===
Running target unix
FAIL: g++.dg/init/ctor4.C (test for excess errors)
FAIL: g++.dg/parse/register1.C (test for excess errors)
FAIL: g++.old-deja/g++.brendan/warnings4.C (test for excess errors)
FAIL: g++.old-deja/g++.jason/overload34.C (test for excess errors)
FAIL: g++.old-deja/g++.mike/p11110.C (test for excess errors)
=== g++ Summary ===
# of expected passes 12447
# of unexpected failures 5
# of expected failures 67
# of unsupported tests 69
/notnfs/dnovillo/sbox/mem-ssa/bld.toribio/gcc/testsuite/g++/../../g++ version 4.2.0-mem-ssa 20060411 (experimental) (merged 20060411)
=== gcc tests ===
Running target unix
FAIL: gcc.dg/tree-ssa/complex-4.c scan-tree-dump-times __complex__ 0
=== gcc Summary ===
# of expected passes 39311
# of unexpected failures 1
# of expected failures 112
# of untested testcases 28
# of unsupported tests 266
/notnfs/dnovillo/sbox/mem-ssa/bld.toribio/gcc/xgcc version 4.2.0-mem-ssa 20060411 (experimental) (merged 20060411)
=== gfortran tests ===
Running target unix
=== gfortran Summary ===
# of expected passes 12811
# of expected failures 15
# of unsupported tests 16
/notnfs/dnovillo/sbox/mem-ssa/bld.toribio/gcc/testsuite/gfortran/../../gfortran version 4.2.0-mem-ssa 20060411 (experimental) (merged 20060411)
=== objc tests ===
Running target unix
=== objc Summary ===
# of expected passes 1752
# of expected failures 7
# of unsupported tests 24
/notnfs/dnovillo/sbox/mem-ssa/bld.toribio/gcc/xgcc version 4.2.0-mem-ssa 20060411 (experimental) (merged 20060411)
=== libffi tests ===
Running target unix
FAIL: libffi.call/return_fl2.c execution test
FAIL: libffi.call/return_fl2.c execution test
FAIL: libffi.call/return_fl2.c execution test
FAIL: libffi.call/return_fl2.c execution test
=== libffi Summary ===
# of expected passes 1068
# of unexpected failures 4
# of unsupported tests 8
=== libgomp tests ===
Running target unix
FAIL: libgomp.fortran/threadprivate2.f90 execution test
FAIL: libgomp.fortran/threadprivate2.f90 execution test
FAIL: libgomp.fortran/threadprivate2.f90 execution test
FAIL: libgomp.fortran/threadprivate2.f90 execution test
FAIL: libgomp.fortran/threadprivate2.f90 execution test
FAIL: libgomp.fortran/threadprivate2.f90 execution test
FAIL: libgomp.fortran/threadprivate2.f90 execution test
FAIL: libgomp.fortran/threadprivate2.f90 execution test
FAIL: libgomp.fortran/threadprivate3.f90 execution test
FAIL: libgomp.fortran/threadprivate3.f90 execution test
FAIL: libgomp.fortran/threadprivate3.f90 execution test
FAIL: libgomp.fortran/threadprivate3.f90 execution test
FAIL: libgomp.fortran/threadprivate3.f90 execution test
FAIL: libgomp.fortran/threadprivate3.f90 execution test
FAIL: libgomp.fortran/threadprivate3.f90 execution test
FAIL: libgomp.fortran/threadprivate3.f90 execution test
=== libgomp Summary ===
# of expected passes 1360
# of unexpected failures 16
=== libjava tests ===
Running target unix
FAIL: LargeFile execution - source compiled test
FAIL: LargeFile execution - gij test
FAIL: LargeFile execution - bytecode->native test
FAIL: LargeFile -O3 execution - source compiled test
FAIL: LargeFile execution - gij test
FAIL: LargeFile -O3 execution - bytecode->native test
XPASS: PR26858 execution - source compiled test
XPASS: PR26858 output - source compiled test
XPASS: PR26858 execution - bytecode->native test
XPASS: PR26858 output - bytecode->native test
XPASS: PR26858 -O3 execution - source compiled test
XPASS: PR26858 -O3 output - source compiled test
XPASS: PR26858 -O3 execution - bytecode->native test
XPASS: PR26858 -O3 output - bytecode->native test
=== libjava Summary ===
# of expected passes 4119
# of unexpected failures 6
# of unexpected successes 8
# of expected failures 12
# of untested testcases 16
=== libmudflap tests ===
Running target unix
=== libmudflap Summary ===
# of expected passes 1789
=== libstdc++ tests ===
Running target unix
XPASS: 26_numerics/cmath/c99_classification_macros_c.cc (test for excess errors)
=== libstdc++ Summary ===
# of expected passes 1629
# of unexpected successes 1
# of expected failures 6
Compiler version: 4.2.0-mem-ssa 20060411 (experimental) (merged 20060411)
Platform: i686-pc-linux-gnu
configure flags: --prefix=/home/cygnus/dnovillo/perf/sbox/mem-ssa/local.i686/inst.toribio --srcdir=/home/cygnus/dnovillo/perf/sbox/mem-ssa/local.i686/src --enable-mpfr --with-gmp=/home/cygnus/dnovillo/i686 --disable-checking --enable-languages=c,c++,fortran,java,objc