This is the mail archive of the
gcc-testresults@gcc.gnu.org
mailing list for the GCC project.
Results for 4.2.0 20060415 (experimental) [trunk revision 112968 clean] testsuite on i686-pc-linux-gnu
- From: hjl at gnu-67 dot sc dot intel dot com (H.J. Lu)
- To: gcc-testresults at gcc dot gnu dot org
- Date: Sun, 16 Apr 2006 11:09:55 -0700 (PDT)
- Subject: Results for 4.2.0 20060415 (experimental) [trunk revision 112968 clean] testsuite on i686-pc-linux-gnu
LAST_UPDATED: Sat Apr 15 14:57:38 UTC 2006 (revision 112968)
Native configuration is i686-pc-linux-gnu
=== gcc tests ===
Running target unix
FAIL: gcc.dg/gomp/pr25989.c (test for excess errors)
FAIL: gcc.target/i386/sselibm-2.c scan-assembler __libm_sse2_sinf
FAIL: gcc.target/i386/sselibm-5.c (test for excess errors)
ERROR: gcc.target/i386/sselibm-5.c: error executing dg-final: couldn't open "sselibm-5.s": no such file or directory
UNRESOLVED: gcc.target/i386/sselibm-5.c: error executing dg-final: couldn't open "sselibm-5.s": no such file or directory
=== gcc Summary ===
# of expected passes 39311
# of unexpected failures 3
# of expected failures 112
# of unresolved testcases 1
# of untested testcases 28
# of unsupported tests 267
/export/build/gnu/gcc/build-i686-linux/gcc/xgcc version 4.2.0 20060415 (experimental) [trunk revision 112968 clean]
=== gfortran tests ===
Running target unix
=== gfortran Summary ===
# of expected passes 12822
# of expected failures 15
# of unsupported tests 16
/export/build/gnu/gcc/build-i686-linux/gcc/testsuite/gfortran/../../gfortran version 4.2.0 20060415 (experimental) [trunk revision 112968 clean]
=== g++ tests ===
Running target unix
FAIL: g++.dg/init/ctor4.C (test for excess errors)
FAIL: g++.dg/parse/register1.C (test for excess errors)
FAIL: g++.old-deja/g++.brendan/warnings4.C (test for excess errors)
FAIL: g++.old-deja/g++.jason/overload34.C (test for excess errors)
FAIL: g++.old-deja/g++.mike/p11110.C (test for excess errors)
=== g++ Summary ===
# of expected passes 12458
# of unexpected failures 5
# of expected failures 67
# of unsupported tests 69
/export/build/gnu/gcc/build-i686-linux/gcc/testsuite/g++/../../g++ version 4.2.0 20060415 (experimental) [trunk revision 112968 clean]
=== objc tests ===
Running target unix
=== objc Summary ===
# of expected passes 1752
# of expected failures 7
# of unsupported tests 24
/export/build/gnu/gcc/build-i686-linux/gcc/xgcc version 4.2.0 20060415 (experimental) [trunk revision 112968 clean]
=== libffi tests ===
Running target unix
FAIL: libffi.call/return_fl2.c execution test
FAIL: libffi.call/return_fl2.c execution test
FAIL: libffi.call/return_fl2.c execution test
FAIL: libffi.call/return_fl2.c execution test
=== libffi Summary ===
# of expected passes 1068
# of unexpected failures 4
# of unsupported tests 8
=== libgomp tests ===
Running target unix
=== libgomp Summary ===
# of expected passes 1376
=== libjava tests ===
Running target unix
XPASS: PR26858 execution - source compiled test
XPASS: PR26858 output - source compiled test
XPASS: PR26858 execution - bytecode->native test
XPASS: PR26858 output - bytecode->native test
XPASS: PR26858 -O3 execution - source compiled test
XPASS: PR26858 -O3 output - source compiled test
XPASS: PR26858 -O3 execution - bytecode->native test
XPASS: PR26858 -O3 output - bytecode->native test
=== libjava Summary ===
# of expected passes 4131
# of unexpected successes 8
# of expected failures 12
# of untested testcases 10
=== libmudflap tests ===
Running target unix
=== libmudflap Summary ===
# of expected passes 1789
=== libstdc++ tests ===
Running target unix
XPASS: 26_numerics/cmath/c99_classification_macros_c.cc (test for excess errors)
=== libstdc++ Summary ===
# of expected passes 1649
# of unexpected successes 1
# of expected failures 6
Compiler version: 4.2.0 20060415 (experimental) [trunk revision 112968 clean]
Platform: i686-pc-linux-gnu
configure flags: --enable-clocale=gnu --with-system-zlib --with-demangler-in-ld --enable-shared --enable-threads=posix --enable-haifa --enable-checking=assert --prefix=/usr/gcc-4.2 --with-local-prefix=/usr/local --enable-languages=c,c++,fortran,java,objc