This is the mail archive of the
gcc-testresults@gcc.gnu.org
mailing list for the GCC project.
Results for 3.3.6 testsuite on i686-pc-linux-gnu
- From: Steven Velez <svelez at roamer3>
- To: gcc-testresults at gcc dot gnu dot org
- Date: Thu, 13 Apr 2006 16:17:12 -0400
- Subject: Results for 3.3.6 testsuite on i686-pc-linux-gnu
Test suite for gcc 3.3.6 on Fedora Core 5
LAST_UPDATED:
Native configuration is i686-pc-linux-gnu
=== g77 tests ===
Running target unix
=== g77 Summary ===
# of expected passes 1736
/home/svelez/src/gcc-out/gcc/testsuite/../g77 version 3.3.6
=== gcc tests ===
Running target unix
FAIL: gcc.c-torture/execute/20000822-1.c execution, -O0
FAIL: gcc.c-torture/execute/20000822-1.c execution, -O1
FAIL: gcc.c-torture/execute/20000822-1.c execution, -O2
FAIL: gcc.c-torture/execute/20000822-1.c execution, -O3 -fomit-frame-pointer
FAIL: gcc.c-torture/execute/20000822-1.c execution, -O3 -g
FAIL: gcc.c-torture/execute/20000822-1.c execution, -Os
FAIL: gcc.c-torture/execute/921215-1.c execution, -O0
FAIL: gcc.c-torture/execute/921215-1.c execution, -O1
FAIL: gcc.c-torture/execute/921215-1.c execution, -O2
FAIL: gcc.c-torture/execute/921215-1.c execution, -O3 -fomit-frame-pointer
FAIL: gcc.c-torture/execute/921215-1.c execution, -O3 -g
FAIL: gcc.c-torture/execute/921215-1.c execution, -Os
FAIL: gcc.c-torture/execute/931002-1.c execution, -O0
FAIL: gcc.c-torture/execute/931002-1.c execution, -O1
FAIL: gcc.c-torture/execute/931002-1.c execution, -O2
FAIL: gcc.c-torture/execute/931002-1.c execution, -O3 -fomit-frame-pointer
FAIL: gcc.c-torture/execute/931002-1.c execution, -O3 -g
FAIL: gcc.c-torture/execute/931002-1.c execution, -Os
FAIL: gcc.c-torture/execute/nestfunc-1.c execution, -O0
FAIL: gcc.c-torture/execute/nestfunc-1.c execution, -O1
FAIL: gcc.c-torture/execute/nestfunc-1.c execution, -O2
FAIL: gcc.c-torture/execute/nestfunc-1.c execution, -O3 -fomit-frame-pointer
FAIL: gcc.c-torture/execute/nestfunc-1.c execution, -O3 -g
FAIL: gcc.c-torture/execute/nestfunc-1.c execution, -Os
FAIL: gcc.c-torture/execute/nestfunc-2.c execution, -O0
FAIL: gcc.c-torture/execute/nestfunc-2.c execution, -O1
FAIL: gcc.c-torture/execute/nestfunc-2.c execution, -O2
FAIL: gcc.c-torture/execute/nestfunc-2.c execution, -O3 -fomit-frame-pointer
FAIL: gcc.c-torture/execute/nestfunc-2.c execution, -O3 -fomit-frame-pointer -funroll-loops
FAIL: gcc.c-torture/execute/nestfunc-2.c execution, -O3 -fomit-frame-pointer -funroll-all-loops -finline-functions
FAIL: gcc.c-torture/execute/nestfunc-2.c execution, -O3 -g
FAIL: gcc.c-torture/execute/nestfunc-2.c execution, -Os
FAIL: gcc.c-torture/execute/nestfunc-3.c execution, -O0
FAIL: gcc.c-torture/execute/nestfunc-3.c execution, -O1
FAIL: gcc.c-torture/execute/nestfunc-3.c execution, -O2
FAIL: gcc.c-torture/execute/nestfunc-3.c execution, -O3 -fomit-frame-pointer
FAIL: gcc.c-torture/execute/nestfunc-3.c execution, -O3 -fomit-frame-pointer -funroll-loops
FAIL: gcc.c-torture/execute/nestfunc-3.c execution, -O3 -fomit-frame-pointer -funroll-all-loops -finline-functions
FAIL: gcc.c-torture/execute/nestfunc-3.c execution, -O3 -g
FAIL: gcc.c-torture/execute/nestfunc-3.c execution, -Os
FAIL: gcc.dg/duff-2.c (test for excess errors)
FAIL: gcc.dg/trampoline-1.c execution test
=== gcc Summary ===
# of expected passes 21447
# of unexpected failures 42
# of expected failures 69
# of unsupported tests 101
/home/svelez/src/gcc-out/gcc/xgcc version 3.3.6
=== g++ tests ===
Running target unix
=== g++ Summary ===
# of expected passes 8264
# of expected failures 98
# of untested testcases 9
# of unsupported tests 15
/home/svelez/src/gcc-out/gcc/testsuite/../g++ version 3.3.6
=== objc tests ===
Running target unix
=== objc Summary ===
# of expected passes 1166
/home/svelez/src/gcc-out/gcc/xgcc version 3.3.6
=== libjava tests ===
Running target unix
=== libjava Summary ===
# of expected passes 2991
# of expected failures 16
# of untested testcases 12
=== libstdc++-v3 check-abi Summary ===
# of added symbols: 51
# of missing symbols: 0
# of incompatible symbols: 0
using: /home/svelez/src/gcc/libstdc++-v3/config/abi/i486-linux-gnu/baseline_symbols.txt
=== libstdc++-v3 tests ===
Running target unix
XPASS: 22_locale/collate_byname.cc execution test
XPASS: 22_locale/collate_members_char.cc execution test
XPASS: 22_locale/collate_members_wchar_t.cc execution test
XPASS: 22_locale/ctype_is_char.cc execution test
XPASS: 22_locale/ctype_is_wchar_t.cc execution test
FAIL: 22_locale/ctype_narrow_wchar_t.cc execution test
FAIL: 22_locale/ctype_widen_wchar_t.cc execution test
XPASS: 22_locale/members.cc execution test
XPASS: 22_locale/messages_byname.cc execution test
XPASS: 22_locale/messages_members_char.cc execution test
XPASS: 22_locale/money_get_members_char.cc execution test
XPASS: 22_locale/money_put_members_char.cc execution test
XPASS: 22_locale/moneypunct_byname.cc execution test
XPASS: 22_locale/moneypunct_members_char.cc execution test
XPASS: 22_locale/moneypunct_members_wchar_t.cc execution test
XPASS: 22_locale/num_get_members_char.cc execution test
XPASS: 22_locale/num_put_members_char.cc execution test
XPASS: 22_locale/numpunct_byname.cc execution test
XPASS: 22_locale/numpunct_members_char.cc execution test
XPASS: 22_locale/numpunct_members_wchar_t.cc execution test
XPASS: 22_locale/time_get_members_char.cc execution test
XPASS: 22_locale/time_put_members_char.cc execution test
FAIL: 27_io/ostream_inserter_arith.cc execution test
FAIL: 27_io/ostream_inserter_char.cc execution test
FAIL: 27_io/wide_stream_objects.cc execution test
=== libstdc++-v3 Summary ===
# of expected passes 448
# of unexpected failures 5
# of unexpected successes 20
# of expected failures 8
Compiler version: 3.3.6
Platform: i686-pc-linux-gnu
configure flags: --host=i686-pc-linux-gnu --prefix=/home/svelez/gcc-3.3