This is the mail archive of the
gcc-testresults@gcc.gnu.org
mailing list for the GCC project.
Results for 4.1.0 (Debian 4.1.0-2) testsuite on i486-pc-linux-gnu
- From: Matthias Klose <doko at debian dot org>
- To: gcc-testresults at gcc dot gnu dot org
- Cc: debian-gcc at lists dot debian dot org
- Date: Sat, 08 Apr 2006 17:54:09 -0600
- Subject: Results for 4.1.0 (Debian 4.1.0-2) testsuite on i486-pc-linux-gnu
- Reply-to: Matthias Klose <doko at debian dot org>
LAST_UPDATED: Obtained from SVN: tags/gcc_4_1_0_release revision 111560
=== acats tests ===
=== acats Summary ===
# of expected passes 2316
# of unexpected failures 0
Native configuration is i486-pc-linux-gnu
=== g++ tests ===
Running target unix
XPASS: g++.dg/tree-ssa/pr14814.C scan-tree-dump-times &this 0
XPASS: g++.old-deja/g++.other/init5.C execution test
=== g++ Summary for unix ===
# of expected passes 12006
# of unexpected successes 2
# of expected failures 66
# of unsupported tests 66
Running target unix/-march=i686
FAIL: g++.dg/other/i386-1.C (test for excess errors)
WARNING: g++.dg/other/i386-1.C compilation failed to produce executable
XPASS: g++.dg/tree-ssa/pr14814.C scan-tree-dump-times &this 0
XPASS: g++.old-deja/g++.other/init5.C execution test
=== g++ Summary for unix/-march=i686 ===
# of expected passes 12004
# of unexpected failures 1
# of unexpected successes 2
# of expected failures 66
# of unsupported tests 66
Running target unix/-m64
XPASS: g++.dg/tree-ssa/pr14814.C scan-tree-dump-times &this 0
XPASS: g++.old-deja/g++.other/init5.C execution test
=== g++ Summary for unix/-m64 ===
# of expected passes 11894
# of unexpected successes 2
# of expected failures 66
# of unsupported tests 107
=== g++ Summary ===
# of expected passes 35904
# of unexpected failures 1
# of unexpected successes 6
# of expected failures 198
# of unsupported tests 239
/home/packages/gcc/4.1/gcc-4.1-4.1.0/build/gcc/testsuite/../g++ version 4.1.0 (Debian 4.1.0-2)
=== gcc tests ===
Running target unix
FAIL: gcc.dg/cleanup-10.c execution test
FAIL: gcc.dg/cleanup-11.c execution test
FAIL: gcc.dg/cleanup-8.c execution test
FAIL: gcc.dg/cleanup-9.c execution test
FAIL: gcc.dg/vect/pr20122.c scan-tree-dump-times vectorized 1 loops 2
=== gcc Summary for unix ===
# of expected passes 38204
# of unexpected failures 5
# of expected failures 101
# of untested testcases 28
# of unsupported tests 243
Running target unix/-march=i686
FAIL: gcc.dg/20020122-2.c (test for excess errors)
FAIL: gcc.dg/cleanup-10.c execution test
FAIL: gcc.dg/cleanup-11.c execution test
FAIL: gcc.dg/cleanup-8.c execution test
FAIL: gcc.dg/cleanup-9.c execution test
FAIL: gcc.dg/vect/pr20122.c scan-tree-dump-times vectorized 1 loops 2
FAIL: gcc.misc-tests/i386-pf-sse-1.c -march=pentium3 scan-assembler prefetchnta
FAIL: gcc.misc-tests/i386-pf-sse-1.c -march=pentium3 scan-assembler prefetcht0
FAIL: gcc.misc-tests/i386-pf-sse-1.c -march=pentium3 scan-assembler prefetcht1
FAIL: gcc.misc-tests/i386-pf-sse-1.c -march=pentium3 scan-assembler prefetcht2
FAIL: gcc.misc-tests/i386-pf-sse-1.c -march=pentium3m scan-assembler prefetchnta
FAIL: gcc.misc-tests/i386-pf-sse-1.c -march=pentium3m scan-assembler prefetcht0
FAIL: gcc.misc-tests/i386-pf-sse-1.c -march=pentium3m scan-assembler prefetcht1
FAIL: gcc.misc-tests/i386-pf-sse-1.c -march=pentium3m scan-assembler prefetcht2
FAIL: gcc.misc-tests/i386-pf-sse-1.c -march=pentium-m scan-assembler prefetchnta
FAIL: gcc.misc-tests/i386-pf-sse-1.c -march=pentium-m scan-assembler prefetcht0
FAIL: gcc.misc-tests/i386-pf-sse-1.c -march=pentium-m scan-assembler prefetcht1
FAIL: gcc.misc-tests/i386-pf-sse-1.c -march=pentium-m scan-assembler prefetcht2
FAIL: gcc.misc-tests/i386-pf-sse-1.c -march=pentium4 scan-assembler prefetchnta
FAIL: gcc.misc-tests/i386-pf-sse-1.c -march=pentium4 scan-assembler prefetcht0
FAIL: gcc.misc-tests/i386-pf-sse-1.c -march=pentium4 scan-assembler prefetcht1
FAIL: gcc.misc-tests/i386-pf-sse-1.c -march=pentium4 scan-assembler prefetcht2
FAIL: gcc.misc-tests/i386-pf-sse-1.c -march=pentium4m scan-assembler prefetchnta
FAIL: gcc.misc-tests/i386-pf-sse-1.c -march=pentium4m scan-assembler prefetcht0
FAIL: gcc.misc-tests/i386-pf-sse-1.c -march=pentium4m scan-assembler prefetcht1
FAIL: gcc.misc-tests/i386-pf-sse-1.c -march=pentium4m scan-assembler prefetcht2
FAIL: gcc.misc-tests/i386-pf-sse-1.c -march=prescott scan-assembler prefetchnta
FAIL: gcc.misc-tests/i386-pf-sse-1.c -march=prescott scan-assembler prefetcht0
FAIL: gcc.misc-tests/i386-pf-sse-1.c -march=prescott scan-assembler prefetcht1
FAIL: gcc.misc-tests/i386-pf-sse-1.c -march=prescott scan-assembler prefetcht2
FAIL: gcc.misc-tests/i386-pf-sse-1.c -march=c3-2 scan-assembler prefetchnta
FAIL: gcc.misc-tests/i386-pf-sse-1.c -march=c3-2 scan-assembler prefetcht0
FAIL: gcc.misc-tests/i386-pf-sse-1.c -march=c3-2 scan-assembler prefetcht1
FAIL: gcc.misc-tests/i386-pf-sse-1.c -march=c3-2 scan-assembler prefetcht2
FAIL: gcc.misc-tests/i386-pf-3dnow-1.c -march=c3 scan-assembler prefetch
FAIL: gcc.misc-tests/i386-pf-3dnow-1.c -march=c3 scan-assembler prefetchw
FAIL: gcc.misc-tests/i386-pf-3dnow-1.c -march=k6-2 scan-assembler prefetch
FAIL: gcc.misc-tests/i386-pf-3dnow-1.c -march=k6-2 scan-assembler prefetchw
FAIL: gcc.misc-tests/i386-pf-3dnow-1.c -march=k6-3 scan-assembler prefetch
FAIL: gcc.misc-tests/i386-pf-3dnow-1.c -march=k6-3 scan-assembler prefetchw
FAIL: gcc.misc-tests/i386-pf-athlon-1.c -march=athlon scan-assembler prefetchw
FAIL: gcc.misc-tests/i386-pf-athlon-1.c -march=athlon scan-assembler prefetchnta
FAIL: gcc.misc-tests/i386-pf-athlon-1.c -march=athlon scan-assembler prefetcht
FAIL: gcc.misc-tests/i386-pf-athlon-1.c -march=athlon-4 scan-assembler prefetchw
FAIL: gcc.misc-tests/i386-pf-athlon-1.c -march=athlon-4 scan-assembler prefetchnta
FAIL: gcc.misc-tests/i386-pf-athlon-1.c -march=athlon-4 scan-assembler prefetcht
FAIL: gcc.target/i386/387-1.c scan-assembler call\\t_?sin
FAIL: gcc.target/i386/387-1.c scan-assembler call\\t_?cos
FAIL: gcc.target/i386/387-1.c scan-assembler call\\t_?sqrt
FAIL: gcc.target/i386/387-1.c scan-assembler call\\t_?atan2
FAIL: gcc.target/i386/387-1.c scan-assembler call\\t_?log
FAIL: gcc.target/i386/387-1.c scan-assembler call\\t_?exp
FAIL: gcc.target/i386/387-1.c scan-assembler call\\t_?tan
FAIL: gcc.target/i386/387-1.c scan-assembler call\\t_?fmod
FAIL: gcc.target/i386/387-5.c scan-assembler call\\t_?atan
FAIL: gcc.target/i386/387-5.c scan-assembler call\\t_?log1p
FAIL: gcc.target/i386/387-5.c scan-assembler call\\t_?drem
FAIL: gcc.target/i386/cmov1.c scan-assembler sar[^\\\\n]*magic_namec
FAIL: gcc.target/i386/cmov1.c scan-assembler shr[^\\\\n]*magic_namef
FAIL: gcc.target/i386/compress-float-sse-pic.c (test for excess errors)
FAIL: gcc.target/i386/compress-float-sse-pic.c scan-assembler movsd
FAIL: gcc.target/i386/compress-float-sse.c (test for excess errors)
FAIL: gcc.target/i386/compress-float-sse.c scan-assembler movsd
FAIL: gcc.target/i386/cvt-1.c (test for excess errors)
FAIL: gcc.target/i386/cvt-1.c scan-assembler cvttsd2si[^\\\\n]*xmm
FAIL: gcc.target/i386/cvt-1.c scan-assembler cvttss2si[^\\\\n]*xmm
FAIL: gcc.target/i386/fpcvt-4.c (test for excess errors)
FAIL: gcc.target/i386/fpcvt-4.c scan-assembler cvtsi2sd
FAIL: gcc.target/i386/mul.c scan-assembler and[^\\\\n]*magic
FAIL: gcc.target/i386/pr12092-1.c (test for excess errors)
FAIL: gcc.target/i386/pr21101.c (test for excess errors)
=== gcc Summary for unix/-march=i686 ===
# of expected passes 38138
# of unexpected failures 71
# of expected failures 101
# of untested testcases 28
# of unsupported tests 243
Running target unix/-m64
FAIL: gcc.dg/tree-ssa/gen-vect-11b.c scan-tree-dump-times vectorized 0 loops 1
FAIL: gcc.dg/tree-ssa/gen-vect-11c.c scan-tree-dump-times vectorized 0 loops 1
FAIL: gcc.misc-tests/linkage.c link
FAIL: gcc.target/i386/asm-1.c (test for errors, line 4)
FAIL: gcc.target/i386/compress-float-387-pic.c (test for excess errors)
ERROR: gcc.target/i386/compress-float-387-pic.c: error executing dg-final: couldn't open "compress-float-387-pic.s": no such file or directory
UNRESOLVED: gcc.target/i386/compress-float-387-pic.c: error executing dg-final: couldn't open "compress-float-387-pic.s": no such file or directory
FAIL: gcc.target/i386/compress-float-387.c (test for excess errors)
ERROR: gcc.target/i386/compress-float-387.c: error executing dg-final: couldn't open "compress-float-387.s": no such file or directory
UNRESOLVED: gcc.target/i386/compress-float-387.c: error executing dg-final: couldn't open "compress-float-387.s": no such file or directory
FAIL: gcc.target/i386/compress-float-sse-pic.c (test for excess errors)
ERROR: gcc.target/i386/compress-float-sse-pic.c: error executing dg-final: couldn't open "compress-float-sse-pic.s": no such file or directory
UNRESOLVED: gcc.target/i386/compress-float-sse-pic.c: error executing dg-final: couldn't open "compress-float-sse-pic.s": no such file or directory
FAIL: gcc.target/i386/compress-float-sse.c (test for excess errors)
ERROR: gcc.target/i386/compress-float-sse.c: error executing dg-final: couldn't open "compress-float-sse.s": no such file or directory
UNRESOLVED: gcc.target/i386/compress-float-sse.c: error executing dg-final: couldn't open "compress-float-sse.s": no such file or directory
=== gcc Summary for unix/-m64 ===
# of expected passes 38066
# of unexpected failures 8
# of expected failures 100
# of unresolved testcases 4
# of untested testcases 28
# of unsupported tests 357
=== gcc Summary ===
# of expected passes 114408
# of unexpected failures 84
# of expected failures 302
# of unresolved testcases 4
# of untested testcases 84
# of unsupported tests 843
/home/packages/gcc/4.1/gcc-4.1-4.1.0/build/gcc/xgcc version 4.1.0 (Debian 4.1.0-2)
=== gfortran tests ===
Running target unix
=== gfortran Summary for unix ===
# of expected passes 11639
# of expected failures 15
# of unsupported tests 24
Running target unix/-march=i686
=== gfortran Summary for unix/-march=i686 ===
# of expected passes 11639
# of expected failures 15
# of unsupported tests 24
Running target unix/-m64
FAIL: gfortran.dg/enum_2.f90 -O (test for errors, line 9)
FAIL: gfortran.dg/enum_2.f90 -O (test for errors, line 12)
FAIL: gfortran.dg/enum_2.f90 -O (test for excess errors)
=== gfortran Summary for unix/-m64 ===
# of expected passes 11649
# of unexpected failures 3
# of expected failures 18
# of unsupported tests 16
=== gfortran Summary ===
# of expected passes 34927
# of unexpected failures 3
# of expected failures 48
# of unsupported tests 64
/home/packages/gcc/4.1/gcc-4.1-4.1.0/build/gcc/testsuite/../gfortran version 4.1.0 (Debian 4.1.0-2)
=== obj-c++ tests ===
Running target unix
FAIL: obj-c++.dg/cxx-ivars-2.mm execution test
FAIL: obj-c++.dg/encode-8.mm execution test
FAIL: obj-c++.dg/isa-field-1.mm (test for excess errors)
FAIL: obj-c++.dg/lookup-2.mm (test for excess errors)
WARNING: obj-c++.dg/lookup-2.mm compilation failed to produce executable
FAIL: obj-c++.dg/try-catch-2.mm (test for excess errors)
WARNING: obj-c++.dg/try-catch-2.mm compilation failed to produce executable
FAIL: obj-c++.dg/try-catch-9.mm (test for excess errors)
WARNING: obj-c++.dg/try-catch-9.mm compilation failed to produce executable
=== obj-c++ Summary for unix ===
# of expected passes 423
# of unexpected failures 6
# of unsupported tests 13
Running target unix/-march=i686
FAIL: obj-c++.dg/cxx-ivars-2.mm execution test
FAIL: obj-c++.dg/encode-8.mm execution test
FAIL: obj-c++.dg/isa-field-1.mm (test for excess errors)
FAIL: obj-c++.dg/lookup-2.mm (test for excess errors)
WARNING: obj-c++.dg/lookup-2.mm compilation failed to produce executable
FAIL: obj-c++.dg/try-catch-2.mm (test for excess errors)
WARNING: obj-c++.dg/try-catch-2.mm compilation failed to produce executable
FAIL: obj-c++.dg/try-catch-9.mm (test for excess errors)
WARNING: obj-c++.dg/try-catch-9.mm compilation failed to produce executable
=== obj-c++ Summary for unix/-march=i686 ===
# of expected passes 423
# of unexpected failures 6
# of unsupported tests 13
Running target unix/-m64
FAIL: obj-c++.dg/bitfield-1.mm (test for excess errors)
FAIL: obj-c++.dg/bitfield-4.mm (test for excess errors)
FAIL: obj-c++.dg/cxx-ivars-2.mm execution test
FAIL: obj-c++.dg/encode-3.mm execution test
FAIL: obj-c++.dg/encode-8.mm execution test
FAIL: obj-c++.dg/isa-field-1.mm (test for excess errors)
FAIL: obj-c++.dg/layout-1.mm (test for excess errors)
FAIL: obj-c++.dg/lookup-2.mm (test for excess errors)
WARNING: obj-c++.dg/lookup-2.mm compilation failed to produce executable
FAIL: obj-c++.dg/try-catch-2.mm (test for excess errors)
WARNING: obj-c++.dg/try-catch-2.mm compilation failed to produce executable
FAIL: obj-c++.dg/try-catch-9.mm (test for excess errors)
WARNING: obj-c++.dg/try-catch-9.mm compilation failed to produce executable
=== obj-c++ Summary for unix/-m64 ===
# of expected passes 419
# of unexpected failures 10
# of unsupported tests 13
=== obj-c++ Summary ===
# of expected passes 1265
# of unexpected failures 22
# of unsupported tests 39
/home/packages/gcc/4.1/gcc-4.1-4.1.0/build/gcc/testsuite/../g++ version 4.1.0 (Debian 4.1.0-2)
=== objc tests ===
Running target unix
=== objc Summary for unix ===
# of expected passes 1684
# of unsupported tests 22
Running target unix/-march=i686
=== objc Summary for unix/-march=i686 ===
# of expected passes 1684
# of unsupported tests 22
Running target unix/-m64
=== objc Summary for unix/-m64 ===
# of expected passes 1684
# of unsupported tests 22
=== objc Summary ===
# of expected passes 5052
# of unsupported tests 66
/home/packages/gcc/4.1/gcc-4.1-4.1.0/build/gcc/xgcc version 4.1.0 (Debian 4.1.0-2)
=== libffi tests ===
Running target unix
=== libffi Summary for unix ===
# of expected passes 228
# of unsupported tests 2
Running target unix/-march=i686
=== libffi Summary for unix/-march=i686 ===
# of expected passes 228
# of unsupported tests 2
Running target unix/-m64
=== libffi Summary for unix/-m64 ===
# of expected passes 228
# of unsupported tests 2
=== libffi Summary ===
# of expected passes 684
# of unsupported tests 6
=== libmudflap tests ===
Running target unix
FAIL: libmudflap.cth/pass37-frag.c (-static -DSTATIC) execution test
FAIL: libmudflap.cth/pass37-frag.c (-static -DSTATIC) output pattern test
FAIL: libmudflap.cth/pass37-frag.c (-static -DSTATIC) (rerun 1) execution test
FAIL: libmudflap.cth/pass37-frag.c (-static -DSTATIC) (rerun 1) output pattern test
FAIL: libmudflap.cth/pass37-frag.c (-static -DSTATIC) (rerun 2) execution test
FAIL: libmudflap.cth/pass37-frag.c (-static -DSTATIC) (rerun 2) output pattern test
FAIL: libmudflap.cth/pass37-frag.c (-static -DSTATIC) (rerun 3) execution test
FAIL: libmudflap.cth/pass37-frag.c (-static -DSTATIC) (rerun 3) output pattern test
FAIL: libmudflap.cth/pass37-frag.c (-static -DSTATIC) (rerun 4) execution test
FAIL: libmudflap.cth/pass37-frag.c (-static -DSTATIC) (rerun 4) output pattern test
FAIL: libmudflap.cth/pass37-frag.c (-static -DSTATIC) (rerun 5) execution test
FAIL: libmudflap.cth/pass37-frag.c (-static -DSTATIC) (rerun 5) output pattern test
FAIL: libmudflap.cth/pass37-frag.c (-static -DSTATIC) (rerun 6) execution test
FAIL: libmudflap.cth/pass37-frag.c (-static -DSTATIC) (rerun 6) output pattern test
FAIL: libmudflap.cth/pass37-frag.c (-static -DSTATIC) (rerun 7) execution test
FAIL: libmudflap.cth/pass37-frag.c (-static -DSTATIC) (rerun 7) output pattern test
FAIL: libmudflap.cth/pass37-frag.c (-static -DSTATIC) (rerun 8) execution test
FAIL: libmudflap.cth/pass37-frag.c (-static -DSTATIC) (rerun 8) output pattern test
FAIL: libmudflap.cth/pass37-frag.c (-static -DSTATIC) (rerun 9) execution test
FAIL: libmudflap.cth/pass37-frag.c (-static -DSTATIC) (rerun 9) output pattern test
FAIL: libmudflap.cth/pass37-frag.c (-static -DSTATIC) (rerun 10) execution test
FAIL: libmudflap.cth/pass37-frag.c (-static -DSTATIC) (rerun 10) output pattern test
FAIL: libmudflap.cth/pass37-frag.c (-static -DSTATIC) (rerun 11) execution test
FAIL: libmudflap.cth/pass37-frag.c (-static -DSTATIC) (rerun 11) output pattern test
FAIL: libmudflap.cth/pass37-frag.c (-static -DSTATIC) (rerun 12) execution test
FAIL: libmudflap.cth/pass37-frag.c (-static -DSTATIC) (rerun 12) output pattern test
FAIL: libmudflap.cth/pass37-frag.c (-static -DSTATIC) (rerun 13) execution test
FAIL: libmudflap.cth/pass37-frag.c (-static -DSTATIC) (rerun 13) output pattern test
FAIL: libmudflap.cth/pass37-frag.c (-static -DSTATIC) (rerun 14) execution test
FAIL: libmudflap.cth/pass37-frag.c (-static -DSTATIC) (rerun 14) output pattern test
FAIL: libmudflap.cth/pass37-frag.c (-static -DSTATIC) (rerun 15) execution test
FAIL: libmudflap.cth/pass37-frag.c (-static -DSTATIC) (rerun 15) output pattern test
FAIL: libmudflap.cth/pass37-frag.c (-static -DSTATIC) (rerun 16) execution test
FAIL: libmudflap.cth/pass37-frag.c (-static -DSTATIC) (rerun 16) output pattern test
FAIL: libmudflap.cth/pass37-frag.c (-static -DSTATIC) (rerun 17) execution test
FAIL: libmudflap.cth/pass37-frag.c (-static -DSTATIC) (rerun 17) output pattern test
FAIL: libmudflap.cth/pass37-frag.c (-static -DSTATIC) (rerun 18) execution test
FAIL: libmudflap.cth/pass37-frag.c (-static -DSTATIC) (rerun 18) output pattern test
FAIL: libmudflap.cth/pass37-frag.c (-static -DSTATIC) (rerun 19) execution test
FAIL: libmudflap.cth/pass37-frag.c (-static -DSTATIC) (rerun 19) output pattern test
FAIL: libmudflap.cth/pass39-frag.c (-static -DSTATIC) execution test
FAIL: libmudflap.cth/pass39-frag.c (-static -DSTATIC) output pattern test
FAIL: libmudflap.cth/pass39-frag.c (-static -DSTATIC) (rerun 1) execution test
FAIL: libmudflap.cth/pass39-frag.c (-static -DSTATIC) (rerun 1) output pattern test
FAIL: libmudflap.cth/pass39-frag.c (-static -DSTATIC) (rerun 2) execution test
FAIL: libmudflap.cth/pass39-frag.c (-static -DSTATIC) (rerun 2) output pattern test
FAIL: libmudflap.cth/pass39-frag.c (-static -DSTATIC) (rerun 3) execution test
FAIL: libmudflap.cth/pass39-frag.c (-static -DSTATIC) (rerun 3) output pattern test
FAIL: libmudflap.cth/pass39-frag.c (-static -DSTATIC) (rerun 4) execution test
FAIL: libmudflap.cth/pass39-frag.c (-static -DSTATIC) (rerun 4) output pattern test
FAIL: libmudflap.cth/pass39-frag.c (-static -DSTATIC) (rerun 5) execution test
FAIL: libmudflap.cth/pass39-frag.c (-static -DSTATIC) (rerun 5) output pattern test
FAIL: libmudflap.cth/pass39-frag.c (-static -DSTATIC) (rerun 6) execution test
FAIL: libmudflap.cth/pass39-frag.c (-static -DSTATIC) (rerun 6) output pattern test
FAIL: libmudflap.cth/pass39-frag.c (-static -DSTATIC) (rerun 7) execution test
FAIL: libmudflap.cth/pass39-frag.c (-static -DSTATIC) (rerun 7) output pattern test
FAIL: libmudflap.cth/pass39-frag.c (-static -DSTATIC) (rerun 8) execution test
FAIL: libmudflap.cth/pass39-frag.c (-static -DSTATIC) (rerun 8) output pattern test
FAIL: libmudflap.cth/pass39-frag.c (-static -DSTATIC) (rerun 9) execution test
FAIL: libmudflap.cth/pass39-frag.c (-static -DSTATIC) (rerun 9) output pattern test
FAIL: libmudflap.cth/pass39-frag.c (-static -DSTATIC) (rerun 10) execution test
FAIL: libmudflap.cth/pass39-frag.c (-static -DSTATIC) (rerun 10) output pattern test
FAIL: libmudflap.cth/pass39-frag.c (-static -DSTATIC) (rerun 11) execution test
FAIL: libmudflap.cth/pass39-frag.c (-static -DSTATIC) (rerun 11) output pattern test
FAIL: libmudflap.cth/pass39-frag.c (-static -DSTATIC) (rerun 12) execution test
FAIL: libmudflap.cth/pass39-frag.c (-static -DSTATIC) (rerun 12) output pattern test
FAIL: libmudflap.cth/pass39-frag.c (-static -DSTATIC) (rerun 13) execution test
FAIL: libmudflap.cth/pass39-frag.c (-static -DSTATIC) (rerun 13) output pattern test
FAIL: libmudflap.cth/pass39-frag.c (-static -DSTATIC) (rerun 14) execution test
FAIL: libmudflap.cth/pass39-frag.c (-static -DSTATIC) (rerun 14) output pattern test
FAIL: libmudflap.cth/pass39-frag.c (-static -DSTATIC) (rerun 15) execution test
FAIL: libmudflap.cth/pass39-frag.c (-static -DSTATIC) (rerun 15) output pattern test
FAIL: libmudflap.cth/pass39-frag.c (-static -DSTATIC) (rerun 16) execution test
FAIL: libmudflap.cth/pass39-frag.c (-static -DSTATIC) (rerun 16) output pattern test
FAIL: libmudflap.cth/pass39-frag.c (-static -DSTATIC) (rerun 17) execution test
FAIL: libmudflap.cth/pass39-frag.c (-static -DSTATIC) (rerun 17) output pattern test
FAIL: libmudflap.cth/pass39-frag.c (-static -DSTATIC) (rerun 18) execution test
FAIL: libmudflap.cth/pass39-frag.c (-static -DSTATIC) (rerun 18) output pattern test
FAIL: libmudflap.cth/pass39-frag.c (-static -DSTATIC) (rerun 19) execution test
FAIL: libmudflap.cth/pass39-frag.c (-static -DSTATIC) (rerun 19) output pattern test
FAIL: libmudflap.cth/pass40-frag.c (-static -DSTATIC) execution test
FAIL: libmudflap.cth/pass40-frag.c (-static -DSTATIC) output pattern test
=== libmudflap Summary for unix ===
# of expected passes 1707
# of unexpected failures 82
Running target unix/-march=i686
FAIL: libmudflap.cth/pass37-frag.c (-static -DSTATIC) execution test
FAIL: libmudflap.cth/pass37-frag.c (-static -DSTATIC) output pattern test
FAIL: libmudflap.cth/pass37-frag.c (-static -DSTATIC) (rerun 1) execution test
FAIL: libmudflap.cth/pass37-frag.c (-static -DSTATIC) (rerun 1) output pattern test
FAIL: libmudflap.cth/pass37-frag.c (-static -DSTATIC) (rerun 2) execution test
FAIL: libmudflap.cth/pass37-frag.c (-static -DSTATIC) (rerun 2) output pattern test
FAIL: libmudflap.cth/pass37-frag.c (-static -DSTATIC) (rerun 3) execution test
FAIL: libmudflap.cth/pass37-frag.c (-static -DSTATIC) (rerun 3) output pattern test
FAIL: libmudflap.cth/pass37-frag.c (-static -DSTATIC) (rerun 4) execution test
FAIL: libmudflap.cth/pass37-frag.c (-static -DSTATIC) (rerun 4) output pattern test
FAIL: libmudflap.cth/pass37-frag.c (-static -DSTATIC) (rerun 5) execution test
FAIL: libmudflap.cth/pass37-frag.c (-static -DSTATIC) (rerun 5) output pattern test
FAIL: libmudflap.cth/pass37-frag.c (-static -DSTATIC) (rerun 6) execution test
FAIL: libmudflap.cth/pass37-frag.c (-static -DSTATIC) (rerun 6) output pattern test
FAIL: libmudflap.cth/pass37-frag.c (-static -DSTATIC) (rerun 7) execution test
FAIL: libmudflap.cth/pass37-frag.c (-static -DSTATIC) (rerun 7) output pattern test
FAIL: libmudflap.cth/pass37-frag.c (-static -DSTATIC) (rerun 8) execution test
FAIL: libmudflap.cth/pass37-frag.c (-static -DSTATIC) (rerun 8) output pattern test
FAIL: libmudflap.cth/pass37-frag.c (-static -DSTATIC) (rerun 9) execution test
FAIL: libmudflap.cth/pass37-frag.c (-static -DSTATIC) (rerun 9) output pattern test
FAIL: libmudflap.cth/pass37-frag.c (-static -DSTATIC) (rerun 10) execution test
FAIL: libmudflap.cth/pass37-frag.c (-static -DSTATIC) (rerun 10) output pattern test
FAIL: libmudflap.cth/pass37-frag.c (-static -DSTATIC) (rerun 11) execution test
FAIL: libmudflap.cth/pass37-frag.c (-static -DSTATIC) (rerun 11) output pattern test
FAIL: libmudflap.cth/pass37-frag.c (-static -DSTATIC) (rerun 12) execution test
FAIL: libmudflap.cth/pass37-frag.c (-static -DSTATIC) (rerun 12) output pattern test
FAIL: libmudflap.cth/pass37-frag.c (-static -DSTATIC) (rerun 13) execution test
FAIL: libmudflap.cth/pass37-frag.c (-static -DSTATIC) (rerun 13) output pattern test
FAIL: libmudflap.cth/pass37-frag.c (-static -DSTATIC) (rerun 14) execution test
FAIL: libmudflap.cth/pass37-frag.c (-static -DSTATIC) (rerun 14) output pattern test
FAIL: libmudflap.cth/pass37-frag.c (-static -DSTATIC) (rerun 15) execution test
FAIL: libmudflap.cth/pass37-frag.c (-static -DSTATIC) (rerun 15) output pattern test
FAIL: libmudflap.cth/pass37-frag.c (-static -DSTATIC) (rerun 16) execution test
FAIL: libmudflap.cth/pass37-frag.c (-static -DSTATIC) (rerun 16) output pattern test
FAIL: libmudflap.cth/pass37-frag.c (-static -DSTATIC) (rerun 17) execution test
FAIL: libmudflap.cth/pass37-frag.c (-static -DSTATIC) (rerun 17) output pattern test
FAIL: libmudflap.cth/pass37-frag.c (-static -DSTATIC) (rerun 18) execution test
FAIL: libmudflap.cth/pass37-frag.c (-static -DSTATIC) (rerun 18) output pattern test
FAIL: libmudflap.cth/pass37-frag.c (-static -DSTATIC) (rerun 19) execution test
FAIL: libmudflap.cth/pass37-frag.c (-static -DSTATIC) (rerun 19) output pattern test
FAIL: libmudflap.cth/pass39-frag.c (-static -DSTATIC) execution test
FAIL: libmudflap.cth/pass39-frag.c (-static -DSTATIC) output pattern test
FAIL: libmudflap.cth/pass39-frag.c (-static -DSTATIC) (rerun 1) execution test
FAIL: libmudflap.cth/pass39-frag.c (-static -DSTATIC) (rerun 1) output pattern test
FAIL: libmudflap.cth/pass39-frag.c (-static -DSTATIC) (rerun 2) execution test
FAIL: libmudflap.cth/pass39-frag.c (-static -DSTATIC) (rerun 2) output pattern test
FAIL: libmudflap.cth/pass39-frag.c (-static -DSTATIC) (rerun 3) execution test
FAIL: libmudflap.cth/pass39-frag.c (-static -DSTATIC) (rerun 3) output pattern test
FAIL: libmudflap.cth/pass39-frag.c (-static -DSTATIC) (rerun 4) execution test
FAIL: libmudflap.cth/pass39-frag.c (-static -DSTATIC) (rerun 4) output pattern test
FAIL: libmudflap.cth/pass39-frag.c (-static -DSTATIC) (rerun 5) execution test
FAIL: libmudflap.cth/pass39-frag.c (-static -DSTATIC) (rerun 5) output pattern test
FAIL: libmudflap.cth/pass39-frag.c (-static -DSTATIC) (rerun 6) execution test
FAIL: libmudflap.cth/pass39-frag.c (-static -DSTATIC) (rerun 6) output pattern test
FAIL: libmudflap.cth/pass39-frag.c (-static -DSTATIC) (rerun 7) execution test
FAIL: libmudflap.cth/pass39-frag.c (-static -DSTATIC) (rerun 7) output pattern test
FAIL: libmudflap.cth/pass39-frag.c (-static -DSTATIC) (rerun 8) execution test
FAIL: libmudflap.cth/pass39-frag.c (-static -DSTATIC) (rerun 8) output pattern test
FAIL: libmudflap.cth/pass39-frag.c (-static -DSTATIC) (rerun 9) execution test
FAIL: libmudflap.cth/pass39-frag.c (-static -DSTATIC) (rerun 9) output pattern test
FAIL: libmudflap.cth/pass39-frag.c (-static -DSTATIC) (rerun 10) execution test
FAIL: libmudflap.cth/pass39-frag.c (-static -DSTATIC) (rerun 10) output pattern test
FAIL: libmudflap.cth/pass39-frag.c (-static -DSTATIC) (rerun 11) execution test
FAIL: libmudflap.cth/pass39-frag.c (-static -DSTATIC) (rerun 11) output pattern test
FAIL: libmudflap.cth/pass39-frag.c (-static -DSTATIC) (rerun 12) execution test
FAIL: libmudflap.cth/pass39-frag.c (-static -DSTATIC) (rerun 12) output pattern test
FAIL: libmudflap.cth/pass39-frag.c (-static -DSTATIC) (rerun 13) execution test
FAIL: libmudflap.cth/pass39-frag.c (-static -DSTATIC) (rerun 13) output pattern test
FAIL: libmudflap.cth/pass39-frag.c (-static -DSTATIC) (rerun 14) execution test
FAIL: libmudflap.cth/pass39-frag.c (-static -DSTATIC) (rerun 14) output pattern test
FAIL: libmudflap.cth/pass39-frag.c (-static -DSTATIC) (rerun 15) execution test
FAIL: libmudflap.cth/pass39-frag.c (-static -DSTATIC) (rerun 15) output pattern test
FAIL: libmudflap.cth/pass39-frag.c (-static -DSTATIC) (rerun 16) execution test
FAIL: libmudflap.cth/pass39-frag.c (-static -DSTATIC) (rerun 16) output pattern test
FAIL: libmudflap.cth/pass39-frag.c (-static -DSTATIC) (rerun 17) execution test
FAIL: libmudflap.cth/pass39-frag.c (-static -DSTATIC) (rerun 17) output pattern test
FAIL: libmudflap.cth/pass39-frag.c (-static -DSTATIC) (rerun 18) execution test
FAIL: libmudflap.cth/pass39-frag.c (-static -DSTATIC) (rerun 18) output pattern test
FAIL: libmudflap.cth/pass39-frag.c (-static -DSTATIC) (rerun 19) execution test
FAIL: libmudflap.cth/pass39-frag.c (-static -DSTATIC) (rerun 19) output pattern test
FAIL: libmudflap.cth/pass40-frag.c (-static -DSTATIC) execution test
FAIL: libmudflap.cth/pass40-frag.c (-static -DSTATIC) output pattern test
=== libmudflap Summary for unix/-march=i686 ===
# of expected passes 1707
# of unexpected failures 82
Running target unix/-m64
FAIL: libmudflap.c/fail1-frag.c (-static) crash test
FAIL: libmudflap.c/fail10-frag.c (-static) crash test
FAIL: libmudflap.c/fail11-frag.c (-static) crash test
FAIL: libmudflap.c/fail12-frag.c (-static) crash test
FAIL: libmudflap.c/fail13-frag.c (-static) crash test
FAIL: libmudflap.c/fail14-frag.c (-static) crash test
FAIL: libmudflap.c/fail15-frag.c (-static) crash test
FAIL: libmudflap.c/fail16-frag.c (-static) crash test
FAIL: libmudflap.c/fail17-frag.c (-static) crash test
FAIL: libmudflap.c/fail18-frag.c (-static) crash test
FAIL: libmudflap.c/fail19-frag.c (-static) crash test
FAIL: libmudflap.c/fail2-frag.c (-static) crash test
FAIL: libmudflap.c/fail21-frag.c (-static) crash test
FAIL: libmudflap.c/fail22-frag.c (-static) crash test
FAIL: libmudflap.c/fail23-frag.c (-static) crash test
FAIL: libmudflap.c/fail25-frag.c (-static) crash test
FAIL: libmudflap.c/fail27-frag.c (-static) crash test
FAIL: libmudflap.c/fail28-frag.c (-static) crash test
FAIL: libmudflap.c/fail29-frag.c (-static) crash test
FAIL: libmudflap.c/fail3-frag.c (-static) crash test
FAIL: libmudflap.c/fail30-frag.c (-static) crash test
FAIL: libmudflap.c/fail31-frag.c (-static) crash test
FAIL: libmudflap.c/fail32-frag.c (-static) crash test
FAIL: libmudflap.c/fail33-frag.c (-static) crash test
FAIL: libmudflap.c/fail34-frag.c (-static) crash test
FAIL: libmudflap.c/fail35-frag.c (-static) crash test
FAIL: libmudflap.c/fail36-frag.c (-static) crash test
FAIL: libmudflap.c/fail37-frag.c (-static) crash test
FAIL: libmudflap.c/fail38-frag.c (-static) crash test
FAIL: libmudflap.c/fail39-frag.c (-static) crash test
FAIL: libmudflap.c/fail4-frag.c (-static) crash test
FAIL: libmudflap.c/fail40-frag.c (-static) crash test
FAIL: libmudflap.c/fail5-frag.c (-static) crash test
FAIL: libmudflap.c/fail6-frag.c (-static) crash test
FAIL: libmudflap.c/fail7-frag.c (-static) crash test
FAIL: libmudflap.c/fail8-frag.c (-static) crash test
FAIL: libmudflap.c/fail9-frag.c (-static) crash test
FAIL: libmudflap.c/pass36-frag.c (-static) output pattern test
FAIL: libmudflap.c/pass36-frag.c (-static) output pattern test
FAIL: libmudflap.c++/fail24-frag.cxx (-static) crash test
=== libmudflap Summary for unix/-m64 ===
# of expected passes 1749
# of unexpected failures 40
=== libmudflap Summary ===
# of expected passes 5163
# of unexpected failures 204
=== libstdc++ tests ===
Running target unix
XPASS: 26_numerics/cmath/c99_classification_macros_c.cc (test for excess errors)
=== libstdc++ Summary for unix ===
# of expected passes 3399
# of unexpected successes 1
# of expected failures 12
# of unsupported tests 315
Running target unix/-march=i686
=== libstdc++ Summary for unix/-march=i686 ===
# of expected passes 3399
# of expected failures 13
# of unsupported tests 315
Running target unix/-m64
XPASS: 26_numerics/cmath/c99_classification_macros_c.cc (test for excess errors)
FAIL: 26_numerics/complex/13450.cc execution test
XPASS: 27_io/fpos/14320-1.cc execution test
=== libstdc++ Summary for unix/-m64 ===
# of expected passes 3398
# of unexpected failures 1
# of unexpected successes 2
# of expected failures 11
# of unsupported tests 315
=== libstdc++ Summary ===
# of expected passes 10196
# of unexpected failures 1
# of unexpected successes 3
# of expected failures 36
# of unsupported tests 945
Compiler version: 4.1.0 (Debian 4.1.0-2)
Platform: i486-pc-linux-gnu
configure flags: -v --prefix=/usr --enable-shared --with-system-zlib --libexecdir=/usr/lib --without-included-gettext --enable-threads=posix --enable-nls --program-suffix=-4.1 --enable-__cxa_atexit --enable-clocale=gnu --enable-libstdcxx-debug --enable-java-awt=gtk --enable-gtk-cairo --with-java-home=/usr/lib/jvm/java-1.4.2-gcj-4.1-1.4.2.0/jre --enable-mpfr --with-tune=i686 --enable-checking=release i486-linux-gnu --enable-languages=c,ada,c++,fortran,java,objc,obj-c++,treelang
BOOT_CFLAGS=-O2
Build Dependencies:
Desired=Unknown/Install/Remove/Purge/Hold
| Status=Not/Installed/Config-files/Unpacked/Failed-config/Half-installed
|/ Err?=(none)/Hold/Reinst-required/X=both-problems (Status,Err: uppercase=bad)
||/ Name Version Description
+++-==============-===================-==============================================
ii binutils 2.16.1cvs20060117-1 The GNU assembler, linker and binary utilities
Patches that Debian applied in this version:
pr26004:
PR middle-end/26004 (rejects-vaild-code, regression), gcc-4_1-branch
pr26526:
Fix PR libstdc++/26526 (link failure when _GLIBCXX_DEBUG is defined).
pr26557:
PR middle-end/26557 (ice-on-vaild-code, regression), gcc-4_1-branch
pr26587:
Fix for PR tree-optimization/26587, taken from the 4.1 branch.
pr26672:
PR tree-optimization/26672 (ice-on-vaild-code, regression), gcc-4_1-branch
pr26763:
Fix for PR tree-optimization/26763, wrong-code, taken from the 4.1 branch.
libjava-4.1.1:
libjava updates from gcc-4_1-branch until 20060318.
libjava-update:
libjava awt & swing update, taken from trunk 2006-02-25
gcc-version:
Add package identification to the gcc version string
gcc-textdomain:
Set gettext's domain and textdomain to the versioned package name.
rename-info-files:
Allow transformations on info file names. Reference the
transformed info file names in the texinfo files.
libstdc++-pic:
Build and install libstdc++_pic.a library.
libstdc++-doclink:
adjust hrefs to point to the local documentation
gccbug:
Use sensible-editor instead of vi as fallback editor
gccbug-posix:
Make gccbug POSIX compliant (patch by David Weinehall)
http://www.opengroup.org/onlinepubs/009695399/utilities/test.html
boehm-gc-nocheck:
Disable running the boehm-gc testsuite. Hangs the buildd at least on hppa.
fastjar-version:
Append GCC version to the fastjar version string.
libstdc++-doxygen:
libstdc++ doxygen docs: Set SHORT_NAMES to YES
classmap-path:
Set the location for gcj-dbtool's database to /var/lib/gcj-X.Y
libjava-dlsearch-path:
Add /usr/lib/gcj-4.1 to the dlsearch path.
libjava-stacktrace:
libgcj: Lookup source file name and line number in separated
debug files found in /usr/lib/debug
libjava-hppa:
2006-03-14 John David Anglin <dave.anglin@nrc-cnrc.gc.ca>
* pa/pa32-linux.h (CRT_CALL_STATIC_FUNCTION): Fix typo.
2006-03-13 John David Anglin <dave.anglin@nrc-cnrc.gc.ca>
* pa/pa32-linux.h (CRT_CALL_STATIC_FUNCTION): Define when CRTSTUFFS_O
is defined.
arm-libffi:
Add closure support to libffi for arm
arm-gij:
Enable gij interpreter on arm
disable-libgcj:
Do not build the java runtime (from this source package)
deb-protoize:
build protoize/unprotoize binaries
ada-link-lib:
- Install the shared Ada libraries as '.so.1', not '.so' to conform
to the Debian policy.
- Don't include a runtime link path (-rpath), when linking binaries.
- Build the shared libraries on hppa-linux.
ada-gcc-name:
use gcc-4.1 instead of gcc as the command name.
link-libs:
cpu-default-i486:
set default 32bit ix86 architecture to i486
reporting:
Add Debian URL for bug reporting isntructions.
gcc-ice-hack:
2004-01-23 Jakub Jelinek <jakub@redhat.com>
* system.h (ICE_EXIT_CODE): Define.
* gcc.c (execute): Don't free first string early, but at the end
of the function. Call retry_ice if compiler exited with
ICE_EXIT_CODE.
(retry_ice): New function.
* diagnostic.c (diagnostic_count_diagnostic,
diagnostic_action_after_output, error_recursion): Exit with
ICE_EXIT_CODE instead of FATAL_EXIT_CODE.
disable-biarch-check:
For biarch builds, disable the testsuite for the non-default architecture
for runtime libraries, which are not built by default (libjava).
biarch-include:
biarch-include.dpatch
Adds biarch include directories
/usr/include/c++/<ver>/<arch>-linux-gnu
/usr/local/include/<arch>-linux-gnu
/usr/include/<arch>-linux-gnu
to the system include paths, depending on 32/64 bit mode.
config-ml:
disable some biarch libraries for biarch builds
libjava-biarch-alsa:
Fix linking with the correct biarch asound library
i386-biarch:
biarch patches for i386/x86_64
Counting all warnings,
there are 48 warnings in stage3 of this bootstrap.
Number of warnings per file:
12 treelang/lex.c
12 gcc/cppdefault.c
11 gengtype-lex.c
4 gcc/gcc.c
4 gcc/config/i386/i386.md
2 gcc/objc/lang-specs.h
1 gcc/protoize.c
1 gcc/java/jvspec.c
1 gcc/ada/tracebak.c
Number of warning types:
22 no previous prototype for `???'
9 string length `???' is greater than the length `???' ISO C89 compilers are required to support
6 missing initializer
6 (near initialization for `???')
2 operand 1 missing mode?
1 comparison of unsigned expression < 0 is always false
1 comparison between signed and unsigned
1 argument `???' might be clobbered by `???' or `???'