This is the mail archive of the
gcc-testresults@gcc.gnu.org
mailing list for the GCC project.
Results for 4.2.0 20060330 (experimental) gcc testsuite on mips-unknown-elf
- From: mstein at phenix dot rootshell dot be (mstein)
- To: gcc-testresults at gcc dot gnu dot org
- Date: Sat, 1 Apr 2006 07:02:21 +0200 (CEST)
- Subject: Results for 4.2.0 20060330 (experimental) gcc testsuite on mips-unknown-elf
Ubuntu 5 on pentium3-smp
cross tool versions:
GNU assembler 2.16.91 20060326
GNU gdb 6.4.50.20060326-cvs
GNU ld version 2.16.91 20060326
GNU Make 3.80
expect version 5.42.1
host gcc version: gcc (GCC) 4.2.0 20060329 (experimental)
LAST_UPDATED: Thu Mar 30 23:21:12 UTC 2006 (revision 112548)
Target is mips-unknown-elf
Host is i686-pc-linux-gnu
=== gcc tests ===
Running target mips-sim
WARNING: program timed out.
FAIL: gcc.c-torture/compile/20001226-1.c -O2 (test for excess errors)
WARNING: program timed out.
FAIL: gcc.c-torture/compile/20001226-1.c -O3 -fomit-frame-pointer (test for excess errors)
WARNING: program timed out.
FAIL: gcc.c-torture/compile/20001226-1.c -O3 -g (test for excess errors)
WARNING: program timed out.
FAIL: gcc.c-torture/compile/20001226-1.c -Os (test for excess errors)
FAIL: gcc.c-torture/execute/20060102-1.c execution, -O0
FAIL: gcc.c-torture/execute/20060102-1.c execution, -O1
FAIL: gcc.c-torture/execute/20060102-1.c execution, -O2
FAIL: gcc.c-torture/execute/20060102-1.c execution, -O3 -fomit-frame-pointer
FAIL: gcc.c-torture/execute/20060102-1.c execution, -O3 -g
FAIL: gcc.c-torture/execute/20060102-1.c execution, -Os
WARNING: gcc.dg/attr-weakref-1.c compilation failed to produce executable
XPASS: gcc.dg/tree-ssa/20040204-1.c scan-tree-dump-times link_error 0
=== gcc Summary ===
# of expected passes 37787
# of unexpected failures 10
# of unexpected successes 1
# of expected failures 74
# of untested testcases 28
# of unsupported tests 342
/home/mstein/sim/mips-elf/build/gcc/xgcc version 4.2.0 20060330 (experimental)
Compiler version: 4.2.0 20060330 (experimental) gcc
Platform: mips-unknown-elf
configure flags: --target=mips-elf --prefix=/n/07/mstein/cross-local --disable-nls --disable-build-warnings --with-ld=/n/07/mstein/cross-local/bin/mips-elf-ld --with-as=/n/07/mstein/cross-local/bin/mips-elf-as --disable-libssp --enable-languages=c