This is the mail archive of the
gcc-testresults@gcc.gnu.org
mailing list for the GCC project.
Results for 4.2.0 20060330 (experimental) testsuite on x86_64-unknown-linux-gnu
- From: Grigory Zagorodnev <grigory_zagorodnev at linux dot intel dot com>
- To: gcc-testresults at gcc dot gnu dot org
- Date: Thu, 30 Mar 2006 16:15:12 +0400
- Subject: Results for 4.2.0 20060330 (experimental) testsuite on x86_64-unknown-linux-gnu
LAST_UPDATED: Thu Mar 30 06:30:21 UTC 2006 (revision 112529)
Native configuration is x86_64-unknown-linux-gnu
=== gcc tests ===
Running target unix
FAIL: gcc.dg/visibility-11.c scan-assembler memcpy@PLT
WARNING: gcc.dg/torture/fp-int-convert-float128-timode.c -O0 compilation failed to produce executable
WARNING: gcc.dg/torture/fp-int-convert-float128-timode.c -O1 compilation failed to produce executable
WARNING: gcc.dg/torture/fp-int-convert-float128-timode.c -O2 compilation failed to produce executable
WARNING: gcc.dg/torture/fp-int-convert-float128-timode.c -O3 -fomit-frame-pointer compilation failed to produce executable
WARNING: gcc.dg/torture/fp-int-convert-float128-timode.c -O3 -g compilation failed to produce executable
WARNING: gcc.dg/torture/fp-int-convert-float128-timode.c -Os compilation failed to produce executable
WARNING: gcc.dg/torture/fp-int-convert-float128.c -O0 compilation failed to produce executable
WARNING: gcc.dg/torture/fp-int-convert-float128.c -O1 compilation failed to produce executable
WARNING: gcc.dg/torture/fp-int-convert-float128.c -O2 compilation failed to produce executable
WARNING: gcc.dg/torture/fp-int-convert-float128.c -O3 -fomit-frame-pointer compilation failed to produce executable
WARNING: gcc.dg/torture/fp-int-convert-float128.c -O3 -g compilation failed to produce executable
WARNING: gcc.dg/torture/fp-int-convert-float128.c -Os compilation failed to produce executable
=== gcc Summary ===
# of expected passes 39093
# of unexpected failures 1
# of expected failures 123
# of untested testcases 28
# of unsupported tests 375
/home/testbot/bootstrap/001714/bld/gcc/xgcc version 4.2.0 20060330 (experimental)
=== gfortran tests ===
Running target unix
FAIL: gfortran.dg/transfer_array_intrinsic_1.f90 -O3 -fomit-frame-pointer -funroll-loops execution test
FAIL: gfortran.dg/transfer_array_intrinsic_1.f90 -O3 -fomit-frame-pointer -funroll-all-loops -finline-functions execution test
=== gfortran Summary ===
# of expected passes 12726
# of unexpected failures 2
# of expected failures 18
# of unsupported tests 16
/home/testbot/bootstrap/001714/bld/gcc/testsuite/gfortran/../../gfortran version 4.2.0 20060330 (experimental)
=== g++ tests ===
Running target unix
FAIL: g++.dg/init/ctor4.C (test for excess errors)
FAIL: g++.dg/parse/register1.C (test for excess errors)
FAIL: g++.old-deja/g++.brendan/warnings4.C (test for excess errors)
FAIL: g++.old-deja/g++.jason/overload34.C (test for excess errors)
FAIL: g++.old-deja/g++.mike/p11110.C (test for excess errors)
=== g++ Summary ===
# of expected passes 12304
# of unexpected failures 5
# of expected failures 67
# of unsupported tests 98
/home/testbot/bootstrap/001714/bld/gcc/testsuite/g++/../../g++ version 4.2.0 20060330 (experimental)
=== objc tests ===
Running target unix
=== objc Summary ===
# of expected passes 1752
# of expected failures 7
# of unsupported tests 24
/home/testbot/bootstrap/001714/bld/gcc/xgcc version 4.2.0 20060330 (experimental)
=== libffi tests ===
Running target unix
=== libffi Summary ===
# of expected passes 1064
# of unsupported tests 8
=== libgomp tests ===
Running target unix
=== libgomp Summary ===
# of expected passes 1376
=== libjava tests ===
Running target unix
XPASS: PR26858 execution - source compiled test
XPASS: PR26858 output - source compiled test
XPASS: PR26858 execution - bytecode->native test
XPASS: PR26858 output - bytecode->native test
XPASS: PR26858 -O3 execution - source compiled test
XPASS: PR26858 -O3 output - source compiled test
XPASS: PR26858 -O3 execution - bytecode->native test
XPASS: PR26858 -O3 output - bytecode->native test
=== libjava Summary ===
# of expected passes 4089
# of unexpected successes 8
# of expected failures 12
# of untested testcases 10
=== libmudflap tests ===
Running target unix
=== libmudflap Summary ===
# of expected passes 1789
=== libstdc++ tests ===
Running target unix
XPASS: 26_numerics/cmath/c99_classification_macros_c.cc (test for excess errors)
XPASS: 27_io/fpos/14320-1.cc execution test
=== libstdc++ Summary ===
# of expected passes 4173
# of unexpected successes 2
# of expected failures 11
Compiler version: 4.2.0 20060330 (experimental)
Platform: x86_64-unknown-linux-gnu
configure flags: --prefix=/home/testbot/bootstrap/001714/usr --program-suffix=-42 -enable-shared --enable-threads=posix --enable-checking --with-system-zlib --enable-__cxa_atexit --enable-languages=c,c++,fortran,java,objc