This is the mail archive of the
gcc-testresults@gcc.gnu.org
mailing list for the GCC project.
Results for 4.1.0 testsuite on i686-pc-cygwin
- From: "Christian Joensson" <christian dot joensson at gmail dot com>
- To: gcc-testresults at gcc dot gnu dot org
- Date: Mon, 27 Mar 2006 10:58:57 +0200
- Subject: Results for 4.1.0 testsuite on i686-pc-cygwin
Windows XP Pro/SP2 cygwin P4 mobile system with these packages:
binutils 20050610-1 2.16.91 20050610
bison 2.1-1
cygwin 1.5.19-4
dejagnu 20021217-2 1.4.2.x
expect 20030128-1 5.26
gcc 3.4.4-1
tcltk 20030901-1 8.4
LAST_UPDATED: Obtained from SVN: tags/gcc_4_1_0_release revision 111560
I had to manually abort cxg2014...
=== acats tests ===
FAIL: c23003b
FAIL: c23003g
FAIL: c23003i
FAIL: c96005d
FAIL: cc3120a
FAIL: cxg2002
FAIL: cxg2003
FAIL: cxg2004
FAIL: cxg2006
FAIL: cxg2007
FAIL: cxg2010
FAIL: cxg2011
FAIL: cxg2012
FAIL: cxg2013
FAIL: cxg2014
FAIL: cxg2015
FAIL: cxg2016
FAIL: cxg2017
FAIL: cxg2018
FAIL: cxg2019
FAIL: cxg2020
FAIL: cxg2021
Native configuration is i686-pc-cygwin
=== g++ tests ===
Running target unix
FAIL: g++.dg/abi/local1.C execution test
FAIL: g++.dg/abi/rtti1.C scan-assembler-dem-not \\ntypeinfo for A[: \\t\\n]
FAIL: g++.dg/init/array15.C execution test
FAIL: g++.dg/opt/complex3.C (test for excess errors)
FAIL: g++.dg/opt/vt1.C scan-assembler-not
section[^\\n\\r]*_ZTV1S[^\\n\\r]*"[^w"\\n\\r]*"
XPASS: g++.dg/tree-ssa/pr14814.C scan-tree-dump-times &this 0
FAIL: g++.dg/pch/externc-1.C -g assembly comparison
FAIL: g++.dg/pch/externc-1.C -O2 -g assembly comparison
FAIL: g++.dg/pch/static-1.C -g assembly comparison
FAIL: g++.dg/pch/static-1.C -O2 -g assembly comparison
FAIL: g++.dg/pch/system-1.C -g assembly comparison
FAIL: g++.dg/pch/system-1.C -O2 -g assembly comparison
FAIL: g++.dg/pch/system-2.C -g assembly comparison
FAIL: g++.dg/pch/system-2.C -O2 -g assembly comparison
FAIL: g++.dg/pch/uninst.C -g assembly comparison
FAIL: g++.dg/pch/uninst.C -O2 -g assembly comparison
FAIL: g++.dg/pch/wchar-1.C -g assembly comparison
FAIL: g++.dg/pch/wchar-1.C -O2 -g assembly comparison
FAIL: g++.old-deja/g++.eh/badalloc1.C execution test
XPASS: g++.old-deja/g++.ext/attrib5.C execution test
=== g++ Summary ===
# of expected passes 12193
# of unexpected failures 18
# of unexpected successes 2
# of expected failures 67
# of unsupported tests 125
/usr/local/src/trunk/objdir/gcc/testsuite/../g++ version 4.1.0
=== gcc tests ===
Running target unix
FAIL: gcc.c-torture/compile/20001226-1.c (test for excess errors)
FAIL: gcc.dg/20021014-1.c (test for excess errors)
WARNING: gcc.dg/20021014-1.c compilation failed to produce executable
FAIL: gcc.dg/pr17957.c (test for excess errors)
FAIL: largefile.c (test for excess errors)
FAIL: largefile.c (test for excess errors)
FAIL: largefile.c (test for excess errors)
FAIL: largefile.c (test for excess errors)
FAIL: largefile.c (test for excess errors)
FAIL: largefile.c (test for excess errors)
FAIL: largefile.c (test for excess errors)
FAIL: gcc.dg/tree-ssa/loop-1.c scan-assembler-times foo 5
FAIL: compiler driver --coverage option(s) (compiler options)
FAIL: gcc.target/i386/pic-1.c (test for errors, line 10)
=== gcc Summary ===
# of expected passes 39729
# of unexpected failures 13
# of expected failures 100
# of untested testcases 35
# of unsupported tests 295
/usr/local/src/trunk/objdir/gcc/xgcc version 4.1.0
=== gfortran tests ===
Running target unix
=== gfortran Summary ===
# of expected passes 11583
# of expected failures 7
# of unsupported tests 56
/usr/local/src/trunk/objdir/gcc/testsuite/../gfortran version 4.1.0
=== obj-c++ tests ===
Running target unix
FAIL: obj-c++.dg/cxx-ivars-2.mm execution test
FAIL: obj-c++.dg/encode-8.mm execution test
FAIL: obj-c++.dg/isa-field-1.mm (test for excess errors)
FAIL: obj-c++.dg/lookup-2.mm (test for excess errors)
WARNING: obj-c++.dg/lookup-2.mm compilation failed to produce executable
FAIL: obj-c++.dg/try-catch-2.mm (test for excess errors)
WARNING: obj-c++.dg/try-catch-2.mm compilation failed to produce executable
FAIL: obj-c++.dg/try-catch-9.mm (test for excess errors)
WARNING: obj-c++.dg/try-catch-9.mm compilation failed to produce executable
=== obj-c++ Summary ===
# of expected passes 423
# of unexpected failures 6
# of unsupported tests 13
/usr/local/src/trunk/objdir/gcc/testsuite/../g++ version 4.1.0
=== objc tests ===
Running target unix
=== objc Summary ===
# of expected passes 1748
# of unsupported tests 22
/usr/local/src/trunk/objdir/gcc/xgcc version 4.1.0
=== treelang tests ===
Running target unix
ERROR: tcl error sourcing
/usr/local/src/trunk/gcc/gcc/testsuite/treelang/output/output.exp.
ERROR: rm: cannot remove \`treelang/output-1': No such file or directory
=== treelang Summary ===
# of expected passes 50
=== libstdc++ tests ===
Running target unix
WARNING: program timed out.
ERROR: tcl error sourcing
/usr/local/src/trunk/gcc/libstdc++-v3/testsuite/libstdc++-dg/normal.exp.
ERROR: couldn't fork child process: resource temporarily unavailable
=== libstdc++ Summary ===
# of expected passes 234
# of unsupported tests 1
Compiler version: 4.1.0
Platform: i686-pc-cygwin
configure flags: --enable-__cxa_atexit --enable-shared
--enable-threads=posix --with-system-zlib
--enable-languages=c,ada,c++,fortran,java,objc,obj-c++,treelang
Counting all warnings,
there are 150 warnings in stage0 of this bootstrap.
Number of warnings per file:
21 libgfortran/intrinsics/c99_functions.c
14 gcc/fixincludes/fixincl.x
9 libgfortran/intrinsics/date_and_time.c
5 libtool
3 libiberty/strsignal.c
2 adaint.h
1 time_members.cc
1 numeric_members.cc
1 monetary_members.cc
1 messages_members.cc
1 libsupc++/vterminate.cc
1 libsupc++/vec.cc
1 libsupc++/tinfo2.cc
1 libsupc++/tinfo.cc
1 libsupc++/pure.cc
1 libsupc++/new_opvnt.cc
1 libsupc++/new_opv.cc
1 libsupc++/new_opnt.cc
1 libsupc++/new_op.cc
1 libsupc++/new_handler.cc
1 libsupc++/guard.cc
1 libsupc++/eh_unex_handler.cc
1 libsupc++/eh_type.cc
1 libsupc++/eh_throw.cc
1 libsupc++/eh_terminate.cc
1 libsupc++/eh_term_handler.cc
1 libsupc++/eh_personality.cc
1 libsupc++/eh_globals.cc
1 libsupc++/eh_exception.cc
1 libsupc++/eh_catch.cc
1 libsupc++/eh_call.cc
1 libsupc++/eh_aux_runtime.cc
1 libsupc++/eh_arm.cc
1 libsupc++/eh_alloc.cc
1 libsupc++/del_opvnt.cc
1 libsupc++/del_opv.cc
1 libsupc++/del_opnt.cc
1 libsupc++/del_op.cc
1 libstdc++-v3/src/wstring-inst.cc
1 libstdc++-v3/src/wlocale-inst.cc
1 libstdc++-v3/src/valarray-inst.cc
1 libstdc++-v3/src/tree.cc
1 libstdc++-v3/src/strstream.cc
1 libstdc++-v3/src/string-inst.cc
1 libstdc++-v3/src/streambuf.cc
1 libstdc++-v3/src/streambuf-inst.cc
1 libstdc++-v3/src/stdexcept.cc
1 libstdc++-v3/src/sstream-inst.cc
1 libstdc++-v3/src/pool_allocator.cc
1 libstdc++-v3/src/ostream-inst.cc
1 libstdc++-v3/src/mt_allocator.cc
1 libstdc++-v3/src/misc-inst.cc
1 libstdc++-v3/src/localename.cc
1 libstdc++-v3/src/locale_init.cc
1 libstdc++-v3/src/locale_facets.cc
1 libstdc++-v3/src/locale.cc
1 libstdc++-v3/src/locale-misc-inst.cc
1 libstdc++-v3/src/locale-inst.cc
1 libstdc++-v3/src/list.cc
1 libstdc++-v3/src/limits.cc
1 libstdc++-v3/src/istream.cc
1 libstdc++-v3/src/istream-inst.cc
1 libstdc++-v3/src/iostream-inst.cc
1 libstdc++-v3/src/ios_locale.cc
1 libstdc++-v3/src/ios_init.cc
1 libstdc++-v3/src/ios_failure.cc
1 libstdc++-v3/src/ios.cc
1 libstdc++-v3/src/ios-inst.cc
1 libstdc++-v3/src/globals_locale.cc
1 libstdc++-v3/src/globals_io.cc
1 libstdc++-v3/src/functexcept.cc
1 libstdc++-v3/src/fstream-inst.cc
1 libstdc++-v3/src/ext-inst.cc
1 libstdc++-v3/src/debug_list.cc
1 libstdc++-v3/src/debug.cc
1 libstdc++-v3/src/ctype.cc
1 libstdc++-v3/src/concept-inst.cc
1 libstdc++-v3/src/complex_io.cc
1 libstdc++-v3/src/compatibility.cc
1 libstdc++-v3/src/codecvt.cc
1 libstdc++-v3/src/bitmap_allocator.cc
1 libstdc++-v3/src/allocator-inst.cc
1 libssp/ssp.c
1 libssp/ssp-local.c
1 libobjc/thr.c
1 libobjc/sendmsg.c
1 libobjc/Object.m
1 libgfortran/runtime/error.c
1 libgfortran/io/open.c
1 gcc/unwind-pe.h
1 gcc/gthr-posix.h
1 gcc/coretypes.h
1 gcc/ada/mlib-prj.adb
1 fastjar/jartool.c
1 fastjar/compress.c
1 ctype_members.cc
1 collate_members.cc
1 codecvt_members.cc
1 c++locale.cc
1 basic_file.cc
1 atomicity.cc
1 ./runtime-info.h
Number of warning types:
82 -ffunction-sections may affect debugging on some targets
21 no previous prototype for \`???'
15 string length \`???' is greater than the length \`???' ISO C89
compilers are required to support
5 undefined symbols not allowed in i686-pc-cygwin shared libraries
3 format \`???' expects type \`???', but argument 5 has type \`???'
3 format \`???' expects type \`???', but argument 4 has type \`???'
3 comparison between signed and unsigned
2 visibility attribute not supported in this configuration; ignored
2 unused parameter \`???'
2 format \`???' expects type \`???', but argument 6 has type \`???'
2 \`???' defined but not used
1 this is the location of the previous definition
1 its scope is only this definition or declaration, which is
probably not what you want
1 format \`???' expects type \`???', but argument 7 has type \`???'
1 format \`???' expects type \`???', but argument 3 has type \`???'
1 format \`???' expects type \`???', but argument 2 has type \`???'
1 comparison of distinct pointer types lacks a cast
1 \`rtx' redefined
1 \`???' may be used uninitialized in this function
1 \`???' function does return
1 \`???' declared inside parameter list
Counting all warnings,
there are 25 warnings in stage3 of this bootstrap.
Number of warnings per file:
11 gengtype-lex.c
4 gcc/gcc.c
3 treelang/lex.c
3 gcc/config/i386/i386.md
2 gcc/objc/lang-specs.h
1 gcc/java/jvspec.c
1 gcc/ada/tracebak.c
Number of warning types:
11 no previous prototype for \`???'
9 string length \`???' is greater than the length \`???' ISO C89
compilers are required to support
3 old-style function definition
1 operand 1 missing mode?
1 comparison of unsigned expression < 0 is always false