This is the mail archive of the
gcc-testresults@gcc.gnu.org
mailing list for the GCC project.
Results for 4.2.0 20060325 (experimental) testsuite on sparc-sun-solaris2.8
- From: eric at linux dot site (Eric Botcazou)
- To: gcc-testresults at gcc dot gnu dot org
- Date: Sun, 26 Mar 2006 10:22:00 +0200
- Subject: Results for 4.2.0 20060325 (experimental) testsuite on sparc-sun-solaris2.8
LAST_UPDATED: Sat Mar 25 06:36:49 UTC 2006 (revision 112374M)
=== acats tests ===
FAIL: c34002a
FAIL: c35507m
FAIL: c52005e
FAIL: cd2a23e
FAIL: cxh1001
=== acats Summary ===
# of expected passes 2312
# of unexpected failures 5
Native configuration is sparc-sun-solaris2.8
=== g++ tests ===
Running target unix
FAIL: g++.dg/init/ctor4.C (test for excess errors)
WARNING: g++.dg/other/ucnid-1.C compilation failed to produce executable
FAIL: g++.dg/parse/register1.C (test for excess errors)
FAIL: g++.old-deja/g++.brendan/warnings4.C (test for excess errors)
FAIL: g++.old-deja/g++.jason/overload34.C (test for excess errors)
FAIL: g++.old-deja/g++.mike/p11110.C (test for excess errors)
FAIL: g++.old-deja/g++.other/init18.C (test for excess errors)
WARNING: g++.old-deja/g++.other/init18.C compilation failed to produce executable
FAIL: g++.old-deja/g++.other/init5.C execution test
=== g++ Summary ===
# of expected passes 12147
# of unexpected failures 7
# of expected failures 69
# of unsupported tests 153
/opt/build/eric/gcc/gcc/testsuite/g++/../../g++ version 4.2.0 20060325 (experimental)
=== gcc tests ===
Running target unix
XPASS: gcc.dg/cpp/cmdlne-dI-M.c scan-file (^|\\\\n)cmdlne-dI-M.*:[^\\\\n]*cmdlne-dI-M.c
XPASS: gcc.dg/cpp/cmdlne-dM-M.c scan-file (^|\\\\n)cmdlne-dM-M[^\\\\n]*:[^\\\\n]*cmdlne-dM-M.c
WARNING: gcc.dg/ucnid-2.c compilation failed to produce executable
WARNING: gcc.dg/ucnid-3.c compilation failed to produce executable
WARNING: gcc.dg/ucnid-4.c compilation failed to produce executable
FAIL: gcc.dg/torture/pr26565.c -O0 execution test
XPASS: gcc.dg/vect/pr20122.c scan-tree-dump-times vectorized 1 loops 2
XPASS: gcc.dg/vect/vect-105.c scan-tree-dump-times vectorized 1 loops 1
XPASS: gcc.dg/vect/vect-75.c scan-tree-dump-times vectorized 1 loops 1
=== gcc Summary ===
# of expected passes 38205
# of unexpected failures 1
# of unexpected successes 5
# of expected failures 121
# of untested testcases 28
# of unsupported tests 453
/opt/build/eric/gcc/gcc/xgcc version 4.2.0 20060325 (experimental)
=== gfortran tests ===
Running target unix
FAIL: gfortran.dg/transfer_array_intrinsic_1.f90 -O0 execution test
FAIL: gfortran.dg/transfer_array_intrinsic_1.f90 -O1 execution test
FAIL: gfortran.dg/transfer_array_intrinsic_1.f90 -O2 execution test
FAIL: gfortran.dg/transfer_array_intrinsic_1.f90 -O3 -fomit-frame-pointer execution test
FAIL: gfortran.dg/transfer_array_intrinsic_1.f90 -O3 -fomit-frame-pointer -funroll-loops execution test
FAIL: gfortran.dg/transfer_array_intrinsic_1.f90 -O3 -fomit-frame-pointer -funroll-all-loops -finline-functions execution test
FAIL: gfortran.dg/transfer_array_intrinsic_1.f90 -O3 -g execution test
FAIL: gfortran.dg/transfer_array_intrinsic_1.f90 -Os execution test
=== gfortran Summary ===
# of expected passes 12441
# of unexpected failures 8
# of expected failures 8
# of unsupported tests 93
/opt/build/eric/gcc/gcc/testsuite/gfortran/../../gfortran version 4.2.0 20060325 (experimental)
=== obj-c++ tests ===
Running target unix
FAIL: obj-c++.dg/cxx-ivars-2.mm execution test
FAIL: obj-c++.dg/encode-3.mm (test for excess errors)
FAIL: obj-c++.dg/encode-8.mm execution test
FAIL: obj-c++.dg/isa-field-1.mm (test for excess errors)
FAIL: obj-c++.dg/lookup-2.mm (test for excess errors)
WARNING: obj-c++.dg/lookup-2.mm compilation failed to produce executable
FAIL: obj-c++.dg/try-catch-2.mm (test for excess errors)
WARNING: obj-c++.dg/try-catch-2.mm compilation failed to produce executable
FAIL: obj-c++.dg/try-catch-9.mm (test for excess errors)
WARNING: obj-c++.dg/try-catch-9.mm compilation failed to produce executable
=== obj-c++ Summary ===
# of expected passes 426
# of unexpected failures 7
# of unsupported tests 13
/opt/build/eric/gcc/gcc/testsuite/obj-c++/../../g++ version 4.2.0 20060325 (experimental)
=== objc tests ===
Running target unix
FAIL: objc.dg/objc-nofilename-1.m scan-assembler-not objc-nofilename-1.m
=== objc Summary ===
# of expected passes 1753
# of unexpected failures 1
# of expected failures 7
# of unsupported tests 23
/opt/build/eric/gcc/gcc/xgcc version 4.2.0 20060325 (experimental)
=== libffi tests ===
Running target unix
=== libffi Summary ===
# of expected passes 1064
# of unsupported tests 8
=== libgomp tests ===
Running target unix
FAIL: libgomp.fortran/omp_parse2.f90 -O0 execution test
FAIL: libgomp.fortran/omp_parse2.f90 -O1 execution test
FAIL: libgomp.fortran/omp_parse2.f90 -O2 execution test
FAIL: libgomp.fortran/omp_parse2.f90 -O3 -fomit-frame-pointer execution test
FAIL: libgomp.fortran/omp_parse2.f90 -O3 -fomit-frame-pointer -funroll-loops execution test
FAIL: libgomp.fortran/omp_parse2.f90 -O3 -fomit-frame-pointer -funroll-all-loops -finline-functions execution test
FAIL: libgomp.fortran/omp_parse2.f90 -O3 -g execution test
FAIL: libgomp.fortran/omp_parse2.f90 -Os execution test
FAIL: libgomp.fortran/omp_parse4.f90 -O0 execution test
FAIL: libgomp.fortran/omp_parse4.f90 -O1 execution test
FAIL: libgomp.fortran/omp_parse4.f90 -O2 execution test
FAIL: libgomp.fortran/omp_parse4.f90 -O3 -fomit-frame-pointer execution test
FAIL: libgomp.fortran/omp_parse4.f90 -O3 -fomit-frame-pointer -funroll-loops execution test
FAIL: libgomp.fortran/omp_parse4.f90 -O3 -fomit-frame-pointer -funroll-all-loops -finline-functions execution test
FAIL: libgomp.fortran/omp_parse4.f90 -O3 -g execution test
FAIL: libgomp.fortran/omp_parse4.f90 -Os execution test
=== libgomp Summary ===
# of expected passes 1142
# of unexpected failures 16
# of unsupported tests 110
=== libjava tests ===
Running target unix
FAIL: Array_3 execution - gij test
FAIL: Array_3 execution - gij test
FAIL: Class_1 execution - source compiled test
FAIL: Class_1 execution - bytecode->native test
FAIL: Class_1 -O3 execution - source compiled test
FAIL: Class_1 -O3 execution - bytecode->native test
FAIL: ExtraClassLoader output - source compiled test
FAIL: ExtraClassLoader output - gij test
FAIL: ExtraClassLoader output - bytecode->native test
FAIL: ExtraClassLoader -O3 output - source compiled test
FAIL: ExtraClassLoader output - gij test
FAIL: ExtraClassLoader -O3 output - bytecode->native test
FAIL: FileHandleGcTest execution - gij test
FAIL: FileHandleGcTest execution - gij test
FAIL: InvokeInterface execution - bytecode->native test
FAIL: InvokeInterface -O3 execution - bytecode->native test
FAIL: PR12416 execution - bytecode->native test
FAIL: PR12416 -O3 execution - bytecode->native test
FAIL: PR260 execution - bytecode->native test
FAIL: PR260 -O3 execution - bytecode->native test
XPASS: PR26858 execution - source compiled test
XPASS: PR26858 output - source compiled test
XPASS: PR26858 execution - bytecode->native test
XPASS: PR26858 output - bytecode->native test
XPASS: PR26858 -O3 execution - source compiled test
XPASS: PR26858 -O3 output - source compiled test
XPASS: PR26858 -O3 execution - bytecode->native test
XPASS: PR26858 -O3 output - bytecode->native test
FAIL: SyncTest execution - bytecode->native test
FAIL: SyncTest -O3 execution - bytecode->native test
FAIL: Throw_2 execution - source compiled test
FAIL: Throw_2 execution - gij test
FAIL: Throw_2 execution - bytecode->native test
FAIL: Throw_2 -O3 execution - source compiled test
FAIL: Throw_2 execution - gij test
FAIL: Throw_2 -O3 execution - bytecode->native test
FAIL: invokethrow execution - bytecode->native test
FAIL: invokethrow -O3 execution - bytecode->native test
FAIL: pr179 execution - bytecode->native test
FAIL: pr179 -O3 execution - bytecode->native test
FAIL: pr24321 execution - bytecode->native test
FAIL: pr24321 -O3 execution - bytecode->native test
FAIL: pr8415 execution - bytecode->native test
FAIL: pr8415 -O3 execution - bytecode->native test
FAIL: stringconst2 output - source compiled test
FAIL: stringconst2 output - bytecode->native test
FAIL: stringconst2 -O3 output - source compiled test
FAIL: stringconst2 -O3 output - bytecode->native test
FAIL: pr21115 run
=== libjava Summary ===
# of expected passes 4000
# of unexpected failures 41
# of unexpected successes 8
# of expected failures 12
# of untested testcases 41
=== libstdc++ tests ===
Running target unix
=== libstdc++ Summary ===
# of expected passes 2760
# of expected failures 11
# of unsupported tests 151
Compiler version: 4.2.0 20060325 (experimental)
Platform: sparc-sun-solaris2.8
configure flags: --prefix=/opt/build/eric/local/gcc --with-gmp=/opt/build/eric/local --with-mpfr=/opt/build/eric/local --with-local-prefix=/opt/build/eric/local --enable-checking=assert,misc,runtime --disable-multilib --enable-languages=c,ada,c++,fortran,java,objc,obj-c++
BOOT_CFLAGS=-g -O2