This is the mail archive of the
gcc-testresults@gcc.gnu.org
mailing list for the GCC project.
Results for 4.1.1 20060325 (prerelease) testsuite on hppa2.0w-hp-hpux11.11
- From: CodeSourcery Automatic Testing System <gcc at codesourcery dot com>
- To: gcc-testresults at gcc dot gnu dot org
- Date: Sat, 25 Mar 2006 15:53:00 -0500 (EST)
- Subject: Results for 4.1.1 20060325 (prerelease) testsuite on hppa2.0w-hp-hpux11.11
LAST_UPDATED: Sat Mar 25 08:12:38 UTC 2006 (revision 112374)
Native configuration is hppa2.0w-hp-hpux11.11
=== g++ tests ===
Running target unix
FAIL: g++.dg-struct-layout-1/t001_main.C cp_compat_x_tst.o-cp_compat_y_tst.o link
UNRESOLVED: g++.dg-struct-layout-1/t001_main.C cp_compat_x_tst.o-cp_compat_y_tst.o execute
FAIL: g++.dg-struct-layout-1/t002_main.C cp_compat_x_tst.o-cp_compat_y_tst.o link
UNRESOLVED: g++.dg-struct-layout-1/t002_main.C cp_compat_x_tst.o-cp_compat_y_tst.o execute
FAIL: g++.dg-struct-layout-1/t003_main.C cp_compat_x_tst.o-cp_compat_y_tst.o link
UNRESOLVED: g++.dg-struct-layout-1/t003_main.C cp_compat_x_tst.o-cp_compat_y_tst.o execute
FAIL: g++.dg-struct-layout-1/t004_main.C cp_compat_x_tst.o-cp_compat_y_tst.o link
UNRESOLVED: g++.dg-struct-layout-1/t004_main.C cp_compat_x_tst.o-cp_compat_y_tst.o execute
FAIL: g++.dg-struct-layout-1/t005_main.C cp_compat_x_tst.o-cp_compat_y_tst.o link
UNRESOLVED: g++.dg-struct-layout-1/t005_main.C cp_compat_x_tst.o-cp_compat_y_tst.o execute
FAIL: g++.dg-struct-layout-1/t006_main.C cp_compat_x_tst.o-cp_compat_y_tst.o link
UNRESOLVED: g++.dg-struct-layout-1/t006_main.C cp_compat_x_tst.o-cp_compat_y_tst.o execute
FAIL: g++.dg-struct-layout-1/t007_main.C cp_compat_x_tst.o-cp_compat_y_tst.o link
UNRESOLVED: g++.dg-struct-layout-1/t007_main.C cp_compat_x_tst.o-cp_compat_y_tst.o execute
FAIL: g++.dg-struct-layout-1/t008_main.C cp_compat_x_tst.o-cp_compat_y_tst.o link
UNRESOLVED: g++.dg-struct-layout-1/t008_main.C cp_compat_x_tst.o-cp_compat_y_tst.o execute
FAIL: g++.dg-struct-layout-1/t009_main.C cp_compat_x_tst.o-cp_compat_y_tst.o link
UNRESOLVED: g++.dg-struct-layout-1/t009_main.C cp_compat_x_tst.o-cp_compat_y_tst.o execute
FAIL: g++.dg-struct-layout-1/t010_main.C cp_compat_x_tst.o-cp_compat_y_tst.o link
UNRESOLVED: g++.dg-struct-layout-1/t010_main.C cp_compat_x_tst.o-cp_compat_y_tst.o execute
FAIL: g++.dg-struct-layout-1/t011_main.C cp_compat_x_tst.o-cp_compat_y_tst.o link
UNRESOLVED: g++.dg-struct-layout-1/t011_main.C cp_compat_x_tst.o-cp_compat_y_tst.o execute
FAIL: g++.dg-struct-layout-1/t012_main.C cp_compat_x_tst.o-cp_compat_y_tst.o link
UNRESOLVED: g++.dg-struct-layout-1/t012_main.C cp_compat_x_tst.o-cp_compat_y_tst.o execute
FAIL: g++.dg-struct-layout-1/t013_main.C cp_compat_x_tst.o-cp_compat_y_tst.o link
UNRESOLVED: g++.dg-struct-layout-1/t013_main.C cp_compat_x_tst.o-cp_compat_y_tst.o execute
FAIL: g++.dg-struct-layout-1/t014_main.C cp_compat_x_tst.o-cp_compat_y_tst.o link
UNRESOLVED: g++.dg-struct-layout-1/t014_main.C cp_compat_x_tst.o-cp_compat_y_tst.o execute
FAIL: g++.dg-struct-layout-1/t015_main.C cp_compat_x_tst.o-cp_compat_y_tst.o link
UNRESOLVED: g++.dg-struct-layout-1/t015_main.C cp_compat_x_tst.o-cp_compat_y_tst.o execute
FAIL: g++.dg-struct-layout-1/t016_main.C cp_compat_x_tst.o-cp_compat_y_tst.o link
UNRESOLVED: g++.dg-struct-layout-1/t016_main.C cp_compat_x_tst.o-cp_compat_y_tst.o execute
FAIL: g++.dg-struct-layout-1/t017_main.C cp_compat_x_tst.o-cp_compat_y_tst.o link
UNRESOLVED: g++.dg-struct-layout-1/t017_main.C cp_compat_x_tst.o-cp_compat_y_tst.o execute
FAIL: g++.dg-struct-layout-1/t018_main.C cp_compat_x_tst.o-cp_compat_y_tst.o link
UNRESOLVED: g++.dg-struct-layout-1/t018_main.C cp_compat_x_tst.o-cp_compat_y_tst.o execute
FAIL: g++.dg-struct-layout-1/t019_main.C cp_compat_x_tst.o-cp_compat_y_tst.o link
UNRESOLVED: g++.dg-struct-layout-1/t019_main.C cp_compat_x_tst.o-cp_compat_y_tst.o execute
FAIL: g++.dg-struct-layout-1/t020_main.C cp_compat_x_tst.o-cp_compat_y_tst.o link
UNRESOLVED: g++.dg-struct-layout-1/t020_main.C cp_compat_x_tst.o-cp_compat_y_tst.o execute
FAIL: g++.dg-struct-layout-1/t021_main.C cp_compat_x_tst.o-cp_compat_y_tst.o link
UNRESOLVED: g++.dg-struct-layout-1/t021_main.C cp_compat_x_tst.o-cp_compat_y_tst.o execute
FAIL: g++.dg-struct-layout-1/t022_main.C cp_compat_x_tst.o-cp_compat_y_tst.o link
UNRESOLVED: g++.dg-struct-layout-1/t022_main.C cp_compat_x_tst.o-cp_compat_y_tst.o execute
FAIL: g++.dg-struct-layout-1/t023_main.C cp_compat_x_tst.o-cp_compat_y_tst.o link
UNRESOLVED: g++.dg-struct-layout-1/t023_main.C cp_compat_x_tst.o-cp_compat_y_tst.o execute
FAIL: g++.dg-struct-layout-1/t024_main.C cp_compat_x_tst.o-cp_compat_y_tst.o link
UNRESOLVED: g++.dg-struct-layout-1/t024_main.C cp_compat_x_tst.o-cp_compat_y_tst.o execute
FAIL: g++.dg-struct-layout-1/t025_main.C cp_compat_x_tst.o-cp_compat_y_tst.o link
UNRESOLVED: g++.dg-struct-layout-1/t025_main.C cp_compat_x_tst.o-cp_compat_y_tst.o execute
FAIL: g++.dg-struct-layout-1/t026_main.C cp_compat_x_tst.o-cp_compat_y_tst.o link
UNRESOLVED: g++.dg-struct-layout-1/t026_main.C cp_compat_x_tst.o-cp_compat_y_tst.o execute
FAIL: g++.dg-struct-layout-1/t027_main.C cp_compat_x_tst.o-cp_compat_y_tst.o link
UNRESOLVED: g++.dg-struct-layout-1/t027_main.C cp_compat_x_tst.o-cp_compat_y_tst.o execute
FAIL: g++.dg-struct-layout-1/t028_main.C cp_compat_x_tst.o-cp_compat_y_tst.o link
UNRESOLVED: g++.dg-struct-layout-1/t028_main.C cp_compat_x_tst.o-cp_compat_y_tst.o execute
FAIL: g++.dg-struct-layout-1/t029_main.C cp_compat_x_tst.o-cp_compat_y_tst.o link
UNRESOLVED: g++.dg-struct-layout-1/t029_main.C cp_compat_x_tst.o-cp_compat_y_tst.o execute
FAIL: g++.dg-struct-layout-1/t030_main.C cp_compat_x_tst.o-cp_compat_y_tst.o link
UNRESOLVED: g++.dg-struct-layout-1/t030_main.C cp_compat_x_tst.o-cp_compat_y_tst.o execute
XPASS: g++.dg/tree-ssa/pr14814.C scan-tree-dump-times &this 0
=== g++ Summary ===
# of expected passes 11500
# of unexpected failures 30
# of unexpected successes 1
# of expected failures 67
# of unresolved testcases 30
# of unsupported tests 152
/scratch/gcc/nightly-2006-03-25-4.1/hppa2.0w-hp-hpux11.11/build_gcc/install/bin/c++ version 4.1.1 20060325 (prerelease)
=== gcc tests ===
Running target unix
FAIL: gcc.dg-struct-layout-1/t001_main.c c_compat_x_tst.o-c_compat_y_tst.o link
UNRESOLVED: gcc.dg-struct-layout-1/t001_main.c c_compat_x_tst.o-c_compat_y_tst.o execute
FAIL: gcc.dg-struct-layout-1/t002_main.c c_compat_x_tst.o-c_compat_y_tst.o link
UNRESOLVED: gcc.dg-struct-layout-1/t002_main.c c_compat_x_tst.o-c_compat_y_tst.o execute
FAIL: gcc.dg-struct-layout-1/t003_main.c c_compat_x_tst.o-c_compat_y_tst.o link
UNRESOLVED: gcc.dg-struct-layout-1/t003_main.c c_compat_x_tst.o-c_compat_y_tst.o execute
FAIL: gcc.dg-struct-layout-1/t004_main.c c_compat_x_tst.o-c_compat_y_tst.o link
UNRESOLVED: gcc.dg-struct-layout-1/t004_main.c c_compat_x_tst.o-c_compat_y_tst.o execute
FAIL: gcc.dg-struct-layout-1/t005_main.c c_compat_x_tst.o-c_compat_y_tst.o link
UNRESOLVED: gcc.dg-struct-layout-1/t005_main.c c_compat_x_tst.o-c_compat_y_tst.o execute
FAIL: gcc.dg-struct-layout-1/t006_main.c c_compat_x_tst.o-c_compat_y_tst.o link
UNRESOLVED: gcc.dg-struct-layout-1/t006_main.c c_compat_x_tst.o-c_compat_y_tst.o execute
FAIL: gcc.dg-struct-layout-1/t007_main.c c_compat_x_tst.o-c_compat_y_tst.o link
UNRESOLVED: gcc.dg-struct-layout-1/t007_main.c c_compat_x_tst.o-c_compat_y_tst.o execute
FAIL: gcc.dg-struct-layout-1/t008_main.c c_compat_x_tst.o-c_compat_y_tst.o link
UNRESOLVED: gcc.dg-struct-layout-1/t008_main.c c_compat_x_tst.o-c_compat_y_tst.o execute
FAIL: gcc.dg-struct-layout-1/t009_main.c c_compat_x_tst.o-c_compat_y_tst.o link
UNRESOLVED: gcc.dg-struct-layout-1/t009_main.c c_compat_x_tst.o-c_compat_y_tst.o execute
FAIL: gcc.dg-struct-layout-1/t010_main.c c_compat_x_tst.o-c_compat_y_tst.o link
UNRESOLVED: gcc.dg-struct-layout-1/t010_main.c c_compat_x_tst.o-c_compat_y_tst.o execute
FAIL: gcc.dg-struct-layout-1/t011_main.c c_compat_x_tst.o-c_compat_y_tst.o link
UNRESOLVED: gcc.dg-struct-layout-1/t011_main.c c_compat_x_tst.o-c_compat_y_tst.o execute
FAIL: gcc.dg-struct-layout-1/t012_main.c c_compat_x_tst.o-c_compat_y_tst.o link
UNRESOLVED: gcc.dg-struct-layout-1/t012_main.c c_compat_x_tst.o-c_compat_y_tst.o execute
FAIL: gcc.dg-struct-layout-1/t013_main.c c_compat_x_tst.o-c_compat_y_tst.o link
UNRESOLVED: gcc.dg-struct-layout-1/t013_main.c c_compat_x_tst.o-c_compat_y_tst.o execute
FAIL: gcc.dg-struct-layout-1/t014_main.c c_compat_x_tst.o-c_compat_y_tst.o link
UNRESOLVED: gcc.dg-struct-layout-1/t014_main.c c_compat_x_tst.o-c_compat_y_tst.o execute
FAIL: gcc.dg-struct-layout-1/t015_main.c c_compat_x_tst.o-c_compat_y_tst.o link
UNRESOLVED: gcc.dg-struct-layout-1/t015_main.c c_compat_x_tst.o-c_compat_y_tst.o execute
FAIL: gcc.dg-struct-layout-1/t016_main.c c_compat_x_tst.o-c_compat_y_tst.o link
UNRESOLVED: gcc.dg-struct-layout-1/t016_main.c c_compat_x_tst.o-c_compat_y_tst.o execute
FAIL: gcc.dg-struct-layout-1/t017_main.c c_compat_x_tst.o-c_compat_y_tst.o link
UNRESOLVED: gcc.dg-struct-layout-1/t017_main.c c_compat_x_tst.o-c_compat_y_tst.o execute
FAIL: gcc.dg-struct-layout-1/t018_main.c c_compat_x_tst.o-c_compat_y_tst.o link
UNRESOLVED: gcc.dg-struct-layout-1/t018_main.c c_compat_x_tst.o-c_compat_y_tst.o execute
FAIL: gcc.dg-struct-layout-1/t019_main.c c_compat_x_tst.o-c_compat_y_tst.o link
UNRESOLVED: gcc.dg-struct-layout-1/t019_main.c c_compat_x_tst.o-c_compat_y_tst.o execute
FAIL: gcc.dg-struct-layout-1/t020_main.c c_compat_x_tst.o-c_compat_y_tst.o link
UNRESOLVED: gcc.dg-struct-layout-1/t020_main.c c_compat_x_tst.o-c_compat_y_tst.o execute
FAIL: gcc.dg-struct-layout-1/t021_main.c c_compat_x_tst.o-c_compat_y_tst.o link
UNRESOLVED: gcc.dg-struct-layout-1/t021_main.c c_compat_x_tst.o-c_compat_y_tst.o execute
FAIL: gcc.dg-struct-layout-1/t022_main.c c_compat_x_tst.o-c_compat_y_tst.o link
UNRESOLVED: gcc.dg-struct-layout-1/t022_main.c c_compat_x_tst.o-c_compat_y_tst.o execute
FAIL: gcc.dg-struct-layout-1/t023_main.c c_compat_x_tst.o-c_compat_y_tst.o link
UNRESOLVED: gcc.dg-struct-layout-1/t023_main.c c_compat_x_tst.o-c_compat_y_tst.o execute
FAIL: gcc.dg-struct-layout-1/t024_main.c c_compat_x_tst.o-c_compat_y_tst.o link
UNRESOLVED: gcc.dg-struct-layout-1/t024_main.c c_compat_x_tst.o-c_compat_y_tst.o execute
FAIL: gcc.dg-struct-layout-1/t025_main.c c_compat_x_tst.o-c_compat_y_tst.o link
UNRESOLVED: gcc.dg-struct-layout-1/t025_main.c c_compat_x_tst.o-c_compat_y_tst.o execute
FAIL: gcc.dg-struct-layout-1/t026_main.c c_compat_x_tst.o-c_compat_y_tst.o link
UNRESOLVED: gcc.dg-struct-layout-1/t026_main.c c_compat_x_tst.o-c_compat_y_tst.o execute
FAIL: gcc.dg-struct-layout-1/t027_main.c c_compat_x_tst.o-c_compat_y_tst.o link
UNRESOLVED: gcc.dg-struct-layout-1/t027_main.c c_compat_x_tst.o-c_compat_y_tst.o execute
FAIL: gcc.dg-struct-layout-1/t028_main.c c_compat_x_tst.o-c_compat_y_tst.o link
UNRESOLVED: gcc.dg-struct-layout-1/t028_main.c c_compat_x_tst.o-c_compat_y_tst.o execute
=== gcc Summary ===
# of expected passes 36367
# of unexpected failures 28
# of expected failures 78
# of unresolved testcases 28
# of untested testcases 28
# of unsupported tests 421
/scratch/gcc/nightly-2006-03-25-4.1/hppa2.0w-hp-hpux11.11/build_gcc/install/bin/gcc version 4.1.1 20060325 (prerelease)
=== libstdc++ tests ===
Running target unix
FAIL: 26_numerics/cmath/c99_classification_macros_c.cc (test for excess errors)
=== libstdc++ Summary ===
# of expected passes 2626
# of unexpected failures 1
# of expected failures 10
# of unsupported tests 159
Compiler version: 4.1.1 20060325 (prerelease)
Platform: hppa2.0w-hp-hpux11.11
configure flags: --disable-nls --build=hppa2.0w-hp-hpux11.11 --host=hppa2.0w-hp-hpux11.11 --target=hppa2.0w-hp-hpux11.11 --enable-languages=c,c++ --enable-shared --enable-threads --disable-libmudflap --disable-libssp --disable-libgomp --disable-libstdcxx-pch --with-gnu-as --with-as=/scratch/gcc/nightly-2006-03-25-4.1/hppa2.0w-hp-hpux11.11/build_gcc/install/bin/as --without-gnu-ld --with-ld=/usr/ccs/bin/ld --prefix=/scratch/gcc/nightly-2006-03-25-4.1/hppa2.0w-hp-hpux11.11/build_gcc/install