This is the mail archive of the
gcc-testresults@gcc.gnu.org
mailing list for the GCC project.
Results for 4.2.0 20060322 (experimental) testsuite on sparc-sun-solaris2.10
- From: "Kaveh R. Ghazi" <ghazi at caipclassic dot rutgers dot edu>
- To: gcc-testresults at gcc dot gnu dot org
- Date: Wed, 22 Mar 2006 18:02:03 -0500 (EST)
- Subject: Results for 4.2.0 20060322 (experimental) testsuite on sparc-sun-solaris2.10
LAST_UPDATED:
Native configuration is sparc-sun-solaris2.10
=== g++ tests ===
Running target unix/-m64
FAIL: g++.dg/debug/namespace1.C -gdwarf-21 (test for excess errors)
FAIL: g++.dg/debug/namespace1.C -gdwarf-21 -O2 (test for excess errors)
FAIL: g++.dg/debug/namespace1.C -gdwarf-21 -O3 (test for excess errors)
FAIL: g++.dg/debug/namespace1.C -gdwarf-2 (test for excess errors)
FAIL: g++.dg/debug/namespace1.C -gdwarf-2 -O2 (test for excess errors)
FAIL: g++.dg/debug/namespace1.C -gdwarf-2 -O3 (test for excess errors)
FAIL: g++.dg/debug/namespace1.C -gdwarf-23 (test for excess errors)
FAIL: g++.dg/debug/namespace1.C -gdwarf-23 -O2 (test for excess errors)
FAIL: g++.dg/debug/namespace1.C -gdwarf-23 -O3 (test for excess errors)
FAIL: g++.dg/debug/namespace1.C -gstabs1 (test for excess errors)
FAIL: g++.dg/debug/namespace1.C -gstabs1 -O2 (test for excess errors)
FAIL: g++.dg/debug/namespace1.C -gstabs1 -O3 (test for excess errors)
FAIL: g++.dg/debug/namespace1.C -gstabs (test for excess errors)
FAIL: g++.dg/debug/namespace1.C -gstabs -O2 (test for excess errors)
FAIL: g++.dg/debug/namespace1.C -gstabs -O3 (test for excess errors)
FAIL: g++.dg/debug/namespace1.C -gstabs3 (test for excess errors)
FAIL: g++.dg/debug/namespace1.C -gstabs3 -O2 (test for excess errors)
FAIL: g++.dg/debug/namespace1.C -gstabs3 -O3 (test for excess errors)
FAIL: g++.dg/debug/namespace1.C -gstabs+1 (test for excess errors)
FAIL: g++.dg/debug/namespace1.C -gstabs+1 -O2 (test for excess errors)
FAIL: g++.dg/debug/namespace1.C -gstabs+1 -O3 (test for excess errors)
FAIL: g++.dg/debug/namespace1.C -gstabs+ (test for excess errors)
FAIL: g++.dg/debug/namespace1.C -gstabs+ -O2 (test for excess errors)
FAIL: g++.dg/debug/namespace1.C -gstabs+ -O3 (test for excess errors)
FAIL: g++.dg/debug/namespace1.C -gstabs+3 (test for excess errors)
FAIL: g++.dg/debug/namespace1.C -gstabs+3 -O2 (test for excess errors)
FAIL: g++.dg/debug/namespace1.C -gstabs+3 -O3 (test for excess errors)
FAIL: g++.dg/init/ctor4.C (test for excess errors)
WARNING: g++.dg/other/ucnid-1.C compilation failed to produce executable
FAIL: g++.dg/parse/register1.C (test for excess errors)
FAIL: g++.old-deja/g++.brendan/warnings4.C (test for excess errors)
FAIL: g++.old-deja/g++.jason/overload34.C (test for excess errors)
FAIL: g++.old-deja/g++.mike/ns12.C (test for excess errors)
FAIL: g++.old-deja/g++.mike/p11110.C (test for excess errors)
FAIL: g++.old-deja/g++.ns/anon1.C (test for excess errors)
FAIL: g++.old-deja/g++.ns/extern1.C (test for excess errors)
FAIL: g++.old-deja/g++.other/init5.C execution test
=== g++ Summary for unix/-m64 ===
# of expected passes 12168
# of unexpected failures 36
# of expected failures 68
# of unsupported tests 141
Running target unix/-fPIC
FAIL: g++.dg/debug/namespace1.C -gdwarf-21 (test for excess errors)
FAIL: g++.dg/debug/namespace1.C -gdwarf-21 -O2 (test for excess errors)
FAIL: g++.dg/debug/namespace1.C -gdwarf-21 -O3 (test for excess errors)
FAIL: g++.dg/debug/namespace1.C -gdwarf-2 (test for excess errors)
FAIL: g++.dg/debug/namespace1.C -gdwarf-2 -O2 (test for excess errors)
FAIL: g++.dg/debug/namespace1.C -gdwarf-2 -O3 (test for excess errors)
FAIL: g++.dg/debug/namespace1.C -gdwarf-23 (test for excess errors)
FAIL: g++.dg/debug/namespace1.C -gdwarf-23 -O2 (test for excess errors)
FAIL: g++.dg/debug/namespace1.C -gdwarf-23 -O3 (test for excess errors)
FAIL: g++.dg/debug/namespace1.C -gstabs1 (test for excess errors)
FAIL: g++.dg/debug/namespace1.C -gstabs1 -O2 (test for excess errors)
FAIL: g++.dg/debug/namespace1.C -gstabs1 -O3 (test for excess errors)
FAIL: g++.dg/debug/namespace1.C -gstabs (test for excess errors)
FAIL: g++.dg/debug/namespace1.C -gstabs -O2 (test for excess errors)
FAIL: g++.dg/debug/namespace1.C -gstabs -O3 (test for excess errors)
FAIL: g++.dg/debug/namespace1.C -gstabs3 (test for excess errors)
FAIL: g++.dg/debug/namespace1.C -gstabs3 -O2 (test for excess errors)
FAIL: g++.dg/debug/namespace1.C -gstabs3 -O3 (test for excess errors)
FAIL: g++.dg/debug/namespace1.C -gstabs+1 (test for excess errors)
FAIL: g++.dg/debug/namespace1.C -gstabs+1 -O2 (test for excess errors)
FAIL: g++.dg/debug/namespace1.C -gstabs+1 -O3 (test for excess errors)
FAIL: g++.dg/debug/namespace1.C -gstabs+ (test for excess errors)
FAIL: g++.dg/debug/namespace1.C -gstabs+ -O2 (test for excess errors)
FAIL: g++.dg/debug/namespace1.C -gstabs+ -O3 (test for excess errors)
FAIL: g++.dg/debug/namespace1.C -gstabs+3 (test for excess errors)
FAIL: g++.dg/debug/namespace1.C -gstabs+3 -O2 (test for excess errors)
FAIL: g++.dg/debug/namespace1.C -gstabs+3 -O3 (test for excess errors)
FAIL: g++.dg/init/ctor4.C (test for excess errors)
WARNING: g++.dg/other/ucnid-1.C compilation failed to produce executable
FAIL: g++.dg/parse/register1.C (test for excess errors)
FAIL: g++.old-deja/g++.brendan/warnings4.C (test for excess errors)
FAIL: g++.old-deja/g++.jason/overload34.C (test for excess errors)
FAIL: g++.old-deja/g++.mike/ns12.C (test for excess errors)
FAIL: g++.old-deja/g++.mike/p11110.C (test for excess errors)
FAIL: g++.old-deja/g++.ns/anon1.C (test for excess errors)
FAIL: g++.old-deja/g++.ns/extern1.C (test for excess errors)
FAIL: g++.old-deja/g++.other/init5.C execution test
=== g++ Summary for unix/-fPIC ===
# of expected passes 12200
# of unexpected failures 36
# of expected failures 68
# of unsupported tests 139
Running target unix/-fpic
FAIL: tmpdir-g++.dg-struct-layout-1/t002 cp_compat_x_tst.o-cp_compat_y_tst.o link
UNRESOLVED: tmpdir-g++.dg-struct-layout-1/t002 cp_compat_x_tst.o-cp_compat_y_tst.o execute
FAIL: g++.dg/debug/namespace1.C -gdwarf-21 (test for excess errors)
FAIL: g++.dg/debug/namespace1.C -gdwarf-21 -O2 (test for excess errors)
FAIL: g++.dg/debug/namespace1.C -gdwarf-21 -O3 (test for excess errors)
FAIL: g++.dg/debug/namespace1.C -gdwarf-2 (test for excess errors)
FAIL: g++.dg/debug/namespace1.C -gdwarf-2 -O2 (test for excess errors)
FAIL: g++.dg/debug/namespace1.C -gdwarf-2 -O3 (test for excess errors)
FAIL: g++.dg/debug/namespace1.C -gdwarf-23 (test for excess errors)
FAIL: g++.dg/debug/namespace1.C -gdwarf-23 -O2 (test for excess errors)
FAIL: g++.dg/debug/namespace1.C -gdwarf-23 -O3 (test for excess errors)
FAIL: g++.dg/debug/namespace1.C -gstabs1 (test for excess errors)
FAIL: g++.dg/debug/namespace1.C -gstabs1 -O2 (test for excess errors)
FAIL: g++.dg/debug/namespace1.C -gstabs1 -O3 (test for excess errors)
FAIL: g++.dg/debug/namespace1.C -gstabs (test for excess errors)
FAIL: g++.dg/debug/namespace1.C -gstabs -O2 (test for excess errors)
FAIL: g++.dg/debug/namespace1.C -gstabs -O3 (test for excess errors)
FAIL: g++.dg/debug/namespace1.C -gstabs3 (test for excess errors)
FAIL: g++.dg/debug/namespace1.C -gstabs3 -O2 (test for excess errors)
FAIL: g++.dg/debug/namespace1.C -gstabs3 -O3 (test for excess errors)
FAIL: g++.dg/debug/namespace1.C -gstabs+1 (test for excess errors)
FAIL: g++.dg/debug/namespace1.C -gstabs+1 -O2 (test for excess errors)
FAIL: g++.dg/debug/namespace1.C -gstabs+1 -O3 (test for excess errors)
FAIL: g++.dg/debug/namespace1.C -gstabs+ (test for excess errors)
FAIL: g++.dg/debug/namespace1.C -gstabs+ -O2 (test for excess errors)
FAIL: g++.dg/debug/namespace1.C -gstabs+ -O3 (test for excess errors)
FAIL: g++.dg/debug/namespace1.C -gstabs+3 (test for excess errors)
FAIL: g++.dg/debug/namespace1.C -gstabs+3 -O2 (test for excess errors)
FAIL: g++.dg/debug/namespace1.C -gstabs+3 -O3 (test for excess errors)
FAIL: g++.dg/init/ctor4.C (test for excess errors)
WARNING: g++.dg/other/ucnid-1.C compilation failed to produce executable
FAIL: g++.dg/parse/register1.C (test for excess errors)
FAIL: g++.old-deja/g++.brendan/warnings4.C (test for excess errors)
FAIL: g++.old-deja/g++.jason/overload34.C (test for excess errors)
FAIL: g++.old-deja/g++.mike/ns12.C (test for excess errors)
FAIL: g++.old-deja/g++.mike/p11110.C (test for excess errors)
FAIL: g++.old-deja/g++.ns/anon1.C (test for excess errors)
FAIL: g++.old-deja/g++.ns/extern1.C (test for excess errors)
FAIL: g++.old-deja/g++.other/init5.C execution test
=== g++ Summary for unix/-fpic ===
# of expected passes 12198
# of unexpected failures 37
# of expected failures 68
# of unresolved testcases 1
# of unsupported tests 139
Running target unix
FAIL: g++.dg/debug/namespace1.C -gdwarf-21 (test for excess errors)
FAIL: g++.dg/debug/namespace1.C -gdwarf-21 -O2 (test for excess errors)
FAIL: g++.dg/debug/namespace1.C -gdwarf-21 -O3 (test for excess errors)
FAIL: g++.dg/debug/namespace1.C -gdwarf-2 (test for excess errors)
FAIL: g++.dg/debug/namespace1.C -gdwarf-2 -O2 (test for excess errors)
FAIL: g++.dg/debug/namespace1.C -gdwarf-2 -O3 (test for excess errors)
FAIL: g++.dg/debug/namespace1.C -gdwarf-23 (test for excess errors)
FAIL: g++.dg/debug/namespace1.C -gdwarf-23 -O2 (test for excess errors)
FAIL: g++.dg/debug/namespace1.C -gdwarf-23 -O3 (test for excess errors)
FAIL: g++.dg/debug/namespace1.C -gstabs1 (test for excess errors)
FAIL: g++.dg/debug/namespace1.C -gstabs1 -O2 (test for excess errors)
FAIL: g++.dg/debug/namespace1.C -gstabs1 -O3 (test for excess errors)
FAIL: g++.dg/debug/namespace1.C -gstabs (test for excess errors)
FAIL: g++.dg/debug/namespace1.C -gstabs -O2 (test for excess errors)
FAIL: g++.dg/debug/namespace1.C -gstabs -O3 (test for excess errors)
FAIL: g++.dg/debug/namespace1.C -gstabs3 (test for excess errors)
FAIL: g++.dg/debug/namespace1.C -gstabs3 -O2 (test for excess errors)
FAIL: g++.dg/debug/namespace1.C -gstabs3 -O3 (test for excess errors)
FAIL: g++.dg/debug/namespace1.C -gstabs+1 (test for excess errors)
FAIL: g++.dg/debug/namespace1.C -gstabs+1 -O2 (test for excess errors)
FAIL: g++.dg/debug/namespace1.C -gstabs+1 -O3 (test for excess errors)
FAIL: g++.dg/debug/namespace1.C -gstabs+ (test for excess errors)
FAIL: g++.dg/debug/namespace1.C -gstabs+ -O2 (test for excess errors)
FAIL: g++.dg/debug/namespace1.C -gstabs+ -O3 (test for excess errors)
FAIL: g++.dg/debug/namespace1.C -gstabs+3 (test for excess errors)
FAIL: g++.dg/debug/namespace1.C -gstabs+3 -O2 (test for excess errors)
FAIL: g++.dg/debug/namespace1.C -gstabs+3 -O3 (test for excess errors)
FAIL: g++.dg/init/ctor4.C (test for excess errors)
WARNING: g++.dg/other/ucnid-1.C compilation failed to produce executable
FAIL: g++.dg/parse/register1.C (test for excess errors)
FAIL: g++.old-deja/g++.brendan/warnings4.C (test for excess errors)
FAIL: g++.old-deja/g++.jason/overload34.C (test for excess errors)
FAIL: g++.old-deja/g++.mike/ns12.C (test for excess errors)
FAIL: g++.old-deja/g++.mike/p11110.C (test for excess errors)
FAIL: g++.old-deja/g++.ns/anon1.C (test for excess errors)
FAIL: g++.old-deja/g++.ns/extern1.C (test for excess errors)
FAIL: g++.old-deja/g++.other/init5.C execution test
=== g++ Summary for unix ===
# of expected passes 12200
# of unexpected failures 36
# of expected failures 68
# of unsupported tests 139
=== g++ Summary ===
# of expected passes 48766
# of unexpected failures 145
# of expected failures 272
# of unresolved testcases 1
# of unsupported tests 558
/caip/u12/kishgcc/gcc-testing/gcc-testing/42/build/gcc/testsuite/g++/../../g++ version 4.2.0 20060322 (experimental)
=== gcc tests ===
Running target unix/-m64
WARNING: gcc.dg/ucnid-2.c compilation failed to produce executable
WARNING: gcc.dg/ucnid-3.c compilation failed to produce executable
WARNING: gcc.dg/ucnid-4.c compilation failed to produce executable
FAIL: gcc.dg/torture/pr26565.c -O0 execution test
XPASS: gcc.dg/vect/pr20122.c scan-tree-dump-times vectorized 1 loops 2
XPASS: gcc.dg/vect/vect-105.c scan-tree-dump-times vectorized 1 loops 1
XPASS: gcc.dg/vect/vect-75.c scan-tree-dump-times vectorized 1 loops 1
=== gcc Summary for unix/-m64 ===
# of expected passes 38308
# of unexpected failures 1
# of unexpected successes 3
# of expected failures 124
# of untested testcases 28
# of unsupported tests 416
Running target unix/-fPIC
FAIL: gcc.c-torture/execute/builtins/sprintf-chk.c execution, -O1
FAIL: gcc.c-torture/execute/builtins/sprintf-chk.c execution, -O2
FAIL: gcc.c-torture/execute/builtins/sprintf-chk.c execution, -O3 -fomit-frame-pointer
FAIL: gcc.c-torture/execute/builtins/sprintf-chk.c execution, -O3 -fomit-frame-pointer -funroll-loops
FAIL: gcc.c-torture/execute/builtins/sprintf-chk.c execution, -O3 -fomit-frame-pointer -funroll-all-loops -finline-functions
FAIL: gcc.c-torture/execute/builtins/sprintf-chk.c execution, -O3 -g
FAIL: gcc.c-torture/execute/builtins/sprintf-chk.c execution, -Os
FAIL: gcc.c-torture/execute/builtins/stpcpy-chk.c execution, -O1
FAIL: gcc.c-torture/execute/builtins/stpcpy-chk.c execution, -O2
FAIL: gcc.c-torture/execute/builtins/stpcpy-chk.c execution, -O3 -fomit-frame-pointer
FAIL: gcc.c-torture/execute/builtins/stpcpy-chk.c execution, -O3 -fomit-frame-pointer -funroll-loops
FAIL: gcc.c-torture/execute/builtins/stpcpy-chk.c execution, -O3 -fomit-frame-pointer -funroll-all-loops -finline-functions
FAIL: gcc.c-torture/execute/builtins/stpcpy-chk.c execution, -O3 -g
FAIL: gcc.c-torture/execute/builtins/stpcpy-chk.c execution, -Os
FAIL: gcc.c-torture/execute/builtins/strcpy-chk.c execution, -O1
FAIL: gcc.c-torture/execute/builtins/strcpy-chk.c execution, -O2
FAIL: gcc.c-torture/execute/builtins/strcpy-chk.c execution, -O3 -fomit-frame-pointer
FAIL: gcc.c-torture/execute/builtins/strcpy-chk.c execution, -O3 -fomit-frame-pointer -funroll-loops
FAIL: gcc.c-torture/execute/builtins/strcpy-chk.c execution, -O3 -fomit-frame-pointer -funroll-all-loops -finline-functions
FAIL: gcc.c-torture/execute/builtins/strcpy-chk.c execution, -O3 -g
FAIL: gcc.c-torture/execute/builtins/strcpy-chk.c execution, -Os
FAIL: gcc.dg/assign-warn-3.c (test for warnings, line 9)
FAIL: gcc.dg/assign-warn-3.c (test for warnings, line 13)
WARNING: gcc.dg/ucnid-2.c compilation failed to produce executable
WARNING: gcc.dg/ucnid-3.c compilation failed to produce executable
WARNING: gcc.dg/ucnid-4.c compilation failed to produce executable
FAIL: gcc.dg/torture/asm-subreg-1.c -O1 (test for excess errors)
FAIL: gcc.dg/torture/asm-subreg-1.c -O2 (test for excess errors)
FAIL: gcc.dg/torture/asm-subreg-1.c -O3 -fomit-frame-pointer (test for excess errors)
FAIL: gcc.dg/torture/asm-subreg-1.c -O3 -g (test for excess errors)
FAIL: gcc.dg/torture/asm-subreg-1.c -Os (test for excess errors)
FAIL: gcc.dg/torture/pr26565.c -O0 execution test
FAIL: gcc.dg/tree-ssa/wholeprogram-1.c scan-tree-dump-not large_function
XPASS: gcc.dg/vect/pr20122.c scan-tree-dump-times vectorized 1 loops 2
XPASS: gcc.dg/vect/vect-105.c scan-tree-dump-times vectorized 1 loops 1
XPASS: gcc.dg/vect/vect-75.c scan-tree-dump-times vectorized 1 loops 1
=== gcc Summary for unix/-fPIC ===
# of expected passes 38270
# of unexpected failures 30
# of unexpected successes 3
# of expected failures 124
# of untested testcases 28
# of unsupported tests 418
Running target unix/-fpic
FAIL: gcc.c-torture/execute/builtins/sprintf-chk.c execution, -O1
FAIL: gcc.c-torture/execute/builtins/sprintf-chk.c execution, -O2
FAIL: gcc.c-torture/execute/builtins/sprintf-chk.c execution, -O3 -fomit-frame-pointer
FAIL: gcc.c-torture/execute/builtins/sprintf-chk.c execution, -O3 -fomit-frame-pointer -funroll-loops
FAIL: gcc.c-torture/execute/builtins/sprintf-chk.c execution, -O3 -fomit-frame-pointer -funroll-all-loops -finline-functions
FAIL: gcc.c-torture/execute/builtins/sprintf-chk.c execution, -O3 -g
FAIL: gcc.c-torture/execute/builtins/sprintf-chk.c execution, -Os
FAIL: gcc.c-torture/execute/builtins/stpcpy-chk.c execution, -O1
FAIL: gcc.c-torture/execute/builtins/stpcpy-chk.c execution, -O2
FAIL: gcc.c-torture/execute/builtins/stpcpy-chk.c execution, -O3 -fomit-frame-pointer
FAIL: gcc.c-torture/execute/builtins/stpcpy-chk.c execution, -O3 -fomit-frame-pointer -funroll-loops
FAIL: gcc.c-torture/execute/builtins/stpcpy-chk.c execution, -O3 -fomit-frame-pointer -funroll-all-loops -finline-functions
FAIL: gcc.c-torture/execute/builtins/stpcpy-chk.c execution, -O3 -g
FAIL: gcc.c-torture/execute/builtins/stpcpy-chk.c execution, -Os
FAIL: gcc.c-torture/execute/builtins/strcpy-chk.c execution, -O1
FAIL: gcc.c-torture/execute/builtins/strcpy-chk.c execution, -O2
FAIL: gcc.c-torture/execute/builtins/strcpy-chk.c execution, -O3 -fomit-frame-pointer
FAIL: gcc.c-torture/execute/builtins/strcpy-chk.c execution, -O3 -fomit-frame-pointer -funroll-loops
FAIL: gcc.c-torture/execute/builtins/strcpy-chk.c execution, -O3 -fomit-frame-pointer -funroll-all-loops -finline-functions
FAIL: gcc.c-torture/execute/builtins/strcpy-chk.c execution, -O3 -g
FAIL: gcc.c-torture/execute/builtins/strcpy-chk.c execution, -Os
FAIL: tmpdir-gcc.dg-struct-layout-1/t002 c_compat_x_tst.o-c_compat_y_tst.o link
UNRESOLVED: tmpdir-gcc.dg-struct-layout-1/t002 c_compat_x_tst.o-c_compat_y_tst.o execute
FAIL: gcc.dg/assign-warn-3.c (test for warnings, line 9)
FAIL: gcc.dg/assign-warn-3.c (test for warnings, line 13)
WARNING: gcc.dg/ucnid-2.c compilation failed to produce executable
WARNING: gcc.dg/ucnid-3.c compilation failed to produce executable
WARNING: gcc.dg/ucnid-4.c compilation failed to produce executable
FAIL: gcc.dg/torture/pr26565.c -O0 execution test
FAIL: gcc.dg/tree-ssa/wholeprogram-1.c scan-tree-dump-not large_function
XPASS: gcc.dg/vect/pr20122.c scan-tree-dump-times vectorized 1 loops 2
XPASS: gcc.dg/vect/vect-105.c scan-tree-dump-times vectorized 1 loops 1
XPASS: gcc.dg/vect/vect-75.c scan-tree-dump-times vectorized 1 loops 1
=== gcc Summary for unix/-fpic ===
# of expected passes 38273
# of unexpected failures 26
# of unexpected successes 3
# of expected failures 124
# of unresolved testcases 1
# of untested testcases 28
# of unsupported tests 418
Running target unix
WARNING: gcc.dg/ucnid-2.c compilation failed to produce executable
WARNING: gcc.dg/ucnid-3.c compilation failed to produce executable
WARNING: gcc.dg/ucnid-4.c compilation failed to produce executable
FAIL: gcc.dg/torture/pr26565.c -O0 execution test
XPASS: gcc.dg/vect/pr20122.c scan-tree-dump-times vectorized 1 loops 2
XPASS: gcc.dg/vect/vect-105.c scan-tree-dump-times vectorized 1 loops 1
XPASS: gcc.dg/vect/vect-75.c scan-tree-dump-times vectorized 1 loops 1
=== gcc Summary for unix ===
# of expected passes 38314
# of unexpected failures 1
# of unexpected successes 3
# of expected failures 124
# of untested testcases 28
# of unsupported tests 413
=== gcc Summary ===
# of expected passes 153165
# of unexpected failures 58
# of unexpected successes 12
# of expected failures 496
# of unresolved testcases 1
# of untested testcases 112
# of unsupported tests 1665
/caip/u12/kishgcc/gcc-testing/gcc-testing/42/build/gcc/xgcc version 4.2.0 20060322 (experimental)
=== gfortran tests ===
Running target unix/-m64
FAIL: gfortran.dg/large_real_kind_form_io_2.f90 -O0 execution test
FAIL: gfortran.dg/large_real_kind_form_io_2.f90 -O1 execution test
FAIL: gfortran.dg/large_real_kind_form_io_2.f90 -O2 execution test
FAIL: gfortran.dg/large_real_kind_form_io_2.f90 -O3 -fomit-frame-pointer execution test
FAIL: gfortran.dg/large_real_kind_form_io_2.f90 -O3 -fomit-frame-pointer -funroll-loops execution test
FAIL: gfortran.dg/large_real_kind_form_io_2.f90 -O3 -fomit-frame-pointer -funroll-all-loops -finline-functions execution test
FAIL: gfortran.dg/large_real_kind_form_io_2.f90 -O3 -g execution test
FAIL: gfortran.dg/large_real_kind_form_io_2.f90 -Os execution test
=== gfortran Summary for unix/-m64 ===
# of expected passes 12521
# of unexpected failures 8
# of expected failures 9
# of unsupported tests 31
Running target unix/-fPIC
FAIL: gfortran.dg/large_real_kind_form_io_2.f90 -O0 execution test
FAIL: gfortran.dg/large_real_kind_form_io_2.f90 -O1 execution test
FAIL: gfortran.dg/large_real_kind_form_io_2.f90 -O2 execution test
FAIL: gfortran.dg/large_real_kind_form_io_2.f90 -O3 -fomit-frame-pointer execution test
FAIL: gfortran.dg/large_real_kind_form_io_2.f90 -O3 -fomit-frame-pointer -funroll-loops execution test
FAIL: gfortran.dg/large_real_kind_form_io_2.f90 -O3 -fomit-frame-pointer -funroll-all-loops -finline-functions execution test
FAIL: gfortran.dg/large_real_kind_form_io_2.f90 -O3 -g execution test
FAIL: gfortran.dg/large_real_kind_form_io_2.f90 -Os execution test
=== gfortran Summary for unix/-fPIC ===
# of expected passes 12491
# of unexpected failures 8
# of expected failures 8
# of unsupported tests 47
Running target unix/-fpic
FAIL: gfortran.dg/large_real_kind_form_io_2.f90 -O0 execution test
FAIL: gfortran.dg/large_real_kind_form_io_2.f90 -O1 execution test
FAIL: gfortran.dg/large_real_kind_form_io_2.f90 -O2 execution test
FAIL: gfortran.dg/large_real_kind_form_io_2.f90 -O3 -fomit-frame-pointer execution test
FAIL: gfortran.dg/large_real_kind_form_io_2.f90 -O3 -fomit-frame-pointer -funroll-loops execution test
FAIL: gfortran.dg/large_real_kind_form_io_2.f90 -O3 -fomit-frame-pointer -funroll-all-loops -finline-functions execution test
FAIL: gfortran.dg/large_real_kind_form_io_2.f90 -O3 -g execution test
FAIL: gfortran.dg/large_real_kind_form_io_2.f90 -Os execution test
=== gfortran Summary for unix/-fpic ===
# of expected passes 12491
# of unexpected failures 8
# of expected failures 8
# of unsupported tests 47
Running target unix
FAIL: gfortran.dg/large_real_kind_form_io_2.f90 -O0 execution test
FAIL: gfortran.dg/large_real_kind_form_io_2.f90 -O1 execution test
FAIL: gfortran.dg/large_real_kind_form_io_2.f90 -O2 execution test
FAIL: gfortran.dg/large_real_kind_form_io_2.f90 -O3 -fomit-frame-pointer execution test
FAIL: gfortran.dg/large_real_kind_form_io_2.f90 -O3 -fomit-frame-pointer -funroll-loops execution test
FAIL: gfortran.dg/large_real_kind_form_io_2.f90 -O3 -fomit-frame-pointer -funroll-all-loops -finline-functions execution test
FAIL: gfortran.dg/large_real_kind_form_io_2.f90 -O3 -g execution test
FAIL: gfortran.dg/large_real_kind_form_io_2.f90 -Os execution test
=== gfortran Summary for unix ===
# of expected passes 12491
# of unexpected failures 8
# of expected failures 8
# of unsupported tests 47
=== gfortran Summary ===
# of expected passes 49994
# of unexpected failures 32
# of expected failures 33
# of unsupported tests 172
/caip/u12/kishgcc/gcc-testing/gcc-testing/42/build/gcc/testsuite/gfortran/../../gfortran version 4.2.0 20060322 (experimental)
=== obj-c++ tests ===
Running target unix/-m64
FAIL: obj-c++.dg/bitfield-1.mm (test for excess errors)
FAIL: obj-c++.dg/bitfield-4.mm (test for excess errors)
FAIL: obj-c++.dg/comp-types-10.mm (test for excess errors)
FAIL: obj-c++.dg/cxx-ivars-2.mm execution test
FAIL: obj-c++.dg/encode-3.mm (test for excess errors)
FAIL: obj-c++.dg/encode-3.mm execution test
FAIL: obj-c++.dg/encode-8.mm execution test
FAIL: obj-c++.dg/isa-field-1.mm (test for excess errors)
FAIL: obj-c++.dg/layout-1.mm (test for excess errors)
FAIL: obj-c++.dg/lookup-2.mm (test for excess errors)
WARNING: obj-c++.dg/lookup-2.mm compilation failed to produce executable
FAIL: obj-c++.dg/try-catch-2.mm (test for excess errors)
WARNING: obj-c++.dg/try-catch-2.mm compilation failed to produce executable
FAIL: obj-c++.dg/try-catch-9.mm (test for excess errors)
WARNING: obj-c++.dg/try-catch-9.mm compilation failed to produce executable
=== obj-c++ Summary for unix/-m64 ===
# of expected passes 419
# of unexpected failures 12
# of unsupported tests 13
Running target unix/-fPIC
FAIL: obj-c++.dg/comp-types-10.mm (test for excess errors)
FAIL: obj-c++.dg/cxx-ivars-2.mm execution test
FAIL: obj-c++.dg/encode-3.mm (test for excess errors)
FAIL: obj-c++.dg/encode-8.mm execution test
FAIL: obj-c++.dg/isa-field-1.mm (test for excess errors)
FAIL: obj-c++.dg/lookup-2.mm (test for excess errors)
WARNING: obj-c++.dg/lookup-2.mm compilation failed to produce executable
FAIL: obj-c++.dg/try-catch-2.mm (test for excess errors)
WARNING: obj-c++.dg/try-catch-2.mm compilation failed to produce executable
FAIL: obj-c++.dg/try-catch-9.mm (test for excess errors)
WARNING: obj-c++.dg/try-catch-9.mm compilation failed to produce executable
=== obj-c++ Summary for unix/-fPIC ===
# of expected passes 423
# of unexpected failures 8
# of unsupported tests 13
Running target unix/-fpic
FAIL: obj-c++.dg/comp-types-10.mm (test for excess errors)
FAIL: obj-c++.dg/cxx-ivars-2.mm execution test
FAIL: obj-c++.dg/encode-3.mm (test for excess errors)
FAIL: obj-c++.dg/encode-8.mm execution test
FAIL: obj-c++.dg/isa-field-1.mm (test for excess errors)
FAIL: obj-c++.dg/lookup-2.mm (test for excess errors)
WARNING: obj-c++.dg/lookup-2.mm compilation failed to produce executable
FAIL: obj-c++.dg/try-catch-2.mm (test for excess errors)
WARNING: obj-c++.dg/try-catch-2.mm compilation failed to produce executable
FAIL: obj-c++.dg/try-catch-9.mm (test for excess errors)
WARNING: obj-c++.dg/try-catch-9.mm compilation failed to produce executable
=== obj-c++ Summary for unix/-fpic ===
# of expected passes 423
# of unexpected failures 8
# of unsupported tests 13
Running target unix
FAIL: obj-c++.dg/comp-types-10.mm (test for excess errors)
FAIL: obj-c++.dg/cxx-ivars-2.mm execution test
FAIL: obj-c++.dg/encode-3.mm (test for excess errors)
FAIL: obj-c++.dg/encode-8.mm execution test
FAIL: obj-c++.dg/isa-field-1.mm (test for excess errors)
FAIL: obj-c++.dg/lookup-2.mm (test for excess errors)
WARNING: obj-c++.dg/lookup-2.mm compilation failed to produce executable
FAIL: obj-c++.dg/try-catch-2.mm (test for excess errors)
WARNING: obj-c++.dg/try-catch-2.mm compilation failed to produce executable
FAIL: obj-c++.dg/try-catch-9.mm (test for excess errors)
WARNING: obj-c++.dg/try-catch-9.mm compilation failed to produce executable
=== obj-c++ Summary for unix ===
# of expected passes 423
# of unexpected failures 8
# of unsupported tests 13
=== obj-c++ Summary ===
# of expected passes 1688
# of unexpected failures 36
# of unsupported tests 52
/caip/u12/kishgcc/gcc-testing/gcc-testing/42/build/gcc/testsuite/obj-c++/../../g++ version 4.2.0 20060322 (experimental)
=== objc tests ===
Running target unix/-m64
FAIL: objc.dg/objc-nofilename-1.m scan-assembler-not objc-nofilename-1.m
=== objc Summary for unix/-m64 ===
# of expected passes 1751
# of unexpected failures 1
# of expected failures 7
# of unsupported tests 23
Running target unix/-fPIC
FAIL: objc.dg/objc-nofilename-1.m scan-assembler-not objc-nofilename-1.m
=== objc Summary for unix/-fPIC ===
# of expected passes 1751
# of unexpected failures 1
# of expected failures 7
# of unsupported tests 23
Running target unix/-fpic
FAIL: objc.dg/objc-nofilename-1.m scan-assembler-not objc-nofilename-1.m
=== objc Summary for unix/-fpic ===
# of expected passes 1751
# of unexpected failures 1
# of expected failures 7
# of unsupported tests 23
Running target unix
FAIL: objc.dg/objc-nofilename-1.m scan-assembler-not objc-nofilename-1.m
=== objc Summary for unix ===
# of expected passes 1751
# of unexpected failures 1
# of expected failures 7
# of unsupported tests 23
=== objc Summary ===
# of expected passes 7004
# of unexpected failures 4
# of expected failures 28
# of unsupported tests 92
/caip/u12/kishgcc/gcc-testing/gcc-testing/42/build/gcc/xgcc version 4.2.0 20060322 (experimental)
=== treelang tests ===
Running target unix/-m64
=== treelang Summary for unix/-m64 ===
# of expected passes 50
Running target unix/-fPIC
=== treelang Summary for unix/-fPIC ===
# of expected passes 50
Running target unix/-fpic
=== treelang Summary for unix/-fpic ===
# of expected passes 50
Running target unix
=== treelang Summary for unix ===
# of expected passes 50
=== treelang Summary ===
# of expected passes 200
=== libffi tests ===
Running target unix/-m64
=== libffi Summary for unix/-m64 ===
# of expected passes 1064
# of unsupported tests 8
Running target unix/-fPIC
=== libffi Summary for unix/-fPIC ===
# of expected passes 1064
# of unsupported tests 8
Running target unix/-fpic
=== libffi Summary for unix/-fpic ===
# of expected passes 1064
# of unsupported tests 8
Running target unix
=== libffi Summary for unix ===
# of expected passes 1064
# of unsupported tests 8
=== libffi Summary ===
# of expected passes 4256
# of unsupported tests 32
=== libgomp tests ===
Running target unix/-m64
FAIL: libgomp.c++/ctor-5.C -O0 (test for excess errors)
WARNING: libgomp.c++/ctor-5.C -O0 compilation failed to produce executable
FAIL: libgomp.c++/ctor-5.C -O1 (test for excess errors)
WARNING: libgomp.c++/ctor-5.C -O1 compilation failed to produce executable
FAIL: libgomp.c++/ctor-5.C -O2 (test for excess errors)
WARNING: libgomp.c++/ctor-5.C -O2 compilation failed to produce executable
FAIL: libgomp.c++/ctor-5.C -O3 -fomit-frame-pointer (test for excess errors)
WARNING: libgomp.c++/ctor-5.C -O3 -fomit-frame-pointer compilation failed to produce executable
FAIL: libgomp.c++/ctor-5.C -O3 -fomit-frame-pointer -funroll-loops (test for excess errors)
WARNING: libgomp.c++/ctor-5.C -O3 -fomit-frame-pointer -funroll-loops compilation failed to produce executable
FAIL: libgomp.c++/ctor-5.C -O3 -fomit-frame-pointer -funroll-all-loops -finline-functions (test for excess errors)
WARNING: libgomp.c++/ctor-5.C -O3 -fomit-frame-pointer -funroll-all-loops -finline-functions compilation failed to produce executable
FAIL: libgomp.c++/ctor-5.C -O3 -g (test for excess errors)
WARNING: libgomp.c++/ctor-5.C -O3 -g compilation failed to produce executable
FAIL: libgomp.c++/ctor-5.C -Os (test for excess errors)
WARNING: libgomp.c++/ctor-5.C -Os compilation failed to produce executable
FAIL: libgomp.c++/ctor-8.C -O0 (test for excess errors)
WARNING: libgomp.c++/ctor-8.C -O0 compilation failed to produce executable
FAIL: libgomp.c++/ctor-8.C -O1 (test for excess errors)
WARNING: libgomp.c++/ctor-8.C -O1 compilation failed to produce executable
FAIL: libgomp.c++/ctor-8.C -O2 (test for excess errors)
WARNING: libgomp.c++/ctor-8.C -O2 compilation failed to produce executable
FAIL: libgomp.c++/ctor-8.C -O3 -fomit-frame-pointer (test for excess errors)
WARNING: libgomp.c++/ctor-8.C -O3 -fomit-frame-pointer compilation failed to produce executable
FAIL: libgomp.c++/ctor-8.C -O3 -fomit-frame-pointer -funroll-loops (test for excess errors)
WARNING: libgomp.c++/ctor-8.C -O3 -fomit-frame-pointer -funroll-loops compilation failed to produce executable
FAIL: libgomp.c++/ctor-8.C -O3 -fomit-frame-pointer -funroll-all-loops -finline-functions (test for excess errors)
WARNING: libgomp.c++/ctor-8.C -O3 -fomit-frame-pointer -funroll-all-loops -finline-functions compilation failed to produce executable
FAIL: libgomp.c++/ctor-8.C -O3 -g (test for excess errors)
WARNING: libgomp.c++/ctor-8.C -O3 -g compilation failed to produce executable
FAIL: libgomp.c++/ctor-8.C -Os (test for excess errors)
WARNING: libgomp.c++/ctor-8.C -Os compilation failed to produce executable
FAIL: libgomp.c++/ctor-9.C -O0 (test for excess errors)
WARNING: libgomp.c++/ctor-9.C -O0 compilation failed to produce executable
FAIL: libgomp.c++/ctor-9.C -O1 (test for excess errors)
WARNING: libgomp.c++/ctor-9.C -O1 compilation failed to produce executable
FAIL: libgomp.c++/ctor-9.C -O2 (test for excess errors)
WARNING: libgomp.c++/ctor-9.C -O2 compilation failed to produce executable
FAIL: libgomp.c++/ctor-9.C -O3 -fomit-frame-pointer (test for excess errors)
WARNING: libgomp.c++/ctor-9.C -O3 -fomit-frame-pointer compilation failed to produce executable
FAIL: libgomp.c++/ctor-9.C -O3 -fomit-frame-pointer -funroll-loops (test for excess errors)
WARNING: libgomp.c++/ctor-9.C -O3 -fomit-frame-pointer -funroll-loops compilation failed to produce executable
FAIL: libgomp.c++/ctor-9.C -O3 -fomit-frame-pointer -funroll-all-loops -finline-functions (test for excess errors)
WARNING: libgomp.c++/ctor-9.C -O3 -fomit-frame-pointer -funroll-all-loops -finline-functions compilation failed to produce executable
FAIL: libgomp.c++/ctor-9.C -O3 -g (test for excess errors)
WARNING: libgomp.c++/ctor-9.C -O3 -g compilation failed to produce executable
FAIL: libgomp.c++/ctor-9.C -Os (test for excess errors)
WARNING: libgomp.c++/ctor-9.C -Os compilation failed to produce executable
FAIL: libgomp.fortran/appendix-a/a.22.7.f90 -O0 (test for excess errors)
WARNING: libgomp.fortran/appendix-a/a.22.7.f90 -O0 compilation failed to produce executable
FAIL: libgomp.fortran/appendix-a/a.22.7.f90 -O1 (test for excess errors)
WARNING: libgomp.fortran/appendix-a/a.22.7.f90 -O1 compilation failed to produce executable
FAIL: libgomp.fortran/appendix-a/a.22.7.f90 -O2 (test for excess errors)
WARNING: libgomp.fortran/appendix-a/a.22.7.f90 -O2 compilation failed to produce executable
FAIL: libgomp.fortran/appendix-a/a.22.7.f90 -O3 -fomit-frame-pointer (test for excess errors)
WARNING: libgomp.fortran/appendix-a/a.22.7.f90 -O3 -fomit-frame-pointer compilation failed to produce executable
FAIL: libgomp.fortran/appendix-a/a.22.7.f90 -O3 -fomit-frame-pointer -funroll-loops (test for excess errors)
WARNING: libgomp.fortran/appendix-a/a.22.7.f90 -O3 -fomit-frame-pointer -funroll-loops compilation failed to produce executable
FAIL: libgomp.fortran/appendix-a/a.22.7.f90 -O3 -fomit-frame-pointer -funroll-all-loops -finline-functions (test for excess errors)
WARNING: libgomp.fortran/appendix-a/a.22.7.f90 -O3 -fomit-frame-pointer -funroll-all-loops -finline-functions compilation failed to produce executable
FAIL: libgomp.fortran/appendix-a/a.22.7.f90 -O3 -g (test for excess errors)
WARNING: libgomp.fortran/appendix-a/a.22.7.f90 -O3 -g compilation failed to produce executable
FAIL: libgomp.fortran/appendix-a/a.22.7.f90 -Os (test for excess errors)
WARNING: libgomp.fortran/appendix-a/a.22.7.f90 -Os compilation failed to produce executable
FAIL: libgomp.fortran/omp_parse2.f90 -O0 execution test
FAIL: libgomp.fortran/omp_parse2.f90 -O1 execution test
FAIL: libgomp.fortran/omp_parse2.f90 -O2 execution test
FAIL: libgomp.fortran/omp_parse2.f90 -O3 -fomit-frame-pointer execution test
FAIL: libgomp.fortran/omp_parse2.f90 -O3 -fomit-frame-pointer -funroll-loops execution test
FAIL: libgomp.fortran/omp_parse2.f90 -O3 -fomit-frame-pointer -funroll-all-loops -finline-functions execution test
FAIL: libgomp.fortran/omp_parse2.f90 -O3 -g execution test
FAIL: libgomp.fortran/omp_parse2.f90 -Os execution test
FAIL: libgomp.fortran/omp_parse3.f90 -O0 (test for excess errors)
WARNING: libgomp.fortran/omp_parse3.f90 -O0 compilation failed to produce executable
FAIL: libgomp.fortran/omp_parse3.f90 -O1 (test for excess errors)
WARNING: libgomp.fortran/omp_parse3.f90 -O1 compilation failed to produce executable
FAIL: libgomp.fortran/omp_parse3.f90 -O2 (test for excess errors)
WARNING: libgomp.fortran/omp_parse3.f90 -O2 compilation failed to produce executable
FAIL: libgomp.fortran/omp_parse3.f90 -O3 -fomit-frame-pointer (test for excess errors)
WARNING: libgomp.fortran/omp_parse3.f90 -O3 -fomit-frame-pointer compilation failed to produce executable
FAIL: libgomp.fortran/omp_parse3.f90 -O3 -fomit-frame-pointer -funroll-loops (test for excess errors)
WARNING: libgomp.fortran/omp_parse3.f90 -O3 -fomit-frame-pointer -funroll-loops compilation failed to produce executable
FAIL: libgomp.fortran/omp_parse3.f90 -O3 -fomit-frame-pointer -funroll-all-loops -finline-functions (test for excess errors)
WARNING: libgomp.fortran/omp_parse3.f90 -O3 -fomit-frame-pointer -funroll-all-loops -finline-functions compilation failed to produce executable
FAIL: libgomp.fortran/omp_parse3.f90 -O3 -g (test for excess errors)
WARNING: libgomp.fortran/omp_parse3.f90 -O3 -g compilation failed to produce executable
FAIL: libgomp.fortran/omp_parse3.f90 -Os (test for excess errors)
WARNING: libgomp.fortran/omp_parse3.f90 -Os compilation failed to produce executable
FAIL: libgomp.fortran/omp_parse4.f90 -O0 execution test
FAIL: libgomp.fortran/omp_parse4.f90 -O1 execution test
FAIL: libgomp.fortran/omp_parse4.f90 -O2 execution test
FAIL: libgomp.fortran/omp_parse4.f90 -O3 -fomit-frame-pointer execution test
FAIL: libgomp.fortran/omp_parse4.f90 -O3 -fomit-frame-pointer -funroll-loops execution test
FAIL: libgomp.fortran/omp_parse4.f90 -O3 -fomit-frame-pointer -funroll-all-loops -finline-functions execution test
FAIL: libgomp.fortran/omp_parse4.f90 -O3 -g execution test
FAIL: libgomp.fortran/omp_parse4.f90 -Os execution test
FAIL: libgomp.fortran/threadprivate2.f90 -O0 (test for excess errors)
WARNING: libgomp.fortran/threadprivate2.f90 -O0 compilation failed to produce executable
FAIL: libgomp.fortran/threadprivate2.f90 -O1 (test for excess errors)
WARNING: libgomp.fortran/threadprivate2.f90 -O1 compilation failed to produce executable
FAIL: libgomp.fortran/threadprivate2.f90 -O2 (test for excess errors)
WARNING: libgomp.fortran/threadprivate2.f90 -O2 compilation failed to produce executable
FAIL: libgomp.fortran/threadprivate2.f90 -O3 -fomit-frame-pointer (test for excess errors)
WARNING: libgomp.fortran/threadprivate2.f90 -O3 -fomit-frame-pointer compilation failed to produce executable
FAIL: libgomp.fortran/threadprivate2.f90 -O3 -fomit-frame-pointer -funroll-loops (test for excess errors)
WARNING: libgomp.fortran/threadprivate2.f90 -O3 -fomit-frame-pointer -funroll-loops compilation failed to produce executable
FAIL: libgomp.fortran/threadprivate2.f90 -O3 -fomit-frame-pointer -funroll-all-loops -finline-functions (test for excess errors)
WARNING: libgomp.fortran/threadprivate2.f90 -O3 -fomit-frame-pointer -funroll-all-loops -finline-functions compilation failed to produce executable
FAIL: libgomp.fortran/threadprivate2.f90 -O3 -g (test for excess errors)
WARNING: libgomp.fortran/threadprivate2.f90 -O3 -g compilation failed to produce executable
FAIL: libgomp.fortran/threadprivate2.f90 -Os (test for excess errors)
WARNING: libgomp.fortran/threadprivate2.f90 -Os compilation failed to produce executable
FAIL: libgomp.fortran/threadprivate3.f90 -O0 (test for excess errors)
WARNING: libgomp.fortran/threadprivate3.f90 -O0 compilation failed to produce executable
FAIL: libgomp.fortran/threadprivate3.f90 -O1 (test for excess errors)
WARNING: libgomp.fortran/threadprivate3.f90 -O1 compilation failed to produce executable
FAIL: libgomp.fortran/threadprivate3.f90 -O2 (test for excess errors)
WARNING: libgomp.fortran/threadprivate3.f90 -O2 compilation failed to produce executable
FAIL: libgomp.fortran/threadprivate3.f90 -O3 -fomit-frame-pointer (test for excess errors)
WARNING: libgomp.fortran/threadprivate3.f90 -O3 -fomit-frame-pointer compilation failed to produce executable
FAIL: libgomp.fortran/threadprivate3.f90 -O3 -fomit-frame-pointer -funroll-loops (test for excess errors)
WARNING: libgomp.fortran/threadprivate3.f90 -O3 -fomit-frame-pointer -funroll-loops compilation failed to produce executable
FAIL: libgomp.fortran/threadprivate3.f90 -O3 -fomit-frame-pointer -funroll-all-loops -finline-functions (test for excess errors)
WARNING: libgomp.fortran/threadprivate3.f90 -O3 -fomit-frame-pointer -funroll-all-loops -finline-functions compilation failed to produce executable
FAIL: libgomp.fortran/threadprivate3.f90 -O3 -g (test for excess errors)
WARNING: libgomp.fortran/threadprivate3.f90 -O3 -g compilation failed to produce executable
FAIL: libgomp.fortran/threadprivate3.f90 -Os (test for excess errors)
WARNING: libgomp.fortran/threadprivate3.f90 -Os compilation failed to produce executable
=== libgomp Summary for unix/-m64 ===
# of expected passes 1248
# of unexpected failures 72
Running target unix/-fPIC
FAIL: libgomp.c++/ctor-9.C -O0 (test for excess errors)
WARNING: libgomp.c++/ctor-9.C -O0 compilation failed to produce executable
FAIL: libgomp.c++/ctor-9.C -O1 (test for excess errors)
WARNING: libgomp.c++/ctor-9.C -O1 compilation failed to produce executable
FAIL: libgomp.c++/ctor-9.C -O2 (test for excess errors)
WARNING: libgomp.c++/ctor-9.C -O2 compilation failed to produce executable
FAIL: libgomp.c++/ctor-9.C -O3 -fomit-frame-pointer (test for excess errors)
WARNING: libgomp.c++/ctor-9.C -O3 -fomit-frame-pointer compilation failed to produce executable
FAIL: libgomp.c++/ctor-9.C -O3 -fomit-frame-pointer -funroll-loops (test for excess errors)
WARNING: libgomp.c++/ctor-9.C -O3 -fomit-frame-pointer -funroll-loops compilation failed to produce executable
FAIL: libgomp.c++/ctor-9.C -O3 -fomit-frame-pointer -funroll-all-loops -finline-functions (test for excess errors)
WARNING: libgomp.c++/ctor-9.C -O3 -fomit-frame-pointer -funroll-all-loops -finline-functions compilation failed to produce executable
FAIL: libgomp.c++/ctor-9.C -O3 -g (test for excess errors)
WARNING: libgomp.c++/ctor-9.C -O3 -g compilation failed to produce executable
FAIL: libgomp.c++/ctor-9.C -Os (test for excess errors)
WARNING: libgomp.c++/ctor-9.C -Os compilation failed to produce executable
FAIL: libgomp.fortran/appendix-a/a.22.7.f90 -O3 -fomit-frame-pointer -funroll-loops execution test
FAIL: libgomp.fortran/appendix-a/a.22.7.f90 -O3 -fomit-frame-pointer -funroll-all-loops -finline-functions execution test
FAIL: libgomp.fortran/omp_parse2.f90 -O0 execution test
FAIL: libgomp.fortran/omp_parse2.f90 -O1 execution test
FAIL: libgomp.fortran/omp_parse2.f90 -O2 execution test
FAIL: libgomp.fortran/omp_parse2.f90 -O3 -fomit-frame-pointer execution test
FAIL: libgomp.fortran/omp_parse2.f90 -O3 -fomit-frame-pointer -funroll-loops execution test
FAIL: libgomp.fortran/omp_parse2.f90 -O3 -fomit-frame-pointer -funroll-all-loops -finline-functions execution test
FAIL: libgomp.fortran/omp_parse2.f90 -O3 -g execution test
FAIL: libgomp.fortran/omp_parse2.f90 -Os execution test
FAIL: libgomp.fortran/omp_parse4.f90 -O0 execution test
FAIL: libgomp.fortran/omp_parse4.f90 -O1 execution test
FAIL: libgomp.fortran/omp_parse4.f90 -O2 execution test
FAIL: libgomp.fortran/omp_parse4.f90 -O3 -fomit-frame-pointer execution test
FAIL: libgomp.fortran/omp_parse4.f90 -O3 -fomit-frame-pointer -funroll-loops execution test
FAIL: libgomp.fortran/omp_parse4.f90 -O3 -fomit-frame-pointer -funroll-all-loops -finline-functions execution test
FAIL: libgomp.fortran/omp_parse4.f90 -O3 -g execution test
FAIL: libgomp.fortran/omp_parse4.f90 -Os execution test
FAIL: libgomp.fortran/pr25162.f -O2 (test for excess errors)
WARNING: libgomp.fortran/pr25162.f -O2 compilation failed to produce executable
FAIL: libgomp.fortran/pr25162.f -O3 -fomit-frame-pointer (test for excess errors)
WARNING: libgomp.fortran/pr25162.f -O3 -fomit-frame-pointer compilation failed to produce executable
FAIL: libgomp.fortran/pr25162.f -O3 -fomit-frame-pointer -funroll-loops (test for excess errors)
WARNING: libgomp.fortran/pr25162.f -O3 -fomit-frame-pointer -funroll-loops compilation failed to produce executable
FAIL: libgomp.fortran/pr25162.f -O3 -fomit-frame-pointer -funroll-all-loops -finline-functions (test for excess errors)
WARNING: libgomp.fortran/pr25162.f -O3 -fomit-frame-pointer -funroll-all-loops -finline-functions compilation failed to produce executable
FAIL: libgomp.fortran/pr25162.f -O3 -g (test for excess errors)
WARNING: libgomp.fortran/pr25162.f -O3 -g compilation failed to produce executable
FAIL: libgomp.fortran/pr25162.f -Os (test for excess errors)
WARNING: libgomp.fortran/pr25162.f -Os compilation failed to produce executable
=== libgomp Summary for unix/-fPIC ===
# of expected passes 1330
# of unexpected failures 32
Running target unix/-fpic
FAIL: libgomp.c++/ctor-9.C -O0 (test for excess errors)
WARNING: libgomp.c++/ctor-9.C -O0 compilation failed to produce executable
FAIL: libgomp.c++/ctor-9.C -O1 (test for excess errors)
WARNING: libgomp.c++/ctor-9.C -O1 compilation failed to produce executable
FAIL: libgomp.c++/ctor-9.C -O2 (test for excess errors)
WARNING: libgomp.c++/ctor-9.C -O2 compilation failed to produce executable
FAIL: libgomp.c++/ctor-9.C -O3 -fomit-frame-pointer (test for excess errors)
WARNING: libgomp.c++/ctor-9.C -O3 -fomit-frame-pointer compilation failed to produce executable
FAIL: libgomp.c++/ctor-9.C -O3 -fomit-frame-pointer -funroll-loops (test for excess errors)
WARNING: libgomp.c++/ctor-9.C -O3 -fomit-frame-pointer -funroll-loops compilation failed to produce executable
FAIL: libgomp.c++/ctor-9.C -O3 -fomit-frame-pointer -funroll-all-loops -finline-functions (test for excess errors)
WARNING: libgomp.c++/ctor-9.C -O3 -fomit-frame-pointer -funroll-all-loops -finline-functions compilation failed to produce executable
FAIL: libgomp.c++/ctor-9.C -O3 -g (test for excess errors)
WARNING: libgomp.c++/ctor-9.C -O3 -g compilation failed to produce executable
FAIL: libgomp.c++/ctor-9.C -Os (test for excess errors)
WARNING: libgomp.c++/ctor-9.C -Os compilation failed to produce executable
FAIL: libgomp.fortran/omp_parse2.f90 -O0 execution test
FAIL: libgomp.fortran/omp_parse2.f90 -O1 execution test
FAIL: libgomp.fortran/omp_parse2.f90 -O2 execution test
FAIL: libgomp.fortran/omp_parse2.f90 -O3 -fomit-frame-pointer execution test
FAIL: libgomp.fortran/omp_parse2.f90 -O3 -fomit-frame-pointer -funroll-loops execution test
FAIL: libgomp.fortran/omp_parse2.f90 -O3 -fomit-frame-pointer -funroll-all-loops -finline-functions execution test
FAIL: libgomp.fortran/omp_parse2.f90 -O3 -g execution test
FAIL: libgomp.fortran/omp_parse2.f90 -Os execution test
FAIL: libgomp.fortran/omp_parse4.f90 -O0 execution test
FAIL: libgomp.fortran/omp_parse4.f90 -O1 execution test
FAIL: libgomp.fortran/omp_parse4.f90 -O2 execution test
FAIL: libgomp.fortran/omp_parse4.f90 -O3 -fomit-frame-pointer execution test
FAIL: libgomp.fortran/omp_parse4.f90 -O3 -fomit-frame-pointer -funroll-loops execution test
FAIL: libgomp.fortran/omp_parse4.f90 -O3 -fomit-frame-pointer -funroll-all-loops -finline-functions execution test
FAIL: libgomp.fortran/omp_parse4.f90 -O3 -g execution test
FAIL: libgomp.fortran/omp_parse4.f90 -Os execution test
FAIL: libgomp.fortran/pr25162.f -O2 (test for excess errors)
WARNING: libgomp.fortran/pr25162.f -O2 compilation failed to produce executable
FAIL: libgomp.fortran/pr25162.f -O3 -fomit-frame-pointer (test for excess errors)
WARNING: libgomp.fortran/pr25162.f -O3 -fomit-frame-pointer compilation failed to produce executable
FAIL: libgomp.fortran/pr25162.f -O3 -fomit-frame-pointer -funroll-loops (test for excess errors)
WARNING: libgomp.fortran/pr25162.f -O3 -fomit-frame-pointer -funroll-loops compilation failed to produce executable
FAIL: libgomp.fortran/pr25162.f -O3 -fomit-frame-pointer -funroll-all-loops -finline-functions (test for excess errors)
WARNING: libgomp.fortran/pr25162.f -O3 -fomit-frame-pointer -funroll-all-loops -finline-functions compilation failed to produce executable
FAIL: libgomp.fortran/pr25162.f -O3 -g (test for excess errors)
WARNING: libgomp.fortran/pr25162.f -O3 -g compilation failed to produce executable
FAIL: libgomp.fortran/pr25162.f -Os (test for excess errors)
WARNING: libgomp.fortran/pr25162.f -Os compilation failed to produce executable
=== libgomp Summary for unix/-fpic ===
# of expected passes 1332
# of unexpected failures 30
Running target unix
FAIL: libgomp.c++/ctor-5.C -O0 (test for excess errors)
WARNING: libgomp.c++/ctor-5.C -O0 compilation failed to produce executable
FAIL: libgomp.c++/ctor-5.C -O1 (test for excess errors)
WARNING: libgomp.c++/ctor-5.C -O1 compilation failed to produce executable
FAIL: libgomp.c++/ctor-5.C -O2 (test for excess errors)
WARNING: libgomp.c++/ctor-5.C -O2 compilation failed to produce executable
FAIL: libgomp.c++/ctor-5.C -O3 -fomit-frame-pointer (test for excess errors)
WARNING: libgomp.c++/ctor-5.C -O3 -fomit-frame-pointer compilation failed to produce executable
FAIL: libgomp.c++/ctor-5.C -O3 -fomit-frame-pointer -funroll-loops (test for excess errors)
WARNING: libgomp.c++/ctor-5.C -O3 -fomit-frame-pointer -funroll-loops compilation failed to produce executable
FAIL: libgomp.c++/ctor-5.C -O3 -fomit-frame-pointer -funroll-all-loops -finline-functions (test for excess errors)
WARNING: libgomp.c++/ctor-5.C -O3 -fomit-frame-pointer -funroll-all-loops -finline-functions compilation failed to produce executable
FAIL: libgomp.c++/ctor-5.C -O3 -g (test for excess errors)
WARNING: libgomp.c++/ctor-5.C -O3 -g compilation failed to produce executable
FAIL: libgomp.c++/ctor-5.C -Os (test for excess errors)
WARNING: libgomp.c++/ctor-5.C -Os compilation failed to produce executable
FAIL: libgomp.c++/ctor-8.C -O0 (test for excess errors)
WARNING: libgomp.c++/ctor-8.C -O0 compilation failed to produce executable
FAIL: libgomp.c++/ctor-8.C -O1 (test for excess errors)
WARNING: libgomp.c++/ctor-8.C -O1 compilation failed to produce executable
FAIL: libgomp.c++/ctor-8.C -O2 (test for excess errors)
WARNING: libgomp.c++/ctor-8.C -O2 compilation failed to produce executable
FAIL: libgomp.c++/ctor-8.C -O3 -fomit-frame-pointer (test for excess errors)
WARNING: libgomp.c++/ctor-8.C -O3 -fomit-frame-pointer compilation failed to produce executable
FAIL: libgomp.c++/ctor-8.C -O3 -fomit-frame-pointer -funroll-loops (test for excess errors)
WARNING: libgomp.c++/ctor-8.C -O3 -fomit-frame-pointer -funroll-loops compilation failed to produce executable
FAIL: libgomp.c++/ctor-8.C -O3 -fomit-frame-pointer -funroll-all-loops -finline-functions (test for excess errors)
WARNING: libgomp.c++/ctor-8.C -O3 -fomit-frame-pointer -funroll-all-loops -finline-functions compilation failed to produce executable
FAIL: libgomp.c++/ctor-8.C -O3 -g (test for excess errors)
WARNING: libgomp.c++/ctor-8.C -O3 -g compilation failed to produce executable
FAIL: libgomp.c++/ctor-8.C -Os (test for excess errors)
WARNING: libgomp.c++/ctor-8.C -Os compilation failed to produce executable
FAIL: libgomp.c++/ctor-9.C -O0 (test for excess errors)
WARNING: libgomp.c++/ctor-9.C -O0 compilation failed to produce executable
FAIL: libgomp.c++/ctor-9.C -O1 (test for excess errors)
WARNING: libgomp.c++/ctor-9.C -O1 compilation failed to produce executable
FAIL: libgomp.c++/ctor-9.C -O2 (test for excess errors)
WARNING: libgomp.c++/ctor-9.C -O2 compilation failed to produce executable
FAIL: libgomp.c++/ctor-9.C -O3 -fomit-frame-pointer (test for excess errors)
WARNING: libgomp.c++/ctor-9.C -O3 -fomit-frame-pointer compilation failed to produce executable
FAIL: libgomp.c++/ctor-9.C -O3 -fomit-frame-pointer -funroll-loops (test for excess errors)
WARNING: libgomp.c++/ctor-9.C -O3 -fomit-frame-pointer -funroll-loops compilation failed to produce executable
FAIL: libgomp.c++/ctor-9.C -O3 -fomit-frame-pointer -funroll-all-loops -finline-functions (test for excess errors)
WARNING: libgomp.c++/ctor-9.C -O3 -fomit-frame-pointer -funroll-all-loops -finline-functions compilation failed to produce executable
FAIL: libgomp.c++/ctor-9.C -O3 -g (test for excess errors)
WARNING: libgomp.c++/ctor-9.C -O3 -g compilation failed to produce executable
FAIL: libgomp.c++/ctor-9.C -Os (test for excess errors)
WARNING: libgomp.c++/ctor-9.C -Os compilation failed to produce executable
FAIL: libgomp.fortran/appendix-a/a.22.7.f90 -O0 (test for excess errors)
WARNING: libgomp.fortran/appendix-a/a.22.7.f90 -O0 compilation failed to produce executable
FAIL: libgomp.fortran/appendix-a/a.22.7.f90 -O1 (test for excess errors)
WARNING: libgomp.fortran/appendix-a/a.22.7.f90 -O1 compilation failed to produce executable
FAIL: libgomp.fortran/appendix-a/a.22.7.f90 -O2 (test for excess errors)
WARNING: libgomp.fortran/appendix-a/a.22.7.f90 -O2 compilation failed to produce executable
FAIL: libgomp.fortran/appendix-a/a.22.7.f90 -O3 -fomit-frame-pointer (test for excess errors)
WARNING: libgomp.fortran/appendix-a/a.22.7.f90 -O3 -fomit-frame-pointer compilation failed to produce executable
FAIL: libgomp.fortran/appendix-a/a.22.7.f90 -O3 -fomit-frame-pointer -funroll-loops (test for excess errors)
WARNING: libgomp.fortran/appendix-a/a.22.7.f90 -O3 -fomit-frame-pointer -funroll-loops compilation failed to produce executable
FAIL: libgomp.fortran/appendix-a/a.22.7.f90 -O3 -fomit-frame-pointer -funroll-all-loops -finline-functions (test for excess errors)
WARNING: libgomp.fortran/appendix-a/a.22.7.f90 -O3 -fomit-frame-pointer -funroll-all-loops -finline-functions compilation failed to produce executable
FAIL: libgomp.fortran/appendix-a/a.22.7.f90 -O3 -g (test for excess errors)
WARNING: libgomp.fortran/appendix-a/a.22.7.f90 -O3 -g compilation failed to produce executable
FAIL: libgomp.fortran/appendix-a/a.22.7.f90 -Os (test for excess errors)
WARNING: libgomp.fortran/appendix-a/a.22.7.f90 -Os compilation failed to produce executable
FAIL: libgomp.fortran/omp_parse2.f90 -O0 execution test
FAIL: libgomp.fortran/omp_parse2.f90 -O1 execution test
FAIL: libgomp.fortran/omp_parse2.f90 -O2 execution test
FAIL: libgomp.fortran/omp_parse2.f90 -O3 -fomit-frame-pointer execution test
FAIL: libgomp.fortran/omp_parse2.f90 -O3 -fomit-frame-pointer -funroll-loops execution test
FAIL: libgomp.fortran/omp_parse2.f90 -O3 -fomit-frame-pointer -funroll-all-loops -finline-functions execution test
FAIL: libgomp.fortran/omp_parse2.f90 -O3 -g execution test
FAIL: libgomp.fortran/omp_parse2.f90 -Os execution test
FAIL: libgomp.fortran/omp_parse3.f90 -O0 (test for excess errors)
WARNING: libgomp.fortran/omp_parse3.f90 -O0 compilation failed to produce executable
FAIL: libgomp.fortran/omp_parse3.f90 -O1 (test for excess errors)
WARNING: libgomp.fortran/omp_parse3.f90 -O1 compilation failed to produce executable
FAIL: libgomp.fortran/omp_parse3.f90 -O2 (test for excess errors)
WARNING: libgomp.fortran/omp_parse3.f90 -O2 compilation failed to produce executable
FAIL: libgomp.fortran/omp_parse3.f90 -O3 -fomit-frame-pointer (test for excess errors)
WARNING: libgomp.fortran/omp_parse3.f90 -O3 -fomit-frame-pointer compilation failed to produce executable
FAIL: libgomp.fortran/omp_parse3.f90 -O3 -fomit-frame-pointer -funroll-loops (test for excess errors)
WARNING: libgomp.fortran/omp_parse3.f90 -O3 -fomit-frame-pointer -funroll-loops compilation failed to produce executable
FAIL: libgomp.fortran/omp_parse3.f90 -O3 -fomit-frame-pointer -funroll-all-loops -finline-functions (test for excess errors)
WARNING: libgomp.fortran/omp_parse3.f90 -O3 -fomit-frame-pointer -funroll-all-loops -finline-functions compilation failed to produce executable
FAIL: libgomp.fortran/omp_parse3.f90 -O3 -g (test for excess errors)
WARNING: libgomp.fortran/omp_parse3.f90 -O3 -g compilation failed to produce executable
FAIL: libgomp.fortran/omp_parse3.f90 -Os (test for excess errors)
WARNING: libgomp.fortran/omp_parse3.f90 -Os compilation failed to produce executable
FAIL: libgomp.fortran/omp_parse4.f90 -O0 execution test
FAIL: libgomp.fortran/omp_parse4.f90 -O1 execution test
FAIL: libgomp.fortran/omp_parse4.f90 -O2 execution test
FAIL: libgomp.fortran/omp_parse4.f90 -O3 -fomit-frame-pointer execution test
FAIL: libgomp.fortran/omp_parse4.f90 -O3 -fomit-frame-pointer -funroll-loops execution test
FAIL: libgomp.fortran/omp_parse4.f90 -O3 -fomit-frame-pointer -funroll-all-loops -finline-functions execution test
FAIL: libgomp.fortran/omp_parse4.f90 -O3 -g execution test
FAIL: libgomp.fortran/omp_parse4.f90 -Os execution test
FAIL: libgomp.fortran/threadprivate2.f90 -O0 (test for excess errors)
WARNING: libgomp.fortran/threadprivate2.f90 -O0 compilation failed to produce executable
FAIL: libgomp.fortran/threadprivate2.f90 -O1 (test for excess errors)
WARNING: libgomp.fortran/threadprivate2.f90 -O1 compilation failed to produce executable
FAIL: libgomp.fortran/threadprivate2.f90 -O2 (test for excess errors)
WARNING: libgomp.fortran/threadprivate2.f90 -O2 compilation failed to produce executable
FAIL: libgomp.fortran/threadprivate2.f90 -O3 -fomit-frame-pointer (test for excess errors)
WARNING: libgomp.fortran/threadprivate2.f90 -O3 -fomit-frame-pointer compilation failed to produce executable
FAIL: libgomp.fortran/threadprivate2.f90 -O3 -fomit-frame-pointer -funroll-loops (test for excess errors)
WARNING: libgomp.fortran/threadprivate2.f90 -O3 -fomit-frame-pointer -funroll-loops compilation failed to produce executable
FAIL: libgomp.fortran/threadprivate2.f90 -O3 -fomit-frame-pointer -funroll-all-loops -finline-functions (test for excess errors)
WARNING: libgomp.fortran/threadprivate2.f90 -O3 -fomit-frame-pointer -funroll-all-loops -finline-functions compilation failed to produce executable
FAIL: libgomp.fortran/threadprivate2.f90 -O3 -g (test for excess errors)
WARNING: libgomp.fortran/threadprivate2.f90 -O3 -g compilation failed to produce executable
FAIL: libgomp.fortran/threadprivate2.f90 -Os (test for excess errors)
WARNING: libgomp.fortran/threadprivate2.f90 -Os compilation failed to produce executable
FAIL: libgomp.fortran/threadprivate3.f90 -O0 (test for excess errors)
WARNING: libgomp.fortran/threadprivate3.f90 -O0 compilation failed to produce executable
FAIL: libgomp.fortran/threadprivate3.f90 -O1 (test for excess errors)
WARNING: libgomp.fortran/threadprivate3.f90 -O1 compilation failed to produce executable
FAIL: libgomp.fortran/threadprivate3.f90 -O2 (test for excess errors)
WARNING: libgomp.fortran/threadprivate3.f90 -O2 compilation failed to produce executable
FAIL: libgomp.fortran/threadprivate3.f90 -O3 -fomit-frame-pointer (test for excess errors)
WARNING: libgomp.fortran/threadprivate3.f90 -O3 -fomit-frame-pointer compilation failed to produce executable
FAIL: libgomp.fortran/threadprivate3.f90 -O3 -fomit-frame-pointer -funroll-loops (test for excess errors)
WARNING: libgomp.fortran/threadprivate3.f90 -O3 -fomit-frame-pointer -funroll-loops compilation failed to produce executable
FAIL: libgomp.fortran/threadprivate3.f90 -O3 -fomit-frame-pointer -funroll-all-loops -finline-functions (test for excess errors)
WARNING: libgomp.fortran/threadprivate3.f90 -O3 -fomit-frame-pointer -funroll-all-loops -finline-functions compilation failed to produce executable
FAIL: libgomp.fortran/threadprivate3.f90 -O3 -g (test for excess errors)
WARNING: libgomp.fortran/threadprivate3.f90 -O3 -g compilation failed to produce executable
FAIL: libgomp.fortran/threadprivate3.f90 -Os (test for excess errors)
WARNING: libgomp.fortran/threadprivate3.f90 -Os compilation failed to produce executable
=== libgomp Summary for unix ===
# of expected passes 1248
# of unexpected failures 72
=== libgomp Summary ===
# of expected passes 5158
# of unexpected failures 206
=== libjava tests ===
Running target unix/-m64
FAIL: Array_3 execution - gij test
FAIL: Array_3 execution - gij test
FAIL: Class_1 execution - source compiled test
FAIL: Class_1 execution - bytecode->native test
FAIL: Class_1 -O3 execution - source compiled test
FAIL: Class_1 -O3 execution - bytecode->native test
FAIL: ExtraClassLoader output - source compiled test
FAIL: ExtraClassLoader output - gij test
FAIL: ExtraClassLoader output - bytecode->native test
FAIL: ExtraClassLoader -O3 output - source compiled test
FAIL: ExtraClassLoader output - gij test
FAIL: ExtraClassLoader -O3 output - bytecode->native test
FAIL: FileHandleGcTest execution - source compiled test
FAIL: FileHandleGcTest execution - gij test
FAIL: FileHandleGcTest execution - bytecode->native test
FAIL: FileHandleGcTest -O3 execution - source compiled test
FAIL: FileHandleGcTest execution - gij test
FAIL: FileHandleGcTest -O3 execution - bytecode->native test
FAIL: InvokeInterface execution - bytecode->native test
FAIL: InvokeInterface -O3 execution - bytecode->native test
FAIL: PR12416 execution - bytecode->native test
FAIL: PR12416 -O3 execution - bytecode->native test
FAIL: PR260 execution - bytecode->native test
FAIL: PR260 -O3 execution - bytecode->native test
FAIL: SyncTest execution - bytecode->native test
FAIL: SyncTest -O3 execution - bytecode->native test
FAIL: Throw_2 execution - source compiled test
FAIL: Throw_2 execution - bytecode->native test
FAIL: Throw_2 -O3 execution - source compiled test
FAIL: Throw_2 -O3 execution - bytecode->native test
FAIL: invokethrow execution - bytecode->native test
FAIL: invokethrow -O3 execution - bytecode->native test
FAIL: pr179 execution - bytecode->native test
FAIL: pr179 -O3 execution - bytecode->native test
FAIL: pr24321 execution - bytecode->native test
FAIL: pr24321 -O3 execution - bytecode->native test
FAIL: pr8415 execution - bytecode->native test
FAIL: pr8415 -O3 execution - bytecode->native test
FAIL: stringconst2 output - source compiled test
FAIL: stringconst2 output - bytecode->native test
FAIL: stringconst2 -O3 output - source compiled test
FAIL: stringconst2 -O3 output - bytecode->native test
FAIL: pr21115 run
=== libjava Summary for unix/-m64 ===
# of expected passes 3990
# of unexpected failures 43
# of expected failures 10
# of untested testcases 41
Running target unix/-fPIC
FAIL: Array_3 execution - gij test
FAIL: Array_3 execution - gij test
FAIL: Class_1 execution - source compiled test
FAIL: Class_1 execution - bytecode->native test
FAIL: Class_1 -O3 execution - source compiled test
FAIL: Class_1 -O3 execution - bytecode->native test
FAIL: ExtraClassLoader output - source compiled test
FAIL: ExtraClassLoader output - gij test
FAIL: ExtraClassLoader output - bytecode->native test
FAIL: ExtraClassLoader -O3 output - source compiled test
FAIL: ExtraClassLoader output - gij test
FAIL: ExtraClassLoader -O3 output - bytecode->native test
FAIL: FileHandleGcTest execution - source compiled test
FAIL: FileHandleGcTest execution - gij test
FAIL: FileHandleGcTest execution - bytecode->native test
FAIL: FileHandleGcTest -O3 execution - source compiled test
FAIL: FileHandleGcTest execution - gij test
FAIL: FileHandleGcTest -O3 execution - bytecode->native test
FAIL: InvokeInterface execution - bytecode->native test
FAIL: InvokeInterface -O3 execution - bytecode->native test
FAIL: PR12416 execution - bytecode->native test
FAIL: PR12416 -O3 execution - bytecode->native test
FAIL: PR260 execution - bytecode->native test
FAIL: PR260 -O3 execution - bytecode->native test
FAIL: SyncTest execution - bytecode->native test
FAIL: SyncTest -O3 execution - bytecode->native test
FAIL: Throw_2 execution - source compiled test
FAIL: Throw_2 execution - gij test
FAIL: Throw_2 execution - bytecode->native test
FAIL: Throw_2 -O3 execution - source compiled test
FAIL: Throw_2 execution - gij test
FAIL: Throw_2 -O3 execution - bytecode->native test
FAIL: invokethrow execution - bytecode->native test
FAIL: invokethrow -O3 execution - bytecode->native test
FAIL: pr179 execution - bytecode->native test
FAIL: pr179 -O3 execution - bytecode->native test
FAIL: pr24321 execution - bytecode->native test
FAIL: pr24321 -O3 execution - bytecode->native test
FAIL: pr8415 execution - bytecode->native test
FAIL: pr8415 -O3 execution - bytecode->native test
FAIL: stringconst2 output - source compiled test
FAIL: stringconst2 output - bytecode->native test
FAIL: stringconst2 -O3 output - source compiled test
FAIL: stringconst2 -O3 output - bytecode->native test
FAIL: pr21115 run
=== libjava Summary for unix/-fPIC ===
# of expected passes 3986
# of unexpected failures 45
# of expected failures 10
# of untested testcases 43
Running target unix/-fpic
FAIL: Array_3 execution - gij test
FAIL: Array_3 execution - gij test
FAIL: Class_1 execution - source compiled test
FAIL: Class_1 execution - bytecode->native test
FAIL: Class_1 -O3 execution - source compiled test
FAIL: Class_1 -O3 execution - bytecode->native test
FAIL: ExtraClassLoader output - source compiled test
FAIL: ExtraClassLoader output - gij test
FAIL: ExtraClassLoader output - bytecode->native test
FAIL: ExtraClassLoader -O3 output - source compiled test
FAIL: ExtraClassLoader output - gij test
FAIL: ExtraClassLoader -O3 output - bytecode->native test
FAIL: FileHandleGcTest execution - source compiled test
FAIL: FileHandleGcTest execution - gij test
FAIL: FileHandleGcTest execution - bytecode->native test
FAIL: FileHandleGcTest -O3 execution - source compiled test
FAIL: FileHandleGcTest execution - gij test
FAIL: FileHandleGcTest -O3 execution - bytecode->native test
FAIL: InvokeInterface execution - bytecode->native test
FAIL: InvokeInterface -O3 execution - bytecode->native test
FAIL: PR12416 execution - bytecode->native test
FAIL: PR12416 -O3 execution - bytecode->native test
FAIL: PR260 execution - bytecode->native test
FAIL: PR260 -O3 execution - bytecode->native test
FAIL: SyncTest execution - bytecode->native test
FAIL: SyncTest -O3 execution - bytecode->native test
FAIL: Throw_2 execution - source compiled test
FAIL: Throw_2 execution - gij test
FAIL: Throw_2 execution - bytecode->native test
FAIL: Throw_2 -O3 execution - source compiled test
FAIL: Throw_2 execution - gij test
FAIL: Throw_2 -O3 execution - bytecode->native test
FAIL: invokethrow execution - bytecode->native test
FAIL: invokethrow -O3 execution - bytecode->native test
FAIL: pr179 execution - bytecode->native test
FAIL: pr179 -O3 execution - bytecode->native test
FAIL: pr24321 execution - bytecode->native test
FAIL: pr24321 -O3 execution - bytecode->native test
FAIL: pr8415 execution - bytecode->native test
FAIL: pr8415 -O3 execution - bytecode->native test
FAIL: stringconst2 output - source compiled test
FAIL: stringconst2 output - bytecode->native test
FAIL: stringconst2 -O3 output - source compiled test
FAIL: stringconst2 -O3 output - bytecode->native test
FAIL: pr21115 run
=== libjava Summary for unix/-fpic ===
# of expected passes 3986
# of unexpected failures 45
# of expected failures 10
# of untested testcases 43
Running target unix
FAIL: Array_3 execution - gij test
FAIL: Array_3 execution - gij test
FAIL: Class_1 execution - source compiled test
FAIL: Class_1 execution - bytecode->native test
FAIL: Class_1 -O3 execution - source compiled test
FAIL: Class_1 -O3 execution - bytecode->native test
FAIL: ExtraClassLoader output - source compiled test
FAIL: ExtraClassLoader output - gij test
FAIL: ExtraClassLoader output - bytecode->native test
FAIL: ExtraClassLoader -O3 output - source compiled test
FAIL: ExtraClassLoader output - gij test
FAIL: ExtraClassLoader -O3 output - bytecode->native test
FAIL: FileHandleGcTest execution - source compiled test
FAIL: FileHandleGcTest execution - gij test
FAIL: FileHandleGcTest execution - bytecode->native test
FAIL: FileHandleGcTest -O3 execution - source compiled test
FAIL: FileHandleGcTest execution - gij test
FAIL: FileHandleGcTest -O3 execution - bytecode->native test
FAIL: InvokeInterface execution - bytecode->native test
FAIL: InvokeInterface -O3 execution - bytecode->native test
FAIL: PR12416 execution - bytecode->native test
FAIL: PR12416 -O3 execution - bytecode->native test
FAIL: PR260 execution - bytecode->native test
FAIL: PR260 -O3 execution - bytecode->native test
FAIL: SyncTest execution - bytecode->native test
FAIL: SyncTest -O3 execution - bytecode->native test
FAIL: Throw_2 execution - source compiled test
FAIL: Throw_2 execution - gij test
FAIL: Throw_2 execution - bytecode->native test
FAIL: Throw_2 -O3 execution - source compiled test
FAIL: Throw_2 execution - gij test
FAIL: Throw_2 -O3 execution - bytecode->native test
FAIL: invokethrow execution - bytecode->native test
FAIL: invokethrow -O3 execution - bytecode->native test
FAIL: pr179 execution - bytecode->native test
FAIL: pr179 -O3 execution - bytecode->native test
FAIL: pr24321 execution - bytecode->native test
FAIL: pr24321 -O3 execution - bytecode->native test
FAIL: pr8415 execution - bytecode->native test
FAIL: pr8415 -O3 execution - bytecode->native test
FAIL: stringconst2 output - source compiled test
FAIL: stringconst2 output - bytecode->native test
FAIL: stringconst2 -O3 output - source compiled test
FAIL: stringconst2 -O3 output - bytecode->native test
FAIL: pr21115 run
=== libjava Summary for unix ===
# of expected passes 3986
# of unexpected failures 45
# of expected failures 10
# of untested testcases 43
=== libjava Summary ===
# of expected passes 15948
# of unexpected failures 178
# of expected failures 40
# of untested testcases 170
=== libstdc++ tests ===
Running target unix/-m64
FAIL: 23_containers/deque/check_construct_destroy.cc (test for excess errors)
FAIL: 23_containers/deque/cons/1.cc (test for excess errors)
FAIL: 23_containers/deque/cons/2.cc (test for excess errors)
FAIL: 23_containers/deque/modifiers/swap/2.cc (test for excess errors)
FAIL: 23_containers/deque/modifiers/swap/3.cc (test for excess errors)
FAIL: 23_containers/list/check_construct_destroy.cc (test for excess errors)
FAIL: 23_containers/list/modifiers/insert/25288.cc (test for excess errors)
FAIL: 23_containers/list/modifiers/swap/2.cc (test for excess errors)
FAIL: 23_containers/list/modifiers/swap/3.cc (test for excess errors)
FAIL: 23_containers/list/operators/5.cc (test for excess errors)
FAIL: 23_containers/map/modifiers/swap/2.cc (test for excess errors)
FAIL: 23_containers/map/modifiers/swap/3.cc (test for excess errors)
FAIL: 23_containers/multimap/modifiers/swap/2.cc (test for excess errors)
FAIL: 23_containers/multimap/modifiers/swap/3.cc (test for excess errors)
FAIL: 23_containers/multiset/modifiers/swap/2.cc (test for excess errors)
FAIL: 23_containers/multiset/modifiers/swap/3.cc (test for excess errors)
FAIL: 23_containers/set/check_construct_destroy.cc (test for excess errors)
FAIL: 23_containers/set/modifiers/swap/2.cc (test for excess errors)
FAIL: 23_containers/set/modifiers/swap/3.cc (test for excess errors)
FAIL: 23_containers/vector/bool/modifiers/swap/1.cc (test for excess errors)
FAIL: 23_containers/vector/bool/modifiers/swap/2.cc (test for excess errors)
FAIL: 23_containers/vector/capacity/1.cc (test for excess errors)
FAIL: 23_containers/vector/capacity/2.cc (test for excess errors)
FAIL: 23_containers/vector/capacity/8230.cc (test for excess errors)
FAIL: 23_containers/vector/check_construct_destroy.cc (test for excess errors)
FAIL: 23_containers/vector/cons/1.cc (test for excess errors)
FAIL: 23_containers/vector/cons/2.cc (test for excess errors)
FAIL: 23_containers/vector/cons/3.cc (test for excess errors)
FAIL: 23_containers/vector/cons/4.cc (test for excess errors)
FAIL: 23_containers/vector/cons/6513.cc (test for excess errors)
FAIL: 23_containers/vector/modifiers/swap/2.cc (test for excess errors)
FAIL: 23_containers/vector/modifiers/swap/3.cc (test for excess errors)
XPASS: 27_io/basic_istream/extractors_arithmetic/char/12.cc execution test
XPASS: 27_io/basic_istream/extractors_arithmetic/wchar_t/12.cc execution test
FAIL: 27_io/basic_stringbuf/4.cc (test for excess errors)
XPASS: 27_io/fpos/14320-1.cc execution test
FAIL: ext/array_allocator/check_allocate_max_size.cc (test for excess errors)
FAIL: ext/array_allocator/check_deallocate_null.cc (test for excess errors)
FAIL: ext/array_allocator/check_delete.cc (test for excess errors)
FAIL: ext/array_allocator/check_new.cc (test for excess errors)
FAIL: ext/bitmap_allocator/check_allocate_max_size.cc (test for excess errors)
FAIL: ext/bitmap_allocator/check_deallocate_null.cc (test for excess errors)
FAIL: ext/bitmap_allocator/check_delete.cc (test for excess errors)
FAIL: ext/bitmap_allocator/check_new.cc (test for excess errors)
FAIL: ext/debug_allocator/check_deallocate_null.cc (test for excess errors)
FAIL: ext/debug_allocator/check_delete.cc (test for excess errors)
FAIL: ext/debug_allocator/check_new.cc (test for excess errors)
FAIL: ext/hash_set/check_construct_destroy.cc (test for excess errors)
FAIL: ext/malloc_allocator/check_allocate_max_size.cc (test for excess errors)
FAIL: ext/malloc_allocator/check_deallocate_null.cc (test for excess errors)
FAIL: ext/malloc_allocator/check_delete.cc (test for excess errors)
FAIL: ext/malloc_allocator/check_new.cc (test for excess errors)
FAIL: ext/mt_allocator/check_allocate_max_size.cc (test for excess errors)
FAIL: ext/mt_allocator/check_deallocate_null.cc (test for excess errors)
FAIL: ext/mt_allocator/check_deallocate_null_thread.cc (test for excess errors)
FAIL: ext/mt_allocator/check_delete.cc (test for excess errors)
FAIL: ext/mt_allocator/check_new.cc (test for excess errors)
FAIL: ext/new_allocator/check_allocate_max_size.cc (test for excess errors)
FAIL: ext/new_allocator/check_deallocate_null.cc (test for excess errors)
FAIL: ext/new_allocator/check_delete.cc (test for excess errors)
FAIL: ext/new_allocator/check_new.cc (test for excess errors)
FAIL: ext/pool_allocator/check_allocate_max_size.cc (test for excess errors)
FAIL: ext/pool_allocator/check_deallocate_null.cc (test for excess errors)
FAIL: ext/pool_allocator/check_delete.cc (test for excess errors)
FAIL: ext/pool_allocator/check_new.cc (test for excess errors)
FAIL: ext/slist/check_construct_destroy.cc (test for excess errors)
FAIL: tr1/3_function_objects/bind/all_bound.cc (test for excess errors)
FAIL: tr1/3_function_objects/bind/nested.cc (test for excess errors)
FAIL: tr1/3_function_objects/bind/placeholders.cc (test for excess errors)
FAIL: tr1/3_function_objects/bind/ref.cc (test for excess errors)
FAIL: tr1/3_function_objects/function/1.cc (test for excess errors)
FAIL: tr1/3_function_objects/function/2.cc (test for excess errors)
FAIL: tr1/3_function_objects/function/3.cc (test for excess errors)
FAIL: tr1/3_function_objects/function/4.cc (test for excess errors)
FAIL: tr1/3_function_objects/function/5.cc (test for excess errors)
FAIL: tr1/3_function_objects/function/6.cc (test for excess errors)
FAIL: tr1/3_function_objects/function/7.cc (test for excess errors)
FAIL: tr1/3_function_objects/function/8.cc (test for excess errors)
FAIL: tr1/3_function_objects/function/9.cc (test for excess errors)
FAIL: tr1/3_function_objects/mem_fn.cc (test for excess errors)
FAIL: tr1/3_function_objects/reference_wrapper/invoke.cc (test for excess errors)
FAIL: tr1/3_function_objects/reference_wrapper/typedefs.cc (test for excess errors)
FAIL: tr1/3_function_objects/result_of.cc (test for excess errors)
FAIL: tr1/6_containers/tuple/comparison_operators/comparisons.cc (test for excess errors)
FAIL: tr1/6_containers/tuple/cons/assignment.cc (test for excess errors)
FAIL: tr1/6_containers/tuple/cons/big_tuples.cc (test for excess errors)
FAIL: tr1/6_containers/tuple/cons/constructor.cc (test for excess errors)
FAIL: tr1/6_containers/tuple/creation_functions/23978.cc (test for excess errors)
FAIL: tr1/6_containers/tuple/creation_functions/make_tuple.cc (test for excess errors)
FAIL: tr1/6_containers/tuple/creation_functions/tie.cc (test for excess errors)
FAIL: tr1/6_containers/tuple/element_access/get.cc (test for excess errors)
FAIL: tr1/6_containers/tuple/tuple_element.cc (test for excess errors)
FAIL: tr1/6_containers/tuple/tuple_size.cc (test for excess errors)
FAIL: tr1/6_containers/unordered/erase/24061-map.cc (test for excess errors)
FAIL: tr1/6_containers/unordered/erase/24061-multimap.cc (test for excess errors)
FAIL: tr1/6_containers/unordered/erase/24061-multiset.cc (test for excess errors)
FAIL: tr1/6_containers/unordered/erase/24061-set.cc (test for excess errors)
FAIL: tr1/6_containers/unordered/find/map1.cc (test for excess errors)
FAIL: tr1/6_containers/unordered/find/multimap1.cc (test for excess errors)
FAIL: tr1/6_containers/unordered/find/multiset1.cc (test for excess errors)
FAIL: tr1/6_containers/unordered/find/set1.cc (test for excess errors)
FAIL: tr1/6_containers/unordered/hash/24799.cc (test for excess errors)
FAIL: tr1/6_containers/unordered/hashtable/23053.cc (test for excess errors)
FAIL: tr1/6_containers/unordered/hashtable/23465.cc (test for excess errors)
FAIL: tr1/6_containers/unordered/hashtable/24054.cc (test for excess errors)
FAIL: tr1/6_containers/unordered/hashtable/24064.cc (test for excess errors)
FAIL: tr1/6_containers/unordered/hashtable/26127.cc (test for excess errors)
FAIL: tr1/6_containers/unordered/hashtable/26132.cc (test for excess errors)
FAIL: tr1/6_containers/unordered/insert/24061-map.cc (test for excess errors)
FAIL: tr1/6_containers/unordered/insert/24061-multimap.cc (test for excess errors)
FAIL: tr1/6_containers/unordered/insert/24061-multiset.cc (test for excess errors)
FAIL: tr1/6_containers/unordered/insert/24061-set.cc (test for excess errors)
FAIL: tr1/6_containers/unordered/insert/array_syntax.cc (test for excess errors)
FAIL: tr1/6_containers/unordered/insert/map_range.cc (test for excess errors)
FAIL: tr1/6_containers/unordered/insert/map_single.cc (test for excess errors)
FAIL: tr1/6_containers/unordered/insert/multimap_range.cc (test for excess errors)
FAIL: tr1/6_containers/unordered/insert/multimap_single.cc (test for excess errors)
FAIL: tr1/6_containers/unordered/insert/multiset_range.cc (test for excess errors)
FAIL: tr1/6_containers/unordered/insert/multiset_single.cc (test for excess errors)
FAIL: tr1/6_containers/unordered/insert/set_range.cc (test for excess errors)
FAIL: tr1/6_containers/unordered/insert/set_single.cc (test for excess errors)
FAIL: tr1/6_containers/unordered/instantiate/hash.cc (test for excess errors)
FAIL: tr1/6_containers/unordered/instantiate/map.cc (test for excess errors)
FAIL: tr1/6_containers/unordered/instantiate/multimap.cc (test for excess errors)
FAIL: tr1/6_containers/unordered/instantiate/multiset.cc (test for excess errors)
FAIL: tr1/6_containers/unordered/instantiate/set.cc (test for excess errors)
FAIL: tr1/6_containers/unordered/swap/unordered_map/1.cc (test for excess errors)
FAIL: tr1/6_containers/unordered/swap/unordered_map/2.cc (test for excess errors)
FAIL: tr1/6_containers/unordered/swap/unordered_multimap/1.cc (test for excess errors)
FAIL: tr1/6_containers/unordered/swap/unordered_multimap/2.cc (test for excess errors)
FAIL: tr1/6_containers/unordered/swap/unordered_multiset/1.cc (test for excess errors)
FAIL: tr1/6_containers/unordered/swap/unordered_multiset/2.cc (test for excess errors)
FAIL: tr1/6_containers/unordered/swap/unordered_set/1.cc (test for excess errors)
FAIL: tr1/6_containers/unordered/swap/unordered_set/2.cc (test for excess errors)
FAIL: tr1/headers.cc (test for excess errors)
=== libstdc++ Summary for unix/-m64 ===
# of expected passes 3395
# of unexpected failures 132
# of unexpected successes 3
# of expected failures 11
# of unsupported tests 321
Running target unix/-fPIC
FAIL: 23_containers/deque/check_construct_destroy.cc (test for excess errors)
FAIL: 23_containers/deque/cons/1.cc (test for excess errors)
FAIL: 23_containers/deque/cons/2.cc (test for excess errors)
FAIL: 23_containers/deque/modifiers/swap/2.cc (test for excess errors)
FAIL: 23_containers/deque/modifiers/swap/3.cc (test for excess errors)
FAIL: 23_containers/list/check_construct_destroy.cc (test for excess errors)
FAIL: 23_containers/list/modifiers/insert/25288.cc (test for excess errors)
FAIL: 23_containers/list/modifiers/swap/2.cc (test for excess errors)
FAIL: 23_containers/list/modifiers/swap/3.cc (test for excess errors)
FAIL: 23_containers/list/operators/5.cc (test for excess errors)
FAIL: 23_containers/map/modifiers/swap/2.cc (test for excess errors)
FAIL: 23_containers/map/modifiers/swap/3.cc (test for excess errors)
FAIL: 23_containers/multimap/modifiers/swap/2.cc (test for excess errors)
FAIL: 23_containers/multimap/modifiers/swap/3.cc (test for excess errors)
FAIL: 23_containers/multiset/modifiers/swap/2.cc (test for excess errors)
FAIL: 23_containers/multiset/modifiers/swap/3.cc (test for excess errors)
FAIL: 23_containers/set/check_construct_destroy.cc (test for excess errors)
FAIL: 23_containers/set/modifiers/swap/2.cc (test for excess errors)
FAIL: 23_containers/set/modifiers/swap/3.cc (test for excess errors)
FAIL: 23_containers/vector/bool/modifiers/swap/1.cc (test for excess errors)
FAIL: 23_containers/vector/bool/modifiers/swap/2.cc (test for excess errors)
FAIL: 23_containers/vector/capacity/1.cc (test for excess errors)
FAIL: 23_containers/vector/capacity/2.cc (test for excess errors)
FAIL: 23_containers/vector/capacity/8230.cc (test for excess errors)
FAIL: 23_containers/vector/check_construct_destroy.cc (test for excess errors)
FAIL: 23_containers/vector/cons/1.cc (test for excess errors)
FAIL: 23_containers/vector/cons/2.cc (test for excess errors)
FAIL: 23_containers/vector/cons/3.cc (test for excess errors)
FAIL: 23_containers/vector/cons/4.cc (test for excess errors)
FAIL: 23_containers/vector/cons/6513.cc (test for excess errors)
FAIL: 23_containers/vector/modifiers/swap/2.cc (test for excess errors)
FAIL: 23_containers/vector/modifiers/swap/3.cc (test for excess errors)
XPASS: 27_io/basic_istream/extractors_arithmetic/char/12.cc execution test
XPASS: 27_io/basic_istream/extractors_arithmetic/wchar_t/12.cc execution test
FAIL: 27_io/basic_stringbuf/4.cc (test for excess errors)
FAIL: ext/array_allocator/check_allocate_max_size.cc (test for excess errors)
FAIL: ext/array_allocator/check_deallocate_null.cc (test for excess errors)
FAIL: ext/array_allocator/check_delete.cc (test for excess errors)
FAIL: ext/array_allocator/check_new.cc (test for excess errors)
FAIL: ext/bitmap_allocator/check_allocate_max_size.cc (test for excess errors)
FAIL: ext/bitmap_allocator/check_deallocate_null.cc (test for excess errors)
FAIL: ext/bitmap_allocator/check_delete.cc (test for excess errors)
FAIL: ext/bitmap_allocator/check_new.cc (test for excess errors)
FAIL: ext/debug_allocator/check_deallocate_null.cc (test for excess errors)
FAIL: ext/debug_allocator/check_delete.cc (test for excess errors)
FAIL: ext/debug_allocator/check_new.cc (test for excess errors)
FAIL: ext/hash_set/check_construct_destroy.cc (test for excess errors)
FAIL: ext/malloc_allocator/check_allocate_max_size.cc (test for excess errors)
FAIL: ext/malloc_allocator/check_deallocate_null.cc (test for excess errors)
FAIL: ext/malloc_allocator/check_delete.cc (test for excess errors)
FAIL: ext/malloc_allocator/check_new.cc (test for excess errors)
FAIL: ext/mt_allocator/check_allocate_max_size.cc (test for excess errors)
FAIL: ext/mt_allocator/check_deallocate_null.cc (test for excess errors)
FAIL: ext/mt_allocator/check_deallocate_null_thread.cc (test for excess errors)
FAIL: ext/mt_allocator/check_delete.cc (test for excess errors)
FAIL: ext/mt_allocator/check_new.cc (test for excess errors)
FAIL: ext/new_allocator/check_allocate_max_size.cc (test for excess errors)
FAIL: ext/new_allocator/check_deallocate_null.cc (test for excess errors)
FAIL: ext/new_allocator/check_delete.cc (test for excess errors)
FAIL: ext/new_allocator/check_new.cc (test for excess errors)
FAIL: ext/pool_allocator/check_allocate_max_size.cc (test for excess errors)
FAIL: ext/pool_allocator/check_deallocate_null.cc (test for excess errors)
FAIL: ext/pool_allocator/check_delete.cc (test for excess errors)
FAIL: ext/pool_allocator/check_new.cc (test for excess errors)
FAIL: ext/slist/check_construct_destroy.cc (test for excess errors)
FAIL: tr1/3_function_objects/bind/all_bound.cc (test for excess errors)
FAIL: tr1/3_function_objects/bind/nested.cc (test for excess errors)
FAIL: tr1/3_function_objects/bind/placeholders.cc (test for excess errors)
FAIL: tr1/3_function_objects/bind/ref.cc (test for excess errors)
FAIL: tr1/3_function_objects/function/1.cc (test for excess errors)
FAIL: tr1/3_function_objects/function/2.cc (test for excess errors)
FAIL: tr1/3_function_objects/function/3.cc (test for excess errors)
FAIL: tr1/3_function_objects/function/4.cc (test for excess errors)
FAIL: tr1/3_function_objects/function/5.cc (test for excess errors)
FAIL: tr1/3_function_objects/function/6.cc (test for excess errors)
FAIL: tr1/3_function_objects/function/7.cc (test for excess errors)
FAIL: tr1/3_function_objects/function/8.cc (test for excess errors)
FAIL: tr1/3_function_objects/function/9.cc (test for excess errors)
FAIL: tr1/3_function_objects/mem_fn.cc (test for excess errors)
FAIL: tr1/3_function_objects/reference_wrapper/invoke.cc (test for excess errors)
FAIL: tr1/3_function_objects/reference_wrapper/typedefs.cc (test for excess errors)
FAIL: tr1/3_function_objects/result_of.cc (test for excess errors)
FAIL: tr1/6_containers/tuple/comparison_operators/comparisons.cc (test for excess errors)
FAIL: tr1/6_containers/tuple/cons/assignment.cc (test for excess errors)
FAIL: tr1/6_containers/tuple/cons/big_tuples.cc (test for excess errors)
FAIL: tr1/6_containers/tuple/cons/constructor.cc (test for excess errors)
FAIL: tr1/6_containers/tuple/creation_functions/23978.cc (test for excess errors)
FAIL: tr1/6_containers/tuple/creation_functions/make_tuple.cc (test for excess errors)
FAIL: tr1/6_containers/tuple/creation_functions/tie.cc (test for excess errors)
FAIL: tr1/6_containers/tuple/element_access/get.cc (test for excess errors)
FAIL: tr1/6_containers/tuple/tuple_element.cc (test for excess errors)
FAIL: tr1/6_containers/tuple/tuple_size.cc (test for excess errors)
FAIL: tr1/6_containers/unordered/erase/24061-map.cc (test for excess errors)
FAIL: tr1/6_containers/unordered/erase/24061-multimap.cc (test for excess errors)
FAIL: tr1/6_containers/unordered/erase/24061-multiset.cc (test for excess errors)
FAIL: tr1/6_containers/unordered/erase/24061-set.cc (test for excess errors)
FAIL: tr1/6_containers/unordered/find/map1.cc (test for excess errors)
FAIL: tr1/6_containers/unordered/find/multimap1.cc (test for excess errors)
FAIL: tr1/6_containers/unordered/find/multiset1.cc (test for excess errors)
FAIL: tr1/6_containers/unordered/find/set1.cc (test for excess errors)
FAIL: tr1/6_containers/unordered/hash/24799.cc (test for excess errors)
FAIL: tr1/6_containers/unordered/hashtable/23053.cc (test for excess errors)
FAIL: tr1/6_containers/unordered/hashtable/23465.cc (test for excess errors)
FAIL: tr1/6_containers/unordered/hashtable/24054.cc (test for excess errors)
FAIL: tr1/6_containers/unordered/hashtable/24064.cc (test for excess errors)
FAIL: tr1/6_containers/unordered/hashtable/26127.cc (test for excess errors)
FAIL: tr1/6_containers/unordered/hashtable/26132.cc (test for excess errors)
FAIL: tr1/6_containers/unordered/insert/24061-map.cc (test for excess errors)
FAIL: tr1/6_containers/unordered/insert/24061-multimap.cc (test for excess errors)
FAIL: tr1/6_containers/unordered/insert/24061-multiset.cc (test for excess errors)
FAIL: tr1/6_containers/unordered/insert/24061-set.cc (test for excess errors)
FAIL: tr1/6_containers/unordered/insert/array_syntax.cc (test for excess errors)
FAIL: tr1/6_containers/unordered/insert/map_range.cc (test for excess errors)
FAIL: tr1/6_containers/unordered/insert/map_single.cc (test for excess errors)
FAIL: tr1/6_containers/unordered/insert/multimap_range.cc (test for excess errors)
FAIL: tr1/6_containers/unordered/insert/multimap_single.cc (test for excess errors)
FAIL: tr1/6_containers/unordered/insert/multiset_range.cc (test for excess errors)
FAIL: tr1/6_containers/unordered/insert/multiset_single.cc (test for excess errors)
FAIL: tr1/6_containers/unordered/insert/set_range.cc (test for excess errors)
FAIL: tr1/6_containers/unordered/insert/set_single.cc (test for excess errors)
FAIL: tr1/6_containers/unordered/instantiate/hash.cc (test for excess errors)
FAIL: tr1/6_containers/unordered/instantiate/map.cc (test for excess errors)
FAIL: tr1/6_containers/unordered/instantiate/multimap.cc (test for excess errors)
FAIL: tr1/6_containers/unordered/instantiate/multiset.cc (test for excess errors)
FAIL: tr1/6_containers/unordered/instantiate/set.cc (test for excess errors)
FAIL: tr1/6_containers/unordered/swap/unordered_map/1.cc (test for excess errors)
FAIL: tr1/6_containers/unordered/swap/unordered_map/2.cc (test for excess errors)
FAIL: tr1/6_containers/unordered/swap/unordered_multimap/1.cc (test for excess errors)
FAIL: tr1/6_containers/unordered/swap/unordered_multimap/2.cc (test for excess errors)
FAIL: tr1/6_containers/unordered/swap/unordered_multiset/1.cc (test for excess errors)
FAIL: tr1/6_containers/unordered/swap/unordered_multiset/2.cc (test for excess errors)
FAIL: tr1/6_containers/unordered/swap/unordered_set/1.cc (test for excess errors)
FAIL: tr1/6_containers/unordered/swap/unordered_set/2.cc (test for excess errors)
FAIL: tr1/headers.cc (test for excess errors)
=== libstdc++ Summary for unix/-fPIC ===
# of expected passes 3395
# of unexpected failures 132
# of unexpected successes 2
# of expected failures 12
# of unsupported tests 321
Running target unix/-fpic
FAIL: 23_containers/deque/check_construct_destroy.cc (test for excess errors)
FAIL: 23_containers/deque/cons/1.cc (test for excess errors)
FAIL: 23_containers/deque/cons/2.cc (test for excess errors)
FAIL: 23_containers/deque/modifiers/swap/2.cc (test for excess errors)
FAIL: 23_containers/deque/modifiers/swap/3.cc (test for excess errors)
FAIL: 23_containers/list/check_construct_destroy.cc (test for excess errors)
FAIL: 23_containers/list/modifiers/insert/25288.cc (test for excess errors)
FAIL: 23_containers/list/modifiers/swap/2.cc (test for excess errors)
FAIL: 23_containers/list/modifiers/swap/3.cc (test for excess errors)
FAIL: 23_containers/list/operators/5.cc (test for excess errors)
FAIL: 23_containers/map/modifiers/swap/2.cc (test for excess errors)
FAIL: 23_containers/map/modifiers/swap/3.cc (test for excess errors)
FAIL: 23_containers/multimap/modifiers/swap/2.cc (test for excess errors)
FAIL: 23_containers/multimap/modifiers/swap/3.cc (test for excess errors)
FAIL: 23_containers/multiset/modifiers/swap/2.cc (test for excess errors)
FAIL: 23_containers/multiset/modifiers/swap/3.cc (test for excess errors)
FAIL: 23_containers/set/check_construct_destroy.cc (test for excess errors)
FAIL: 23_containers/set/modifiers/swap/2.cc (test for excess errors)
FAIL: 23_containers/set/modifiers/swap/3.cc (test for excess errors)
FAIL: 23_containers/vector/bool/modifiers/swap/1.cc (test for excess errors)
FAIL: 23_containers/vector/bool/modifiers/swap/2.cc (test for excess errors)
FAIL: 23_containers/vector/capacity/1.cc (test for excess errors)
FAIL: 23_containers/vector/capacity/2.cc (test for excess errors)
FAIL: 23_containers/vector/capacity/8230.cc (test for excess errors)
FAIL: 23_containers/vector/check_construct_destroy.cc (test for excess errors)
FAIL: 23_containers/vector/cons/1.cc (test for excess errors)
FAIL: 23_containers/vector/cons/2.cc (test for excess errors)
FAIL: 23_containers/vector/cons/3.cc (test for excess errors)
FAIL: 23_containers/vector/cons/4.cc (test for excess errors)
FAIL: 23_containers/vector/cons/6513.cc (test for excess errors)
FAIL: 23_containers/vector/modifiers/swap/2.cc (test for excess errors)
FAIL: 23_containers/vector/modifiers/swap/3.cc (test for excess errors)
XPASS: 27_io/basic_istream/extractors_arithmetic/char/12.cc execution test
XPASS: 27_io/basic_istream/extractors_arithmetic/wchar_t/12.cc execution test
FAIL: 27_io/basic_stringbuf/4.cc (test for excess errors)
FAIL: ext/array_allocator/check_allocate_max_size.cc (test for excess errors)
FAIL: ext/array_allocator/check_deallocate_null.cc (test for excess errors)
FAIL: ext/array_allocator/check_delete.cc (test for excess errors)
FAIL: ext/array_allocator/check_new.cc (test for excess errors)
FAIL: ext/bitmap_allocator/check_allocate_max_size.cc (test for excess errors)
FAIL: ext/bitmap_allocator/check_deallocate_null.cc (test for excess errors)
FAIL: ext/bitmap_allocator/check_delete.cc (test for excess errors)
FAIL: ext/bitmap_allocator/check_new.cc (test for excess errors)
FAIL: ext/debug_allocator/check_deallocate_null.cc (test for excess errors)
FAIL: ext/debug_allocator/check_delete.cc (test for excess errors)
FAIL: ext/debug_allocator/check_new.cc (test for excess errors)
FAIL: ext/hash_set/check_construct_destroy.cc (test for excess errors)
FAIL: ext/malloc_allocator/check_allocate_max_size.cc (test for excess errors)
FAIL: ext/malloc_allocator/check_deallocate_null.cc (test for excess errors)
FAIL: ext/malloc_allocator/check_delete.cc (test for excess errors)
FAIL: ext/malloc_allocator/check_new.cc (test for excess errors)
FAIL: ext/mt_allocator/check_allocate_max_size.cc (test for excess errors)
FAIL: ext/mt_allocator/check_deallocate_null.cc (test for excess errors)
FAIL: ext/mt_allocator/check_deallocate_null_thread.cc (test for excess errors)
FAIL: ext/mt_allocator/check_delete.cc (test for excess errors)
FAIL: ext/mt_allocator/check_new.cc (test for excess errors)
FAIL: ext/new_allocator/check_allocate_max_size.cc (test for excess errors)
FAIL: ext/new_allocator/check_deallocate_null.cc (test for excess errors)
FAIL: ext/new_allocator/check_delete.cc (test for excess errors)
FAIL: ext/new_allocator/check_new.cc (test for excess errors)
FAIL: ext/pool_allocator/check_allocate_max_size.cc (test for excess errors)
FAIL: ext/pool_allocator/check_deallocate_null.cc (test for excess errors)
FAIL: ext/pool_allocator/check_delete.cc (test for excess errors)
FAIL: ext/pool_allocator/check_new.cc (test for excess errors)
FAIL: ext/slist/check_construct_destroy.cc (test for excess errors)
FAIL: tr1/3_function_objects/bind/all_bound.cc (test for excess errors)
FAIL: tr1/3_function_objects/bind/nested.cc (test for excess errors)
FAIL: tr1/3_function_objects/bind/placeholders.cc (test for excess errors)
FAIL: tr1/3_function_objects/bind/ref.cc (test for excess errors)
FAIL: tr1/3_function_objects/function/1.cc (test for excess errors)
FAIL: tr1/3_function_objects/function/2.cc (test for excess errors)
FAIL: tr1/3_function_objects/function/3.cc (test for excess errors)
FAIL: tr1/3_function_objects/function/4.cc (test for excess errors)
FAIL: tr1/3_function_objects/function/5.cc (test for excess errors)
FAIL: tr1/3_function_objects/function/6.cc (test for excess errors)
FAIL: tr1/3_function_objects/function/7.cc (test for excess errors)
FAIL: tr1/3_function_objects/function/8.cc (test for excess errors)
FAIL: tr1/3_function_objects/function/9.cc (test for excess errors)
FAIL: tr1/3_function_objects/mem_fn.cc (test for excess errors)
FAIL: tr1/3_function_objects/reference_wrapper/invoke.cc (test for excess errors)
FAIL: tr1/3_function_objects/reference_wrapper/typedefs.cc (test for excess errors)
FAIL: tr1/3_function_objects/result_of.cc (test for excess errors)
FAIL: tr1/6_containers/tuple/comparison_operators/comparisons.cc (test for excess errors)
FAIL: tr1/6_containers/tuple/cons/assignment.cc (test for excess errors)
FAIL: tr1/6_containers/tuple/cons/big_tuples.cc (test for excess errors)
FAIL: tr1/6_containers/tuple/cons/constructor.cc (test for excess errors)
FAIL: tr1/6_containers/tuple/creation_functions/23978.cc (test for excess errors)
FAIL: tr1/6_containers/tuple/creation_functions/make_tuple.cc (test for excess errors)
FAIL: tr1/6_containers/tuple/creation_functions/tie.cc (test for excess errors)
FAIL: tr1/6_containers/tuple/element_access/get.cc (test for excess errors)
FAIL: tr1/6_containers/tuple/tuple_element.cc (test for excess errors)
FAIL: tr1/6_containers/tuple/tuple_size.cc (test for excess errors)
FAIL: tr1/6_containers/unordered/erase/24061-map.cc (test for excess errors)
FAIL: tr1/6_containers/unordered/erase/24061-multimap.cc (test for excess errors)
FAIL: tr1/6_containers/unordered/erase/24061-multiset.cc (test for excess errors)
FAIL: tr1/6_containers/unordered/erase/24061-set.cc (test for excess errors)
FAIL: tr1/6_containers/unordered/find/map1.cc (test for excess errors)
FAIL: tr1/6_containers/unordered/find/multimap1.cc (test for excess errors)
FAIL: tr1/6_containers/unordered/find/multiset1.cc (test for excess errors)
FAIL: tr1/6_containers/unordered/find/set1.cc (test for excess errors)
FAIL: tr1/6_containers/unordered/hash/24799.cc (test for excess errors)
FAIL: tr1/6_containers/unordered/hashtable/23053.cc (test for excess errors)
FAIL: tr1/6_containers/unordered/hashtable/23465.cc (test for excess errors)
FAIL: tr1/6_containers/unordered/hashtable/24054.cc (test for excess errors)
FAIL: tr1/6_containers/unordered/hashtable/24064.cc (test for excess errors)
FAIL: tr1/6_containers/unordered/hashtable/26127.cc (test for excess errors)
FAIL: tr1/6_containers/unordered/hashtable/26132.cc (test for excess errors)
FAIL: tr1/6_containers/unordered/insert/24061-map.cc (test for excess errors)
FAIL: tr1/6_containers/unordered/insert/24061-multimap.cc (test for excess errors)
FAIL: tr1/6_containers/unordered/insert/24061-multiset.cc (test for excess errors)
FAIL: tr1/6_containers/unordered/insert/24061-set.cc (test for excess errors)
FAIL: tr1/6_containers/unordered/insert/array_syntax.cc (test for excess errors)
FAIL: tr1/6_containers/unordered/insert/map_range.cc (test for excess errors)
FAIL: tr1/6_containers/unordered/insert/map_single.cc (test for excess errors)
FAIL: tr1/6_containers/unordered/insert/multimap_range.cc (test for excess errors)
FAIL: tr1/6_containers/unordered/insert/multimap_single.cc (test for excess errors)
FAIL: tr1/6_containers/unordered/insert/multiset_range.cc (test for excess errors)
FAIL: tr1/6_containers/unordered/insert/multiset_single.cc (test for excess errors)
FAIL: tr1/6_containers/unordered/insert/set_range.cc (test for excess errors)
FAIL: tr1/6_containers/unordered/insert/set_single.cc (test for excess errors)
FAIL: tr1/6_containers/unordered/instantiate/hash.cc (test for excess errors)
FAIL: tr1/6_containers/unordered/instantiate/map.cc (test for excess errors)
FAIL: tr1/6_containers/unordered/instantiate/multimap.cc (test for excess errors)
FAIL: tr1/6_containers/unordered/instantiate/multiset.cc (test for excess errors)
FAIL: tr1/6_containers/unordered/instantiate/set.cc (test for excess errors)
FAIL: tr1/6_containers/unordered/swap/unordered_map/1.cc (test for excess errors)
FAIL: tr1/6_containers/unordered/swap/unordered_map/2.cc (test for excess errors)
FAIL: tr1/6_containers/unordered/swap/unordered_multimap/1.cc (test for excess errors)
FAIL: tr1/6_containers/unordered/swap/unordered_multimap/2.cc (test for excess errors)
FAIL: tr1/6_containers/unordered/swap/unordered_multiset/1.cc (test for excess errors)
FAIL: tr1/6_containers/unordered/swap/unordered_multiset/2.cc (test for excess errors)
FAIL: tr1/6_containers/unordered/swap/unordered_set/1.cc (test for excess errors)
FAIL: tr1/6_containers/unordered/swap/unordered_set/2.cc (test for excess errors)
FAIL: tr1/headers.cc (test for excess errors)
=== libstdc++ Summary for unix/-fpic ===
# of expected passes 3395
# of unexpected failures 132
# of unexpected successes 2
# of expected failures 12
# of unsupported tests 321
Running target unix
FAIL: 23_containers/deque/check_construct_destroy.cc (test for excess errors)
FAIL: 23_containers/deque/cons/1.cc (test for excess errors)
FAIL: 23_containers/deque/cons/2.cc (test for excess errors)
FAIL: 23_containers/deque/modifiers/swap/2.cc (test for excess errors)
FAIL: 23_containers/deque/modifiers/swap/3.cc (test for excess errors)
FAIL: 23_containers/list/check_construct_destroy.cc (test for excess errors)
FAIL: 23_containers/list/modifiers/insert/25288.cc (test for excess errors)
FAIL: 23_containers/list/modifiers/swap/2.cc (test for excess errors)
FAIL: 23_containers/list/modifiers/swap/3.cc (test for excess errors)
FAIL: 23_containers/list/operators/5.cc (test for excess errors)
FAIL: 23_containers/map/modifiers/swap/2.cc (test for excess errors)
FAIL: 23_containers/map/modifiers/swap/3.cc (test for excess errors)
FAIL: 23_containers/multimap/modifiers/swap/2.cc (test for excess errors)
FAIL: 23_containers/multimap/modifiers/swap/3.cc (test for excess errors)
FAIL: 23_containers/multiset/modifiers/swap/2.cc (test for excess errors)
FAIL: 23_containers/multiset/modifiers/swap/3.cc (test for excess errors)
FAIL: 23_containers/set/check_construct_destroy.cc (test for excess errors)
FAIL: 23_containers/set/modifiers/swap/2.cc (test for excess errors)
FAIL: 23_containers/set/modifiers/swap/3.cc (test for excess errors)
FAIL: 23_containers/vector/bool/modifiers/swap/1.cc (test for excess errors)
FAIL: 23_containers/vector/bool/modifiers/swap/2.cc (test for excess errors)
FAIL: 23_containers/vector/capacity/1.cc (test for excess errors)
FAIL: 23_containers/vector/capacity/2.cc (test for excess errors)
FAIL: 23_containers/vector/capacity/8230.cc (test for excess errors)
FAIL: 23_containers/vector/check_construct_destroy.cc (test for excess errors)
FAIL: 23_containers/vector/cons/1.cc (test for excess errors)
FAIL: 23_containers/vector/cons/2.cc (test for excess errors)
FAIL: 23_containers/vector/cons/3.cc (test for excess errors)
FAIL: 23_containers/vector/cons/4.cc (test for excess errors)
FAIL: 23_containers/vector/cons/6513.cc (test for excess errors)
FAIL: 23_containers/vector/modifiers/swap/2.cc (test for excess errors)
FAIL: 23_containers/vector/modifiers/swap/3.cc (test for excess errors)
XPASS: 27_io/basic_istream/extractors_arithmetic/char/12.cc execution test
XPASS: 27_io/basic_istream/extractors_arithmetic/wchar_t/12.cc execution test
FAIL: 27_io/basic_stringbuf/4.cc (test for excess errors)
FAIL: ext/array_allocator/check_allocate_max_size.cc (test for excess errors)
FAIL: ext/array_allocator/check_deallocate_null.cc (test for excess errors)
FAIL: ext/array_allocator/check_delete.cc (test for excess errors)
FAIL: ext/array_allocator/check_new.cc (test for excess errors)
FAIL: ext/bitmap_allocator/check_allocate_max_size.cc (test for excess errors)
FAIL: ext/bitmap_allocator/check_deallocate_null.cc (test for excess errors)
FAIL: ext/bitmap_allocator/check_delete.cc (test for excess errors)
FAIL: ext/bitmap_allocator/check_new.cc (test for excess errors)
FAIL: ext/debug_allocator/check_deallocate_null.cc (test for excess errors)
FAIL: ext/debug_allocator/check_delete.cc (test for excess errors)
FAIL: ext/debug_allocator/check_new.cc (test for excess errors)
FAIL: ext/hash_set/check_construct_destroy.cc (test for excess errors)
FAIL: ext/malloc_allocator/check_allocate_max_size.cc (test for excess errors)
FAIL: ext/malloc_allocator/check_deallocate_null.cc (test for excess errors)
FAIL: ext/malloc_allocator/check_delete.cc (test for excess errors)
FAIL: ext/malloc_allocator/check_new.cc (test for excess errors)
FAIL: ext/mt_allocator/check_allocate_max_size.cc (test for excess errors)
FAIL: ext/mt_allocator/check_deallocate_null.cc (test for excess errors)
FAIL: ext/mt_allocator/check_deallocate_null_thread.cc (test for excess errors)
FAIL: ext/mt_allocator/check_delete.cc (test for excess errors)
FAIL: ext/mt_allocator/check_new.cc (test for excess errors)
FAIL: ext/new_allocator/check_allocate_max_size.cc (test for excess errors)
FAIL: ext/new_allocator/check_deallocate_null.cc (test for excess errors)
FAIL: ext/new_allocator/check_delete.cc (test for excess errors)
FAIL: ext/new_allocator/check_new.cc (test for excess errors)
FAIL: ext/pool_allocator/check_allocate_max_size.cc (test for excess errors)
FAIL: ext/pool_allocator/check_deallocate_null.cc (test for excess errors)
FAIL: ext/pool_allocator/check_delete.cc (test for excess errors)
FAIL: ext/pool_allocator/check_new.cc (test for excess errors)
FAIL: ext/slist/check_construct_destroy.cc (test for excess errors)
FAIL: tr1/3_function_objects/bind/all_bound.cc (test for excess errors)
FAIL: tr1/3_function_objects/bind/nested.cc (test for excess errors)
FAIL: tr1/3_function_objects/bind/placeholders.cc (test for excess errors)
FAIL: tr1/3_function_objects/bind/ref.cc (test for excess errors)
FAIL: tr1/3_function_objects/function/1.cc (test for excess errors)
FAIL: tr1/3_function_objects/function/2.cc (test for excess errors)
FAIL: tr1/3_function_objects/function/3.cc (test for excess errors)
FAIL: tr1/3_function_objects/function/4.cc (test for excess errors)
FAIL: tr1/3_function_objects/function/5.cc (test for excess errors)
FAIL: tr1/3_function_objects/function/6.cc (test for excess errors)
FAIL: tr1/3_function_objects/function/7.cc (test for excess errors)
FAIL: tr1/3_function_objects/function/8.cc (test for excess errors)
FAIL: tr1/3_function_objects/function/9.cc (test for excess errors)
FAIL: tr1/3_function_objects/mem_fn.cc (test for excess errors)
FAIL: tr1/3_function_objects/reference_wrapper/invoke.cc (test for excess errors)
FAIL: tr1/3_function_objects/reference_wrapper/typedefs.cc (test for excess errors)
FAIL: tr1/3_function_objects/result_of.cc (test for excess errors)
FAIL: tr1/6_containers/tuple/comparison_operators/comparisons.cc (test for excess errors)
FAIL: tr1/6_containers/tuple/cons/assignment.cc (test for excess errors)
FAIL: tr1/6_containers/tuple/cons/big_tuples.cc (test for excess errors)
FAIL: tr1/6_containers/tuple/cons/constructor.cc (test for excess errors)
FAIL: tr1/6_containers/tuple/creation_functions/23978.cc (test for excess errors)
FAIL: tr1/6_containers/tuple/creation_functions/make_tuple.cc (test for excess errors)
FAIL: tr1/6_containers/tuple/creation_functions/tie.cc (test for excess errors)
FAIL: tr1/6_containers/tuple/element_access/get.cc (test for excess errors)
FAIL: tr1/6_containers/tuple/tuple_element.cc (test for excess errors)
FAIL: tr1/6_containers/tuple/tuple_size.cc (test for excess errors)
FAIL: tr1/6_containers/unordered/erase/24061-map.cc (test for excess errors)
FAIL: tr1/6_containers/unordered/erase/24061-multimap.cc (test for excess errors)
FAIL: tr1/6_containers/unordered/erase/24061-multiset.cc (test for excess errors)
FAIL: tr1/6_containers/unordered/erase/24061-set.cc (test for excess errors)
FAIL: tr1/6_containers/unordered/find/map1.cc (test for excess errors)
FAIL: tr1/6_containers/unordered/find/multimap1.cc (test for excess errors)
FAIL: tr1/6_containers/unordered/find/multiset1.cc (test for excess errors)
FAIL: tr1/6_containers/unordered/find/set1.cc (test for excess errors)
FAIL: tr1/6_containers/unordered/hash/24799.cc (test for excess errors)
FAIL: tr1/6_containers/unordered/hashtable/23053.cc (test for excess errors)
FAIL: tr1/6_containers/unordered/hashtable/23465.cc (test for excess errors)
FAIL: tr1/6_containers/unordered/hashtable/24054.cc (test for excess errors)
FAIL: tr1/6_containers/unordered/hashtable/24064.cc (test for excess errors)
FAIL: tr1/6_containers/unordered/hashtable/26127.cc (test for excess errors)
FAIL: tr1/6_containers/unordered/hashtable/26132.cc (test for excess errors)
FAIL: tr1/6_containers/unordered/insert/24061-map.cc (test for excess errors)
FAIL: tr1/6_containers/unordered/insert/24061-multimap.cc (test for excess errors)
FAIL: tr1/6_containers/unordered/insert/24061-multiset.cc (test for excess errors)
FAIL: tr1/6_containers/unordered/insert/24061-set.cc (test for excess errors)
FAIL: tr1/6_containers/unordered/insert/array_syntax.cc (test for excess errors)
FAIL: tr1/6_containers/unordered/insert/map_range.cc (test for excess errors)
FAIL: tr1/6_containers/unordered/insert/map_single.cc (test for excess errors)
FAIL: tr1/6_containers/unordered/insert/multimap_range.cc (test for excess errors)
FAIL: tr1/6_containers/unordered/insert/multimap_single.cc (test for excess errors)
FAIL: tr1/6_containers/unordered/insert/multiset_range.cc (test for excess errors)
FAIL: tr1/6_containers/unordered/insert/multiset_single.cc (test for excess errors)
FAIL: tr1/6_containers/unordered/insert/set_range.cc (test for excess errors)
FAIL: tr1/6_containers/unordered/insert/set_single.cc (test for excess errors)
FAIL: tr1/6_containers/unordered/instantiate/hash.cc (test for excess errors)
FAIL: tr1/6_containers/unordered/instantiate/map.cc (test for excess errors)
FAIL: tr1/6_containers/unordered/instantiate/multimap.cc (test for excess errors)
FAIL: tr1/6_containers/unordered/instantiate/multiset.cc (test for excess errors)
FAIL: tr1/6_containers/unordered/instantiate/set.cc (test for excess errors)
FAIL: tr1/6_containers/unordered/swap/unordered_map/1.cc (test for excess errors)
FAIL: tr1/6_containers/unordered/swap/unordered_map/2.cc (test for excess errors)
FAIL: tr1/6_containers/unordered/swap/unordered_multimap/1.cc (test for excess errors)
FAIL: tr1/6_containers/unordered/swap/unordered_multimap/2.cc (test for excess errors)
FAIL: tr1/6_containers/unordered/swap/unordered_multiset/1.cc (test for excess errors)
FAIL: tr1/6_containers/unordered/swap/unordered_multiset/2.cc (test for excess errors)
FAIL: tr1/6_containers/unordered/swap/unordered_set/1.cc (test for excess errors)
FAIL: tr1/6_containers/unordered/swap/unordered_set/2.cc (test for excess errors)
FAIL: tr1/headers.cc (test for excess errors)
=== libstdc++ Summary for unix ===
# of expected passes 3395
# of unexpected failures 132
# of unexpected successes 2
# of expected failures 12
# of unsupported tests 321
=== libstdc++ Summary ===
# of expected passes 13580
# of unexpected failures 528
# of unexpected successes 9
# of expected failures 47
# of unsupported tests 1284
Compiler version: 4.2.0 20060322 (experimental)
Platform: sparc-sun-solaris2.10
configure flags: --verbose --with-local-prefix=/tmp/local --without-libiconv-prefix --with-mpfr=/caip/u12/kishgcc/gcc-testing/_gmp --enable-languages=c,c++,fortran,java,objc,obj-c++,treelang