This is the mail archive of the
gcc-testresults@gcc.gnu.org
mailing list for the GCC project.
Results for 4.2.0 20060318 (experimental) testsuite on i686-pc-cygwin
- From: Tim Prince <tprince at myrealbox dot com>
- To: gcc-testresults at gcc dot gnu dot org
- Date: Tue, 21 Mar 2006 05:53:53 -0800
- Subject: Results for 4.2.0 20060318 (experimental) testsuite on i686-pc-cygwin
- Reply-to: tprince at computer dot org
LAST_UPDATED: Obtained from SVN: trunk revision 112202
Native configuration is i686-pc-cygwin
=== gcc tests ===
Running target unix
FAIL: gcc.c-torture/compile/20001226-1.c (test for excess errors)
FAIL: gcc.dg/pr17957.c (test for excess errors)
FAIL: largefile.c (test for excess errors)
FAIL: largefile.c (test for excess errors)
FAIL: largefile.c (test for excess errors)
FAIL: largefile.c (test for excess errors)
FAIL: largefile.c (test for excess errors)
FAIL: largefile.c (test for excess errors)
FAIL: largefile.c (test for excess errors)
FAIL: gcc.dg/tree-ssa/20030807-2.c scan-tree-dump-times if 0
FAIL: gcc.dg/tree-ssa/loop-1.c scan-assembler-times foo 5
FAIL: compiler driver --coverage option(s) (compiler options)
FAIL: gcc.target/i386/pic-1.c (test for errors, line 10)
FAIL: gcc.target/i386/sselibm-2.c scan-assembler __libm_sse2_sin
FAIL: gcc.target/i386/sselibm-3.c scan-assembler-times __libm_sse2_sin 1
FAIL: gcc.target/i386/sselibm-4.c scan-assembler-times __libm_sse2 20
FAIL: gcc.target/i386/sselibm-5.c scan-assembler-times __libm_sse2 20
=== gcc Summary ===
# of expected passes 40691
# of unexpected failures 17
# of expected failures 109
# of untested testcases 35
# of unsupported tests 335
/cygdrive/c/gnu/gcc-4.2-20060225/xp/gcc/xgcc version 4.2.0 20060318
(experimental)
=== gfortran tests ===
Running target unix
FAIL: gfortran.dg/aliasing_dummy_1.f90 execution test
FAIL: gfortran.dg/aliasing_dummy_1.f90 execution test
FAIL: gfortran.dg/aliasing_dummy_1.f90 execution test
FAIL: gfortran.dg/aliasing_dummy_1.f90 execution test
FAIL: gfortran.dg/aliasing_dummy_1.f90 execution test
FAIL: gfortran.dg/aliasing_dummy_1.f90 execution test
FAIL: gfortran.dg/aliasing_dummy_1.f90 execution test
FAIL: gfortran.dg/aliasing_dummy_1.f90 execution test
FAIL: gfortran.dg/comma_format_extension_3.f execution test
FAIL: gfortran.dg/comma_format_extension_3.f execution test
FAIL: gfortran.dg/comma_format_extension_3.f execution test
FAIL: gfortran.dg/comma_format_extension_3.f execution test
FAIL: gfortran.dg/comma_format_extension_3.f execution test
FAIL: gfortran.dg/comma_format_extension_3.f execution test
FAIL: gfortran.dg/comma_format_extension_3.f execution test
FAIL: gfortran.dg/comma_format_extension_3.f execution test
FAIL: gfortran.dg/comma_format_extension_4.f execution test
FAIL: gfortran.dg/comma_format_extension_4.f execution test
FAIL: gfortran.dg/comma_format_extension_4.f execution test
FAIL: gfortran.dg/comma_format_extension_4.f execution test
FAIL: gfortran.dg/comma_format_extension_4.f execution test
FAIL: gfortran.dg/comma_format_extension_4.f execution test
FAIL: gfortran.dg/comma_format_extension_4.f execution test
FAIL: gfortran.dg/comma_format_extension_4.f execution test
FAIL: gfortran.dg/constant_substring.f execution test
FAIL: gfortran.dg/constant_substring.f execution test
FAIL: gfortran.dg/constant_substring.f execution test
FAIL: gfortran.dg/constant_substring.f execution test
FAIL: gfortran.dg/constant_substring.f execution test
FAIL: gfortran.dg/constant_substring.f execution test
FAIL: gfortran.dg/constant_substring.f execution test
FAIL: gfortran.dg/constant_substring.f execution test
FAIL: gfortran.dg/der_array_io_1.f90 execution test
FAIL: gfortran.dg/der_array_io_1.f90 execution test
FAIL: gfortran.dg/der_array_io_1.f90 execution test
FAIL: gfortran.dg/der_array_io_1.f90 execution test
FAIL: gfortran.dg/der_array_io_1.f90 execution test
FAIL: gfortran.dg/der_array_io_1.f90 execution test
FAIL: gfortran.dg/der_array_io_1.f90 execution test
FAIL: gfortran.dg/der_array_io_1.f90 execution test
FAIL: gfortran.dg/e_d_fmt.f90 execution test
FAIL: gfortran.dg/e_d_fmt.f90 execution test
FAIL: gfortran.dg/e_d_fmt.f90 execution test
FAIL: gfortran.dg/e_d_fmt.f90 execution test
FAIL: gfortran.dg/e_d_fmt.f90 execution test
FAIL: gfortran.dg/e_d_fmt.f90 execution test
FAIL: gfortran.dg/e_d_fmt.f90 execution test
FAIL: gfortran.dg/e_d_fmt.f90 execution test
FAIL: gfortran.dg/edit_real_1.f90 execution test
FAIL: gfortran.dg/edit_real_1.f90 execution test
FAIL: gfortran.dg/edit_real_1.f90 execution test
FAIL: gfortran.dg/edit_real_1.f90 execution test
FAIL: gfortran.dg/edit_real_1.f90 execution test
FAIL: gfortran.dg/edit_real_1.f90 execution test
FAIL: gfortran.dg/edit_real_1.f90 execution test
FAIL: gfortran.dg/edit_real_1.f90 execution test
FAIL: gfortran.dg/eoshift.f90 execution test
FAIL: gfortran.dg/eoshift.f90 execution test
FAIL: gfortran.dg/eoshift.f90 execution test
FAIL: gfortran.dg/eoshift.f90 execution test
FAIL: gfortran.dg/eoshift.f90 execution test
FAIL: gfortran.dg/eoshift.f90 execution test
FAIL: gfortran.dg/eoshift.f90 execution test
FAIL: gfortran.dg/eoshift.f90 execution test
FAIL: gfortran.dg/fmt_l.f90 execution test
FAIL: gfortran.dg/fmt_l.f90 execution test
FAIL: gfortran.dg/fmt_l.f90 execution test
FAIL: gfortran.dg/fmt_l.f90 execution test
FAIL: gfortran.dg/fmt_l.f90 execution test
FAIL: gfortran.dg/fmt_l.f90 execution test
FAIL: gfortran.dg/fmt_l.f90 execution test
FAIL: gfortran.dg/fmt_l.f90 execution test
FAIL: gfortran.dg/fmt_tl.f execution test
FAIL: gfortran.dg/fmt_tl.f execution test
FAIL: gfortran.dg/fmt_tl.f execution test
FAIL: gfortran.dg/fmt_tl.f execution test
FAIL: gfortran.dg/fmt_tl.f execution test
FAIL: gfortran.dg/fmt_tl.f execution test
FAIL: gfortran.dg/fmt_tl.f execution test
FAIL: gfortran.dg/fmt_tl.f execution test
FAIL: gfortran.dg/fmt_white.f execution test
FAIL: gfortran.dg/fmt_white.f execution test
FAIL: gfortran.dg/fmt_white.f execution test
FAIL: gfortran.dg/fmt_white.f execution test
FAIL: gfortran.dg/fmt_white.f execution test
FAIL: gfortran.dg/fmt_white.f execution test
FAIL: gfortran.dg/fmt_white.f execution test
FAIL: gfortran.dg/fmt_white.f execution test
FAIL: gfortran.dg/hollerith.f90 execution test
FAIL: gfortran.dg/hollerith.f90 execution test
FAIL: gfortran.dg/hollerith.f90 execution test
FAIL: gfortran.dg/hollerith.f90 execution test
FAIL: gfortran.dg/hollerith.f90 execution test
FAIL: gfortran.dg/hollerith.f90 execution test
FAIL: gfortran.dg/hollerith.f90 execution test
FAIL: gfortran.dg/hollerith.f90 execution test
FAIL: gfortran.dg/hollerith4.f90 execution test
FAIL: gfortran.dg/hollerith4.f90 execution test
FAIL: gfortran.dg/hollerith4.f90 execution test
FAIL: gfortran.dg/hollerith4.f90 execution test
FAIL: gfortran.dg/hollerith4.f90 execution test
FAIL: gfortran.dg/hollerith4.f90 execution test
FAIL: gfortran.dg/hollerith4.f90 execution test
FAIL: gfortran.dg/hollerith4.f90 execution test
FAIL: gfortran.dg/hollerith_1.f90 execution test
FAIL: gfortran.dg/hollerith_1.f90 execution test
FAIL: gfortran.dg/hollerith_1.f90 execution test
FAIL: gfortran.dg/hollerith_1.f90 execution test
FAIL: gfortran.dg/hollerith_1.f90 execution test
FAIL: gfortran.dg/hollerith_1.f90 execution test
FAIL: gfortran.dg/hollerith_1.f90 execution test
FAIL: gfortran.dg/hollerith_1.f90 execution test
FAIL: gfortran.dg/list_read_3.f90 execution test
FAIL: gfortran.dg/list_read_3.f90 execution test
FAIL: gfortran.dg/list_read_3.f90 execution test
FAIL: gfortran.dg/list_read_3.f90 execution test
FAIL: gfortran.dg/list_read_3.f90 execution test
FAIL: gfortran.dg/list_read_3.f90 execution test
FAIL: gfortran.dg/list_read_3.f90 execution test
FAIL: gfortran.dg/list_read_3.f90 execution test
FAIL: gfortran.dg/literal_character_constant_1_x.F execution test
FAIL: gfortran.dg/literal_character_constant_1_x.F execution test
FAIL: gfortran.dg/literal_character_constant_1_x.F execution test
FAIL: gfortran.dg/literal_character_constant_1_x.F execution test
FAIL: gfortran.dg/literal_character_constant_1_x.F execution test
FAIL: gfortran.dg/literal_character_constant_1_x.F execution test
FAIL: gfortran.dg/literal_character_constant_1_x.F execution test
FAIL: gfortran.dg/literal_character_constant_1_x.F execution test
FAIL: gfortran.dg/literal_character_constant_1_y.F execution test
FAIL: gfortran.dg/literal_character_constant_1_y.F execution test
FAIL: gfortran.dg/literal_character_constant_1_y.F execution test
FAIL: gfortran.dg/literal_character_constant_1_y.F execution test
FAIL: gfortran.dg/literal_character_constant_1_y.F execution test
FAIL: gfortran.dg/literal_character_constant_1_y.F execution test
FAIL: gfortran.dg/literal_character_constant_1_y.F execution test
FAIL: gfortran.dg/literal_character_constant_1_y.F execution test
FAIL: gfortran.dg/literal_character_constant_1_z.F execution test
FAIL: gfortran.dg/literal_character_constant_1_z.F execution test
FAIL: gfortran.dg/literal_character_constant_1_z.F execution test
FAIL: gfortran.dg/literal_character_constant_1_z.F execution test
FAIL: gfortran.dg/literal_character_constant_1_z.F execution test
FAIL: gfortran.dg/literal_character_constant_1_z.F execution test
FAIL: gfortran.dg/literal_character_constant_1_z.F execution test
FAIL: gfortran.dg/literal_character_constant_1_z.F execution test
FAIL: gfortran.dg/negative-z-descriptor.f90 execution test
FAIL: gfortran.dg/negative-z-descriptor.f90 execution test
FAIL: gfortran.dg/negative-z-descriptor.f90 execution test
FAIL: gfortran.dg/negative-z-descriptor.f90 execution test
FAIL: gfortran.dg/negative-z-descriptor.f90 execution test
FAIL: gfortran.dg/negative-z-descriptor.f90 execution test
FAIL: gfortran.dg/negative-z-descriptor.f90 execution test
FAIL: gfortran.dg/negative-z-descriptor.f90 execution test
FAIL: gfortran.dg/output_exponents_1.f90 execution test
FAIL: gfortran.dg/output_exponents_1.f90 execution test
FAIL: gfortran.dg/output_exponents_1.f90 execution test
FAIL: gfortran.dg/output_exponents_1.f90 execution test
FAIL: gfortran.dg/output_exponents_1.f90 execution test
FAIL: gfortran.dg/output_exponents_1.f90 execution test
FAIL: gfortran.dg/output_exponents_1.f90 execution test
FAIL: gfortran.dg/output_exponents_1.f90 execution test
FAIL: gfortran.dg/pr15332.f execution test
FAIL: gfortran.dg/pr15332.f execution test
FAIL: gfortran.dg/pr15332.f execution test
FAIL: gfortran.dg/pr15332.f execution test
FAIL: gfortran.dg/pr15332.f execution test
FAIL: gfortran.dg/pr15332.f execution test
FAIL: gfortran.dg/pr15332.f execution test
FAIL: gfortran.dg/pr15332.f execution test
FAIL: gfortran.dg/pr17706.f90 execution test
FAIL: gfortran.dg/pr17706.f90 execution test
FAIL: gfortran.dg/pr17706.f90 execution test
FAIL: gfortran.dg/pr17706.f90 execution test
FAIL: gfortran.dg/pr17706.f90 execution test
FAIL: gfortran.dg/pr17706.f90 execution test
FAIL: gfortran.dg/pr17706.f90 execution test
FAIL: gfortran.dg/pr17706.f90 execution test
FAIL: gfortran.dg/pr18025.f90 execution test
FAIL: gfortran.dg/pr18025.f90 execution test
FAIL: gfortran.dg/pr18025.f90 execution test
FAIL: gfortran.dg/pr18025.f90 execution test
FAIL: gfortran.dg/pr18025.f90 execution test
FAIL: gfortran.dg/pr18025.f90 execution test
FAIL: gfortran.dg/pr18025.f90 execution test
FAIL: gfortran.dg/pr18025.f90 execution test
FAIL: gfortran.dg/pr20086.f90 execution test
FAIL: gfortran.dg/pr20086.f90 execution test
FAIL: gfortran.dg/pr20086.f90 execution test
FAIL: gfortran.dg/pr20086.f90 execution test
FAIL: gfortran.dg/pr20086.f90 execution test
FAIL: gfortran.dg/pr20086.f90 execution test
FAIL: gfortran.dg/pr20086.f90 execution test
FAIL: gfortran.dg/pr20086.f90 execution test
FAIL: gfortran.dg/pr20124.f90 execution test
FAIL: gfortran.dg/pr20124.f90 execution test
FAIL: gfortran.dg/pr20124.f90 execution test
FAIL: gfortran.dg/pr20124.f90 execution test
FAIL: gfortran.dg/pr20124.f90 execution test
FAIL: gfortran.dg/pr20124.f90 execution test
FAIL: gfortran.dg/pr20124.f90 execution test
FAIL: gfortran.dg/pr20124.f90 execution test
FAIL: gfortran.dg/pr20480.f90 execution test
FAIL: gfortran.dg/pr20480.f90 execution test
FAIL: gfortran.dg/pr20480.f90 execution test
FAIL: gfortran.dg/pr20480.f90 execution test
FAIL: gfortran.dg/pr20480.f90 execution test
FAIL: gfortran.dg/pr20480.f90 execution test
FAIL: gfortran.dg/pr20480.f90 execution test
FAIL: gfortran.dg/pr20480.f90 execution test
FAIL: gfortran.dg/pr20755.f execution test
FAIL: gfortran.dg/pr20755.f execution test
FAIL: gfortran.dg/pr20755.f execution test
FAIL: gfortran.dg/pr20755.f execution test
FAIL: gfortran.dg/pr20755.f execution test
FAIL: gfortran.dg/pr20755.f execution test
FAIL: gfortran.dg/pr20755.f execution test
FAIL: gfortran.dg/pr20755.f execution test
FAIL: gfortran.dg/pr20954.f execution test
FAIL: gfortran.dg/pr20954.f execution test
FAIL: gfortran.dg/pr20954.f execution test
FAIL: gfortran.dg/pr20954.f execution test
FAIL: gfortran.dg/pr20954.f execution test
FAIL: gfortran.dg/pr20954.f execution test
FAIL: gfortran.dg/pr20954.f execution test
FAIL: gfortran.dg/pr20954.f execution test
FAIL: gfortran.dg/pr21730.f execution test
FAIL: gfortran.dg/pr21730.f execution test
FAIL: gfortran.dg/pr21730.f execution test
FAIL: gfortran.dg/pr21730.f execution test
FAIL: gfortran.dg/pr21730.f execution test
FAIL: gfortran.dg/pr21730.f execution test
FAIL: gfortran.dg/pr21730.f execution test
FAIL: gfortran.dg/pr21730.f execution test
FAIL: gfortran.dg/pr22491.f execution test
FAIL: gfortran.dg/pr22491.f execution test
FAIL: gfortran.dg/pr22491.f execution test
FAIL: gfortran.dg/pr22491.f execution test
FAIL: gfortran.dg/pr22491.f execution test
FAIL: gfortran.dg/pr22491.f execution test
FAIL: gfortran.dg/pr22491.f execution test
FAIL: gfortran.dg/pr22491.f execution test
FAIL: gfortran.dg/reshape.f90 execution test
FAIL: gfortran.dg/reshape.f90 execution test
FAIL: gfortran.dg/reshape.f90 execution test
FAIL: gfortran.dg/reshape.f90 execution test
FAIL: gfortran.dg/reshape.f90 execution test
FAIL: gfortran.dg/reshape.f90 execution test
FAIL: gfortran.dg/reshape.f90 execution test
FAIL: gfortran.dg/reshape.f90 execution test
FAIL: gfortran.dg/spread_scalar_source.f90 execution test
FAIL: gfortran.dg/spread_scalar_source.f90 execution test
FAIL: gfortran.dg/spread_scalar_source.f90 execution test
FAIL: gfortran.dg/spread_scalar_source.f90 execution test
FAIL: gfortran.dg/spread_scalar_source.f90 execution test
FAIL: gfortran.dg/spread_scalar_source.f90 execution test
FAIL: gfortran.dg/spread_scalar_source.f90 execution test
FAIL: gfortran.dg/spread_scalar_source.f90 execution test
FAIL: gfortran.dg/string_pad_trunc.f90 execution test
FAIL: gfortran.dg/string_pad_trunc.f90 execution test
FAIL: gfortran.dg/string_pad_trunc.f90 execution test
FAIL: gfortran.dg/string_pad_trunc.f90 execution test
FAIL: gfortran.dg/string_pad_trunc.f90 execution test
FAIL: gfortran.dg/string_pad_trunc.f90 execution test
FAIL: gfortran.dg/string_pad_trunc.f90 execution test
FAIL: gfortran.dg/string_pad_trunc.f90 execution test
FAIL: gfortran.dg/t_editing.f execution test
FAIL: gfortran.dg/t_editing.f execution test
FAIL: gfortran.dg/t_editing.f execution test
FAIL: gfortran.dg/t_editing.f execution test
FAIL: gfortran.dg/t_editing.f execution test
FAIL: gfortran.dg/t_editing.f execution test
FAIL: gfortran.dg/t_editing.f execution test
FAIL: gfortran.dg/t_editing.f execution test
FAIL: gfortran.dg/tl_editing.f90 execution test
FAIL: gfortran.dg/tl_editing.f90 execution test
FAIL: gfortran.dg/tl_editing.f90 execution test
FAIL: gfortran.dg/tl_editing.f90 execution test
FAIL: gfortran.dg/tl_editing.f90 execution test
FAIL: gfortran.dg/tl_editing.f90 execution test
FAIL: gfortran.dg/tl_editing.f90 execution test
FAIL: gfortran.dg/tl_editing.f90 execution test
FAIL: gfortran.dg/write_0_pe_format.f90 execution test
FAIL: gfortran.dg/write_0_pe_format.f90 execution test
FAIL: gfortran.dg/write_0_pe_format.f90 execution test
FAIL: gfortran.dg/write_0_pe_format.f90 execution test
FAIL: gfortran.dg/write_0_pe_format.f90 execution test
FAIL: gfortran.dg/write_0_pe_format.f90 execution test
FAIL: gfortran.dg/write_0_pe_format.f90 execution test
FAIL: gfortran.dg/write_0_pe_format.f90 execution test
FAIL: gfortran.dg/write_padding.f90 execution test
FAIL: gfortran.dg/write_padding.f90 execution test
FAIL: gfortran.dg/write_padding.f90 execution test
FAIL: gfortran.dg/write_padding.f90 execution test
FAIL: gfortran.dg/write_padding.f90 execution test
FAIL: gfortran.dg/write_padding.f90 execution test
FAIL: gfortran.dg/write_padding.f90 execution test
FAIL: gfortran.dg/write_padding.f90 execution test
FAIL: gfortran.dg/g77/cpp4.F execution test
FAIL: gfortran.dg/g77/cpp4.F execution test
FAIL: gfortran.dg/g77/cpp4.F execution test
FAIL: gfortran.dg/g77/cpp4.F execution test
FAIL: gfortran.dg/g77/cpp4.F execution test
FAIL: gfortran.dg/g77/cpp4.F execution test
FAIL: gfortran.dg/g77/cpp4.F execution test
FAIL: gfortran.dg/g77/cpp4.F execution test
FAIL: gfortran.dg/g77/f77-edit-i-in.f execution test
FAIL: gfortran.dg/g77/f77-edit-i-in.f execution test
FAIL: gfortran.dg/g77/f77-edit-i-in.f execution test
FAIL: gfortran.dg/g77/f77-edit-i-in.f execution test
FAIL: gfortran.dg/g77/f77-edit-i-in.f execution test
FAIL: gfortran.dg/g77/f77-edit-i-in.f execution test
FAIL: gfortran.dg/g77/f77-edit-i-in.f execution test
FAIL: gfortran.dg/g77/f77-edit-i-in.f execution test
FAIL: gfortran.fortran-torture/execute/empty_format.f90 execution, -O0
FAIL: gfortran.fortran-torture/execute/empty_format.f90 execution, -O1
FAIL: gfortran.fortran-torture/execute/empty_format.f90 execution, -O2
FAIL: gfortran.fortran-torture/execute/empty_format.f90 execution, -O3
-fomit-frame-pointer
FAIL: gfortran.fortran-torture/execute/empty_format.f90 execution, -O3
-fomit-frame-pointer -funroll-loops
FAIL: gfortran.fortran-torture/execute/empty_format.f90 execution, -O3
-fomit-frame-pointer -funroll-all-loops -finline-functions
FAIL: gfortran.fortran-torture/execute/empty_format.f90 execution, -O3 -g
FAIL: gfortran.fortran-torture/execute/empty_format.f90 execution, -Os
FAIL: gfortran.fortran-torture/execute/f2_edit_1.f90 execution, -O0
FAIL: gfortran.fortran-torture/execute/f2_edit_1.f90 execution, -O1
FAIL: gfortran.fortran-torture/execute/f2_edit_1.f90 execution, -O2
FAIL: gfortran.fortran-torture/execute/f2_edit_1.f90 execution, -O3
-fomit-frame-pointer
FAIL: gfortran.fortran-torture/execute/f2_edit_1.f90 execution, -O3
-fomit-frame-pointer -funroll-loops
FAIL: gfortran.fortran-torture/execute/f2_edit_1.f90 execution, -O3
-fomit-frame-pointer -funroll-all-loops -finline-functions
FAIL: gfortran.fortran-torture/execute/f2_edit_1.f90 execution, -O3 -g
FAIL: gfortran.fortran-torture/execute/f2_edit_1.f90 execution, -Os
FAIL: gfortran.fortran-torture/execute/hollerith.f90 execution, -O0
FAIL: gfortran.fortran-torture/execute/hollerith.f90 execution, -O1
FAIL: gfortran.fortran-torture/execute/hollerith.f90 execution, -O2
FAIL: gfortran.fortran-torture/execute/hollerith.f90 execution, -O3
-fomit-frame-pointer
FAIL: gfortran.fortran-torture/execute/hollerith.f90 execution, -O3
-fomit-frame-pointer -funroll-loops
FAIL: gfortran.fortran-torture/execute/hollerith.f90 execution, -O3
-fomit-frame-pointer -funroll-all-loops -finline-functions
FAIL: gfortran.fortran-torture/execute/hollerith.f90 execution, -O3 -g
FAIL: gfortran.fortran-torture/execute/hollerith.f90 execution, -Os
FAIL: gfortran.fortran-torture/execute/internal_write.f90 execution, -O0
FAIL: gfortran.fortran-torture/execute/internal_write.f90 execution, -O1
FAIL: gfortran.fortran-torture/execute/internal_write.f90 execution, -O2
FAIL: gfortran.fortran-torture/execute/internal_write.f90 execution,
-O3 -fomit-frame-pointer
FAIL: gfortran.fortran-torture/execute/internal_write.f90 execution,
-O3 -fomit-frame-pointer -funroll-loops
FAIL: gfortran.fortran-torture/execute/internal_write.f90 execution,
-O3 -fomit-frame-pointer -funroll-all-loops -finline-functions
FAIL: gfortran.fortran-torture/execute/internal_write.f90 execution, -O3 -g
FAIL: gfortran.fortran-torture/execute/internal_write.f90 execution, -Os
FAIL: gfortran.fortran-torture/execute/intrinsic_anyall.f90 execution, -O0
FAIL: gfortran.fortran-torture/execute/intrinsic_anyall.f90 execution, -O1
FAIL: gfortran.fortran-torture/execute/intrinsic_anyall.f90 execution, -O2
FAIL: gfortran.fortran-torture/execute/intrinsic_anyall.f90 execution,
-O3 -fomit-frame-pointer
FAIL: gfortran.fortran-torture/execute/intrinsic_anyall.f90 execution,
-O3 -fomit-frame-pointer -funroll-loops
FAIL: gfortran.fortran-torture/execute/intrinsic_anyall.f90 execution,
-O3 -fomit-frame-pointer -funroll-all-loops -finline-functions
FAIL: gfortran.fortran-torture/execute/intrinsic_anyall.f90 execution,
-O3 -g
FAIL: gfortran.fortran-torture/execute/intrinsic_anyall.f90 execution, -Os
FAIL: gfortran.fortran-torture/execute/intrinsic_count.f90 execution, -O0
FAIL: gfortran.fortran-torture/execute/intrinsic_count.f90 execution, -O1
FAIL: gfortran.fortran-torture/execute/intrinsic_count.f90 execution, -O2
FAIL: gfortran.fortran-torture/execute/intrinsic_count.f90 execution,
-O3 -fomit-frame-pointer
FAIL: gfortran.fortran-torture/execute/intrinsic_count.f90 execution,
-O3 -fomit-frame-pointer -funroll-loops
FAIL: gfortran.fortran-torture/execute/intrinsic_count.f90 execution,
-O3 -fomit-frame-pointer -funroll-all-loops -finline-functions
FAIL: gfortran.fortran-torture/execute/intrinsic_count.f90 execution,
-O3 -g
FAIL: gfortran.fortran-torture/execute/intrinsic_count.f90 execution, -Os
FAIL: gfortran.fortran-torture/execute/intrinsic_mmloc.f90 execution, -O0
FAIL: gfortran.fortran-torture/execute/intrinsic_mmloc.f90 execution, -O1
FAIL: gfortran.fortran-torture/execute/intrinsic_mmloc.f90 execution, -O2
FAIL: gfortran.fortran-torture/execute/intrinsic_mmloc.f90 execution,
-O3 -fomit-frame-pointer
FAIL: gfortran.fortran-torture/execute/intrinsic_mmloc.f90 execution,
-O3 -fomit-frame-pointer -funroll-loops
FAIL: gfortran.fortran-torture/execute/intrinsic_mmloc.f90 execution,
-O3 -fomit-frame-pointer -funroll-all-loops -finline-functions
FAIL: gfortran.fortran-torture/execute/intrinsic_mmloc.f90 execution,
-O3 -g
FAIL: gfortran.fortran-torture/execute/intrinsic_mmloc.f90 execution, -Os
FAIL: gfortran.fortran-torture/execute/intrinsic_mmval.f90 execution, -O0
FAIL: gfortran.fortran-torture/execute/intrinsic_mmval.f90 execution, -O1
FAIL: gfortran.fortran-torture/execute/intrinsic_mmval.f90 execution, -O2
FAIL: gfortran.fortran-torture/execute/intrinsic_mmval.f90 execution,
-O3 -fomit-frame-pointer
FAIL: gfortran.fortran-torture/execute/intrinsic_mmval.f90 execution,
-O3 -fomit-frame-pointer -funroll-loops
FAIL: gfortran.fortran-torture/execute/intrinsic_mmval.f90 execution,
-O3 -fomit-frame-pointer -funroll-all-loops -finline-functions
FAIL: gfortran.fortran-torture/execute/intrinsic_mmval.f90 execution,
-O3 -g
FAIL: gfortran.fortran-torture/execute/intrinsic_mmval.f90 execution, -Os
FAIL: gfortran.fortran-torture/execute/intrinsic_product.f90 execution, -O0
FAIL: gfortran.fortran-torture/execute/intrinsic_product.f90 execution, -O1
FAIL: gfortran.fortran-torture/execute/intrinsic_product.f90 execution, -O2
FAIL: gfortran.fortran-torture/execute/intrinsic_product.f90 execution,
-O3 -fomit-frame-pointer
FAIL: gfortran.fortran-torture/execute/intrinsic_product.f90 execution,
-O3 -fomit-frame-pointer -funroll-loops
FAIL: gfortran.fortran-torture/execute/intrinsic_product.f90 execution,
-O3 -fomit-frame-pointer -funroll-all-loops -finline-functions
FAIL: gfortran.fortran-torture/execute/intrinsic_product.f90 execution,
-O3 -g
FAIL: gfortran.fortran-torture/execute/intrinsic_product.f90 execution, -Os
FAIL: gfortran.fortran-torture/execute/intrinsic_spread.f90 execution, -O0
FAIL: gfortran.fortran-torture/execute/intrinsic_spread.f90 execution, -O1
FAIL: gfortran.fortran-torture/execute/intrinsic_spread.f90 execution, -O2
FAIL: gfortran.fortran-torture/execute/intrinsic_spread.f90 execution,
-O3 -fomit-frame-pointer
FAIL: gfortran.fortran-torture/execute/intrinsic_spread.f90 execution,
-O3 -fomit-frame-pointer -funroll-loops
FAIL: gfortran.fortran-torture/execute/intrinsic_spread.f90 execution,
-O3 -fomit-frame-pointer -funroll-all-loops -finline-functions
FAIL: gfortran.fortran-torture/execute/intrinsic_spread.f90 execution,
-O3 -g
FAIL: gfortran.fortran-torture/execute/intrinsic_spread.f90 execution, -Os
FAIL: gfortran.fortran-torture/execute/intrinsic_sum.f90 execution, -O0
FAIL: gfortran.fortran-torture/execute/intrinsic_sum.f90 execution, -O1
FAIL: gfortran.fortran-torture/execute/intrinsic_sum.f90 execution, -O2
FAIL: gfortran.fortran-torture/execute/intrinsic_sum.f90 execution, -O3
-fomit-frame-pointer
FAIL: gfortran.fortran-torture/execute/intrinsic_sum.f90 execution, -O3
-fomit-frame-pointer -funroll-loops
FAIL: gfortran.fortran-torture/execute/intrinsic_sum.f90 execution, -O3
-fomit-frame-pointer -funroll-all-loops -finline-functions
FAIL: gfortran.fortran-torture/execute/intrinsic_sum.f90 execution, -O3 -g
FAIL: gfortran.fortran-torture/execute/intrinsic_sum.f90 execution, -Os
FAIL: gfortran.fortran-torture/execute/intrinsic_unpack.f90 execution, -O0
FAIL: gfortran.fortran-torture/execute/intrinsic_unpack.f90 execution, -O1
FAIL: gfortran.fortran-torture/execute/intrinsic_unpack.f90 execution, -O2
FAIL: gfortran.fortran-torture/execute/intrinsic_unpack.f90 execution,
-O3 -fomit-frame-pointer
FAIL: gfortran.fortran-torture/execute/intrinsic_unpack.f90 execution,
-O3 -fomit-frame-pointer -funroll-loops
FAIL: gfortran.fortran-torture/execute/intrinsic_unpack.f90 execution,
-O3 -fomit-frame-pointer -funroll-all-loops -finline-functions
FAIL: gfortran.fortran-torture/execute/intrinsic_unpack.f90 execution,
-O3 -g
FAIL: gfortran.fortran-torture/execute/intrinsic_unpack.f90 execution, -Os
FAIL: gfortran.fortran-torture/execute/nan_inf_fmt.f90 execution, -O0
FAIL: gfortran.fortran-torture/execute/nan_inf_fmt.f90 execution, -O1
FAIL: gfortran.fortran-torture/execute/nan_inf_fmt.f90 execution, -O2
FAIL: gfortran.fortran-torture/execute/nan_inf_fmt.f90 execution, -O3
-fomit-frame-pointer
FAIL: gfortran.fortran-torture/execute/nan_inf_fmt.f90 execution, -O3
-fomit-frame-pointer -funroll-loops
FAIL: gfortran.fortran-torture/execute/nan_inf_fmt.f90 execution, -O3
-fomit-frame-pointer -funroll-all-loops -finline-functions
FAIL: gfortran.fortran-torture/execute/nan_inf_fmt.f90 execution, -O3 -g
FAIL: gfortran.fortran-torture/execute/nan_inf_fmt.f90 execution, -Os
FAIL: gfortran.fortran-torture/execute/t_edit.f90 execution, -O0
FAIL: gfortran.fortran-torture/execute/t_edit.f90 execution, -O1
FAIL: gfortran.fortran-torture/execute/t_edit.f90 execution, -O2
FAIL: gfortran.fortran-torture/execute/t_edit.f90 execution, -O3
-fomit-frame-pointer
FAIL: gfortran.fortran-torture/execute/t_edit.f90 execution, -O3
-fomit-frame-pointer -funroll-loops
FAIL: gfortran.fortran-torture/execute/t_edit.f90 execution, -O3
-fomit-frame-pointer -funroll-all-loops -finline-functions
FAIL: gfortran.fortran-torture/execute/t_edit.f90 execution, -O3 -g
FAIL: gfortran.fortran-torture/execute/t_edit.f90 execution, -Os
FAIL: gfortran.fortran-torture/execute/write_a_1.f90 execution, -O0
FAIL: gfortran.fortran-torture/execute/write_a_1.f90 execution, -O1
FAIL: gfortran.fortran-torture/execute/write_a_1.f90 execution, -O2
FAIL: gfortran.fortran-torture/execute/write_a_1.f90 execution, -O3
-fomit-frame-pointer
FAIL: gfortran.fortran-torture/execute/write_a_1.f90 execution, -O3
-fomit-frame-pointer -funroll-loops
FAIL: gfortran.fortran-torture/execute/write_a_1.f90 execution, -O3
-fomit-frame-pointer -funroll-all-loops -finline-functions
FAIL: gfortran.fortran-torture/execute/write_a_1.f90 execution, -O3 -g
FAIL: gfortran.fortran-torture/execute/write_a_1.f90 execution, -Os
FAIL: gfortran.fortran-torture/execute/write_logical.f90 execution, -O0
FAIL: gfortran.fortran-torture/execute/write_logical.f90 execution, -O1
FAIL: gfortran.fortran-torture/execute/write_logical.f90 execution, -O2
FAIL: gfortran.fortran-torture/execute/write_logical.f90 execution, -O3
-fomit-frame-pointer
FAIL: gfortran.fortran-torture/execute/write_logical.f90 execution, -O3
-fomit-frame-pointer -funroll-loops
FAIL: gfortran.fortran-torture/execute/write_logical.f90 execution, -O3
-fomit-frame-pointer -funroll-all-loops -finline-functions
FAIL: gfortran.fortran-torture/execute/write_logical.f90 execution, -O3 -g
FAIL: gfortran.fortran-torture/execute/write_logical.f90 execution, -Os
=== gfortran Summary ===
# of expected passes 11939
# of unexpected failures 440
# of expected failures 7
# of unsupported tests 70
/cygdrive/c/gnu/gcc-4.2-20060225/xp/gcc/testsuite/gfortran/../../gfortran
version 4.2.0 20060318 (experimental)
=== objc tests ===
Running target unix
FAIL: objc/execute/exceptions/foward-1.m execution, -Os -fgnu-runtime
FAIL: objc/execute/exceptions/foward-1.m execution, -Os -fgnu-runtime
FAIL: objc.dg/objc-nofilename-1.m scan-assembler-not objc-nofilename-1.m
=== objc Summary ===
# of expected passes 1813
# of unexpected failures 3
# of expected failures 7
# of unsupported tests 23
/cygdrive/c/gnu/gcc-4.2-20060225/xp/gcc/xgcc version 4.2.0 20060318
(experimental)
=== treelang tests ===
Running target unix
ERROR: tcl error sourcing
/cygdrive/c/gnu/gcc-4.2-20060225/gcc/testsuite/treelang/output/output.exp.
ERROR: rm: cannot remove \`treelang/output-1': No such file or directory
=== treelang Summary ===
# of expected passes 50
Compiler version: 4.2.0 20060318 (experimental)
Platform: i686-pc-cygwin
configure flags: '--enable-languages=fortran objc treelang c'
--enable-threads=posix --enable-sjlj-exceptions --disable-libmudflap
--disable-shared --enable-maintainer-mode --prefix=/usr/local/gcc42
--enable-bootstrap --disable-libgomp
--enable-languages=c,fortran,objc,treelang
BOOT_CFLAGS=-O2 -march=pentium-m -pipe