This is the mail archive of the
gcc-testresults@gcc.gnu.org
mailing list for the GCC project.
Results for 4.2.0 20060316 (experimental) testsuite on x86_64-unknown-linux-gnu
- From: Toon Moene <toon at moene dot indiv dot nluug dot nl>
- To: gcc-testresults at gcc dot gnu dot org
- Date: Thu, 16 Mar 2006 17:50:05 +0100
- Subject: Results for 4.2.0 20060316 (experimental) testsuite on x86_64-unknown-linux-gnu
LAST_UPDATED: Thu Mar 16 06:59:28 UTC 2006 (revision 112129)
=== acats tests ===
FAIL: cdd2a02
=== acats Summary ===
# of expected passes 2316
# of unexpected failures 1
Native configuration is x86_64-unknown-linux-gnu
=== gcc tests ===
Running target unix
WARNING: gcc.dg/torture/fp-int-convert-float128-timode.c -O0 compilation failed to produce executable
WARNING: gcc.dg/torture/fp-int-convert-float128-timode.c -O1 compilation failed to produce executable
WARNING: gcc.dg/torture/fp-int-convert-float128-timode.c -O2 compilation failed to produce executable
WARNING: gcc.dg/torture/fp-int-convert-float128-timode.c -O3 -fomit-frame-pointer compilation failed to produce executable
WARNING: gcc.dg/torture/fp-int-convert-float128-timode.c -O3 -g compilation failed to produce executable
WARNING: gcc.dg/torture/fp-int-convert-float128-timode.c -Os compilation failed to produce executable
WARNING: gcc.dg/torture/fp-int-convert-float128.c -O0 compilation failed to produce executable
WARNING: gcc.dg/torture/fp-int-convert-float128.c -O1 compilation failed to produce executable
WARNING: gcc.dg/torture/fp-int-convert-float128.c -O2 compilation failed to produce executable
WARNING: gcc.dg/torture/fp-int-convert-float128.c -O3 -fomit-frame-pointer compilation failed to produce executable
WARNING: gcc.dg/torture/fp-int-convert-float128.c -O3 -g compilation failed to produce executable
WARNING: gcc.dg/torture/fp-int-convert-float128.c -Os compilation failed to produce executable
FAIL: gcc.dg/tree-ssa/20030807-2.c scan-tree-dump-times if 0
=== gcc Summary ===
# of expected passes 39006
# of unexpected failures 1
# of expected failures 121
# of untested testcases 28
# of unsupported tests 378
/home/toon/compilers/obj-t/gcc/xgcc version 4.2.0 20060316 (experimental)
=== gfortran tests ===
Running target unix
=== gfortran Summary ===
# of expected passes 12507
# of expected failures 18
# of unsupported tests 16
/home/toon/compilers/obj-t/gcc/testsuite/gfortran/../../gfortran version 4.2.0 20060316 (experimental)
=== g++ tests ===
Running target unix
FAIL: g++.dg/init/ctor4.C (test for excess errors)
FAIL: g++.dg/parse/register1.C (test for excess errors)
FAIL: g++.old-deja/g++.brendan/warnings4.C (test for excess errors)
FAIL: g++.old-deja/g++.jason/overload34.C (test for excess errors)
FAIL: g++.old-deja/g++.mike/p11110.C (test for excess errors)
=== g++ Summary ===
# of expected passes 12280
# of unexpected failures 5
# of expected failures 67
# of unsupported tests 98
/home/toon/compilers/obj-t/gcc/testsuite/g++/../../g++ version 4.2.0 20060316 (experimental)
=== obj-c++ tests ===
Running target unix
FAIL: obj-c++.dg/bitfield-1.mm (test for excess errors)
FAIL: obj-c++.dg/bitfield-4.mm (test for excess errors)
FAIL: obj-c++.dg/comp-types-10.mm (test for excess errors)
FAIL: obj-c++.dg/cxx-ivars-2.mm execution test
FAIL: obj-c++.dg/encode-3.mm (test for excess errors)
FAIL: obj-c++.dg/encode-3.mm execution test
FAIL: obj-c++.dg/encode-8.mm execution test
FAIL: obj-c++.dg/isa-field-1.mm (test for excess errors)
FAIL: obj-c++.dg/layout-1.mm (test for excess errors)
FAIL: obj-c++.dg/lookup-2.mm (test for excess errors)
WARNING: obj-c++.dg/lookup-2.mm compilation failed to produce executable
FAIL: obj-c++.dg/try-catch-2.mm (test for excess errors)
WARNING: obj-c++.dg/try-catch-2.mm compilation failed to produce executable
FAIL: obj-c++.dg/try-catch-9.mm (test for excess errors)
WARNING: obj-c++.dg/try-catch-9.mm compilation failed to produce executable
=== obj-c++ Summary ===
# of expected passes 419
# of unexpected failures 12
# of unsupported tests 13
/home/toon/compilers/obj-t/gcc/testsuite/obj-c++/../../g++ version 4.2.0 20060316 (experimental)
=== objc tests ===
Running target unix
FAIL: objc.dg/objc-nofilename-1.m scan-assembler-not objc-nofilename-1.m
=== objc Summary ===
# of expected passes 1751
# of unexpected failures 1
# of expected failures 7
# of unsupported tests 23
/home/toon/compilers/obj-t/gcc/xgcc version 4.2.0 20060316 (experimental)
=== libffi tests ===
Running target unix
=== libffi Summary ===
# of expected passes 1064
# of unsupported tests 8
=== libgomp tests ===
Running target unix
=== libgomp Summary ===
# of expected passes 1374
=== libjava tests ===
Running target unix
=== libjava Summary ===
# of expected passes 4065
# of expected failures 10
# of untested testcases 8
=== libmudflap tests ===
Running target unix
=== libmudflap Summary ===
# of expected passes 1789
=== libstdc++ tests ===
Running target unix
FAIL: abi_check
XPASS: 26_numerics/cmath/c99_classification_macros_c.cc (test for excess errors)
XPASS: 27_io/fpos/14320-1.cc execution test
=== libstdc++ Summary ===
# of expected passes 3516
# of unexpected failures 1
# of unexpected successes 2
# of expected failures 11
# of unsupported tests 315
Compiler version: 4.2.0 20060316 (experimental)
Platform: x86_64-unknown-linux-gnu
configure flags: --disable-nls --disable-multilib --prefix=/usr/snp --enable-languages=c,ada,c++,fortran,java,objc,obj-c++