This is the mail archive of the
gcc-testresults@gcc.gnu.org
mailing list for the GCC project.
[Fwd: Results for 4.2.0 20060313 (experimental) testsuite on sh-unknown-elf]
- From: Joern RENNECKE <joern dot rennecke at st dot com>
- To: gcc-testresults at gcc dot gnu dot org
- Date: Wed, 15 Mar 2006 16:16:39 +0000
- Subject: [Fwd: Results for 4.2.0 20060313 (experimental) testsuite on sh-unknown-elf]
Revision: 112013
The g++ gomp tests failed with:
g++: unrecognized option '-pthread'^M
-------- Original Message --------
Subject: Results for 4.2.0 20060313 (experimental) testsuite on
sh-unknown-elf
Date: Wed, 15 Mar 2006 15:55:31 +0000
From: Joern Rennecke <renneckej@bristol.st.com>
To: joern.rennecke@st.com
LAST_UPDATED:
Target is sh-unknown-elf
Host is i686-pc-linux-gnu
=== gcc tests ===
Running target sh-hms-sim
WARNING: program timed out.
FAIL: gcc.c-torture/compile/20001226-1.c -O0 (test for excess errors)
FAIL: gcc.dg/cpp/_Pragma3.c (test for excess errors)
FAIL: gcc.dg/builtin-apply4.c execution test
WARNING: program timed out.
WARNING: program timed out.
FAIL: gcc.dg/c99-intconst-1.c (test for excess errors)
FAIL: gcc.dg/torture/pr26565.c -O0 execution test
FAIL: gcc.dg/tree-ssa/20030807-2.c scan-tree-dump-times if 0
=== gcc Summary for sh-hms-sim ===
# of expected passes 37566
# of unexpected failures 6
# of expected failures 74
# of untested testcases 28
# of unsupported tests 359
Running target sh-hms-sim/-m4/-ml
WARNING: program timed out.
FAIL: gcc.c-torture/compile/20001226-1.c -O0 (test for excess errors)
FAIL: gcc.dg/cpp/_Pragma3.c (test for excess errors)
WARNING: program timed out.
WARNING: program timed out.
FAIL: gcc.dg/c99-intconst-1.c (test for excess errors)
FAIL: gcc.dg/torture/pr26565.c -O0 execution test
FAIL: gcc.dg/tree-ssa/20030807-2.c scan-tree-dump-times if 0
=== gcc Summary for sh-hms-sim/-m4/-ml ===
# of expected passes 37567
# of unexpected failures 5
# of expected failures 74
# of untested testcases 28
# of unsupported tests 359
=== gcc Summary ===
# of expected passes 75133
# of unexpected failures 11
# of expected failures 148
# of untested testcases 56
# of unsupported tests 718
/ccase/filer1/view-store/renneckej/nightly/2006-03-13/sh-elf/gcc/xgcc version 4.2.0 20060313 (experimental)
Host is i686-pc-linux-gnu
=== g++ tests ===
Running target sh-hms-sim
WARNING: program timed out.
FAIL: g++.dg/eh/cleanup1.C (test for excess errors)
FAIL: g++.dg/init/ctor4.C (test for excess errors)
XPASS: g++.dg/other/packed1.C execution test
FAIL: g++.dg/parse/register1.C (test for excess errors)
FAIL: g++.dg/gomp/atomic-1.C (test for excess errors)
FAIL: g++.dg/gomp/atomic-2.C (test for excess errors)
FAIL: g++.dg/gomp/atomic-3.C (test for excess errors)
FAIL: g++.dg/gomp/atomic-4.C (test for excess errors)
FAIL: g++.dg/gomp/atomic-5.C (test for excess errors)
FAIL: g++.dg/gomp/atomic-6.C (test for excess errors)
FAIL: g++.dg/gomp/atomic-7.C (test for excess errors)
FAIL: g++.dg/gomp/atomic-8.C (test for excess errors)
FAIL: g++.dg/gomp/atomic-9.C (test for excess errors)
FAIL: g++.dg/gomp/barrier-1.C (test for excess errors)
FAIL: g++.dg/gomp/barrier-2.C (test for excess errors)
FAIL: g++.dg/gomp/block-0.C (test for excess errors)
FAIL: g++.dg/gomp/block-1.C (test for excess errors)
FAIL: g++.dg/gomp/block-10.C (test for excess errors)
FAIL: g++.dg/gomp/block-11.C (test for excess errors)
FAIL: g++.dg/gomp/block-2.C (test for excess errors)
FAIL: g++.dg/gomp/block-3.C (test for excess errors)
FAIL: g++.dg/gomp/block-4.C (test for excess errors)
FAIL: g++.dg/gomp/block-5.C (test for excess errors)
FAIL: g++.dg/gomp/block-6.C (test for excess errors)
FAIL: g++.dg/gomp/block-7.C (test for excess errors)
FAIL: g++.dg/gomp/block-8.C (test for excess errors)
FAIL: g++.dg/gomp/block-9.C (test for excess errors)
FAIL: g++.dg/gomp/clause-1.C (test for excess errors)
FAIL: g++.dg/gomp/clause-2.C (test for excess errors)
FAIL: g++.dg/gomp/clause-3.C (test for excess errors)
FAIL: g++.dg/gomp/copyin-1.C (test for excess errors)
FAIL: g++.dg/gomp/critical-1.C (test for excess errors)
FAIL: g++.dg/gomp/critical-2.C (test for excess errors)
FAIL: g++.dg/gomp/flush-1.C (test for excess errors)
FAIL: g++.dg/gomp/flush-2.C (test for excess errors)
FAIL: g++.dg/gomp/for-1.C (test for excess errors)
FAIL: g++.dg/gomp/for-10.C (test for excess errors)
FAIL: g++.dg/gomp/for-11.C (test for excess errors)
FAIL: g++.dg/gomp/for-12.C (test for excess errors)
FAIL: g++.dg/gomp/for-13.C (test for excess errors)
FAIL: g++.dg/gomp/for-14.C (test for excess errors)
FAIL: g++.dg/gomp/for-15.C (test for excess errors)
FAIL: g++.dg/gomp/for-16.C (test for excess errors)
FAIL: g++.dg/gomp/for-17.C (test for excess errors)
FAIL: g++.dg/gomp/for-18.C (test for excess errors)
FAIL: g++.dg/gomp/for-2.C (test for excess errors)
FAIL: g++.dg/gomp/for-3.C (test for excess errors)
FAIL: g++.dg/gomp/for-4.C (test for excess errors)
FAIL: g++.dg/gomp/for-5.C (test for excess errors)
FAIL: g++.dg/gomp/for-6.C (test for excess errors)
FAIL: g++.dg/gomp/for-7.C (test for excess errors)
FAIL: g++.dg/gomp/for-8.C (test for excess errors)
FAIL: g++.dg/gomp/for-9.C (test for excess errors)
FAIL: g++.dg/gomp/macro-1.C (test for excess errors)
FAIL: g++.dg/gomp/macro-2.C (test for excess errors)
FAIL: g++.dg/gomp/master-1.C (test for excess errors)
FAIL: g++.dg/gomp/master-2.C (test for excess errors)
FAIL: g++.dg/gomp/master-3.C (test for excess errors)
FAIL: g++.dg/gomp/method-1.C (test for excess errors)
FAIL: g++.dg/gomp/ordered-1.C (test for excess errors)
FAIL: g++.dg/gomp/ordered-2.C (test for excess errors)
FAIL: g++.dg/gomp/parallel-1.C (test for excess errors)
FAIL: g++.dg/gomp/parallel-2.C (test for excess errors)
FAIL: g++.dg/gomp/parallel-3.C (test for excess errors)
FAIL: g++.dg/gomp/parallel-4.C (test for excess errors)
FAIL: g++.dg/gomp/parallel-5.C (test for excess errors)
FAIL: g++.dg/gomp/pr24849.C (test for excess errors)
FAIL: g++.dg/gomp/pr25874.C (test for excess errors)
FAIL: g++.dg/gomp/sections-1.C (test for excess errors)
FAIL: g++.dg/gomp/sections-2.C (test for excess errors)
FAIL: g++.dg/gomp/sections-3.C (test for excess errors)
FAIL: g++.dg/gomp/sections-4.C (test for excess errors)
FAIL: g++.dg/gomp/sharing-1.C (test for excess errors)
FAIL: g++.dg/gomp/tls-1.C (test for excess errors)
FAIL: g++.dg/gomp/tls-2.C (test for excess errors)
FAIL: g++.dg/gomp/tls-3.C (test for excess errors)
FAIL: g++.dg/gomp/tpl-atomic-1.C (test for excess errors)
FAIL: g++.dg/gomp/tpl-atomic-2.C (test for excess errors)
FAIL: g++.dg/gomp/tpl-barrier-1.C (test for excess errors)
FAIL: g++.dg/gomp/tpl-for-1.C (test for excess errors)
FAIL: g++.dg/gomp/tpl-for-2.C (test for excess errors)
FAIL: g++.dg/gomp/tpl-for-3.C (test for excess errors)
FAIL: g++.dg/gomp/tpl-master-1.C (test for excess errors)
FAIL: g++.dg/gomp/tpl-parallel-1.C (test for excess errors)
FAIL: g++.dg/gomp/tpl-parallel-2.C (test for excess errors)
FAIL: g++.dg/tls/static-1.C execution test
FAIL: g++.old-deja/g++.brendan/warnings4.C (test for excess errors)
FAIL: g++.old-deja/g++.jason/overload34.C (test for excess errors)
XPASS: g++.old-deja/g++.jason/thunk3.C execution test
FAIL: g++.old-deja/g++.mike/p11110.C (test for excess errors)
XPASS: g++.old-deja/g++.other/init5.C execution test
=== g++ Summary for sh-hms-sim ===
# of expected passes 12154
# of unexpected failures 88
# of unexpected successes 3
# of expected failures 67
# of unsupported tests 128
Running target sh-hms-sim/-m4/-ml
WARNING: program timed out.
FAIL: g++.dg/eh/cleanup1.C (test for excess errors)
FAIL: g++.dg/init/ctor4.C (test for excess errors)
XPASS: g++.dg/other/packed1.C execution test
FAIL: g++.dg/parse/register1.C (test for excess errors)
FAIL: g++.dg/gomp/atomic-1.C (test for excess errors)
FAIL: g++.dg/gomp/atomic-2.C (test for excess errors)
FAIL: g++.dg/gomp/atomic-3.C (test for excess errors)
FAIL: g++.dg/gomp/atomic-4.C (test for excess errors)
FAIL: g++.dg/gomp/atomic-5.C (test for excess errors)
FAIL: g++.dg/gomp/atomic-6.C (test for excess errors)
FAIL: g++.dg/gomp/atomic-7.C (test for excess errors)
FAIL: g++.dg/gomp/atomic-8.C (test for excess errors)
FAIL: g++.dg/gomp/atomic-9.C (test for excess errors)
FAIL: g++.dg/gomp/barrier-1.C (test for excess errors)
FAIL: g++.dg/gomp/barrier-2.C (test for excess errors)
FAIL: g++.dg/gomp/block-0.C (test for excess errors)
FAIL: g++.dg/gomp/block-1.C (test for excess errors)
FAIL: g++.dg/gomp/block-10.C (test for excess errors)
FAIL: g++.dg/gomp/block-11.C (test for excess errors)
FAIL: g++.dg/gomp/block-2.C (test for excess errors)
FAIL: g++.dg/gomp/block-3.C (test for excess errors)
FAIL: g++.dg/gomp/block-4.C (test for excess errors)
FAIL: g++.dg/gomp/block-5.C (test for excess errors)
FAIL: g++.dg/gomp/block-6.C (test for excess errors)
FAIL: g++.dg/gomp/block-7.C (test for excess errors)
FAIL: g++.dg/gomp/block-8.C (test for excess errors)
FAIL: g++.dg/gomp/block-9.C (test for excess errors)
FAIL: g++.dg/gomp/clause-1.C (test for excess errors)
FAIL: g++.dg/gomp/clause-2.C (test for excess errors)
FAIL: g++.dg/gomp/clause-3.C (test for excess errors)
FAIL: g++.dg/gomp/copyin-1.C (test for excess errors)
FAIL: g++.dg/gomp/critical-1.C (test for excess errors)
FAIL: g++.dg/gomp/critical-2.C (test for excess errors)
FAIL: g++.dg/gomp/flush-1.C (test for excess errors)
FAIL: g++.dg/gomp/flush-2.C (test for excess errors)
FAIL: g++.dg/gomp/for-1.C (test for excess errors)
FAIL: g++.dg/gomp/for-10.C (test for excess errors)
FAIL: g++.dg/gomp/for-11.C (test for excess errors)
FAIL: g++.dg/gomp/for-12.C (test for excess errors)
FAIL: g++.dg/gomp/for-13.C (test for excess errors)
FAIL: g++.dg/gomp/for-14.C (test for excess errors)
FAIL: g++.dg/gomp/for-15.C (test for excess errors)
FAIL: g++.dg/gomp/for-16.C (test for excess errors)
FAIL: g++.dg/gomp/for-17.C (test for excess errors)
FAIL: g++.dg/gomp/for-18.C (test for excess errors)
FAIL: g++.dg/gomp/for-2.C (test for excess errors)
FAIL: g++.dg/gomp/for-3.C (test for excess errors)
FAIL: g++.dg/gomp/for-4.C (test for excess errors)
FAIL: g++.dg/gomp/for-5.C (test for excess errors)
FAIL: g++.dg/gomp/for-6.C (test for excess errors)
FAIL: g++.dg/gomp/for-7.C (test for excess errors)
FAIL: g++.dg/gomp/for-8.C (test for excess errors)
FAIL: g++.dg/gomp/for-9.C (test for excess errors)
FAIL: g++.dg/gomp/macro-1.C (test for excess errors)
FAIL: g++.dg/gomp/macro-2.C (test for excess errors)
FAIL: g++.dg/gomp/master-1.C (test for excess errors)
FAIL: g++.dg/gomp/master-2.C (test for excess errors)
FAIL: g++.dg/gomp/master-3.C (test for excess errors)
FAIL: g++.dg/gomp/method-1.C (test for excess errors)
FAIL: g++.dg/gomp/ordered-1.C (test for excess errors)
FAIL: g++.dg/gomp/ordered-2.C (test for excess errors)
FAIL: g++.dg/gomp/parallel-1.C (test for excess errors)
FAIL: g++.dg/gomp/parallel-2.C (test for excess errors)
FAIL: g++.dg/gomp/parallel-3.C (test for excess errors)
FAIL: g++.dg/gomp/parallel-4.C (test for excess errors)
FAIL: g++.dg/gomp/parallel-5.C (test for excess errors)
FAIL: g++.dg/gomp/pr24849.C (test for excess errors)
FAIL: g++.dg/gomp/pr25874.C (test for excess errors)
FAIL: g++.dg/gomp/sections-1.C (test for excess errors)
FAIL: g++.dg/gomp/sections-2.C (test for excess errors)
FAIL: g++.dg/gomp/sections-3.C (test for excess errors)
FAIL: g++.dg/gomp/sections-4.C (test for excess errors)
FAIL: g++.dg/gomp/sharing-1.C (test for excess errors)
FAIL: g++.dg/gomp/tls-1.C (test for excess errors)
FAIL: g++.dg/gomp/tls-2.C (test for excess errors)
FAIL: g++.dg/gomp/tls-3.C (test for excess errors)
FAIL: g++.dg/gomp/tpl-atomic-1.C (test for excess errors)
FAIL: g++.dg/gomp/tpl-atomic-2.C (test for excess errors)
FAIL: g++.dg/gomp/tpl-barrier-1.C (test for excess errors)
FAIL: g++.dg/gomp/tpl-for-1.C (test for excess errors)
FAIL: g++.dg/gomp/tpl-for-2.C (test for excess errors)
FAIL: g++.dg/gomp/tpl-for-3.C (test for excess errors)
FAIL: g++.dg/gomp/tpl-master-1.C (test for excess errors)
FAIL: g++.dg/gomp/tpl-parallel-1.C (test for excess errors)
FAIL: g++.dg/gomp/tpl-parallel-2.C (test for excess errors)
FAIL: g++.dg/tls/static-1.C execution test
FAIL: g++.old-deja/g++.brendan/warnings4.C (test for excess errors)
FAIL: g++.old-deja/g++.jason/overload34.C (test for excess errors)
XPASS: g++.old-deja/g++.jason/thunk3.C execution test
FAIL: g++.old-deja/g++.mike/p11110.C (test for excess errors)
XPASS: g++.old-deja/g++.other/init5.C execution test
=== g++ Summary for sh-hms-sim/-m4/-ml ===
# of expected passes 12154
# of unexpected failures 88
# of unexpected successes 3
# of expected failures 67
# of unsupported tests 128
=== g++ Summary ===
# of expected passes 24308
# of unexpected failures 176
# of unexpected successes 6
# of expected failures 134
# of unsupported tests 256
/ccase/filer1/view-store/renneckej/nightly/2006-03-13/sh-elf/gcc/testsuite/g++/../../g++ version 4.2.0 20060313 (experimental)
Host is i686-pc-linux-gnu
=== objc tests ===
Running target sh-hms-sim
WARNING: program timed out.
FAIL: objc/execute/exceptions/foward-1.m execution, -O3 -fomit-frame-pointer -fgnu-runtime
WARNING: program timed out.
FAIL: objc/execute/exceptions/foward-1.m execution, -O3 -fomit-frame-pointer -funroll-loops -fgnu-runtime
FAIL: objc/execute/exceptions/foward-1.m execution, -O3 -fomit-frame-pointer -funroll-all-loops -finline-functions -fgnu-runtime
FAIL: objc.dg/objc-nofilename-1.m scan-assembler-not objc-nofilename-1.m
=== objc Summary for sh-hms-sim ===
# of expected passes 1748
# of unexpected failures 4
# of expected failures 7
# of unsupported tests 23
Running target sh-hms-sim/-m4/-ml
FAIL: objc.dg/objc-nofilename-1.m scan-assembler-not objc-nofilename-1.m
=== objc Summary for sh-hms-sim/-m4/-ml ===
# of expected passes 1751
# of unexpected failures 1
# of expected failures 7
# of unsupported tests 23
=== objc Summary ===
# of expected passes 3499
# of unexpected failures 5
# of expected failures 14
# of unsupported tests 46
/ccase/filer1/view-store/renneckej/nightly/2006-03-13/sh-elf/gcc/xgcc version 4.2.0 20060313 (experimental)
Host is sh-unknown-elf
=== libstdc++ tests ===
Running target sh-hms-sim
=== libstdc++ Summary for sh-hms-sim ===
# of expected passes 1486
# of expected failures 5
# of unsupported tests 16
Running target sh-hms-sim/-m4/-ml
=== libstdc++ Summary for sh-hms-sim/-m4/-ml ===
# of expected passes 1486
# of expected failures 5
# of unsupported tests 16
=== libstdc++ Summary ===
# of expected passes 2972
# of expected failures 10
# of unsupported tests 32
Compiler version: 4.2.0 20060313 (experimental)
Platform: sh-unknown-elf
configure flags: --target=sh-elf --with-headers --with-newlib --enable-languages=c,c++,java,objc