This is the mail archive of the
gcc-testresults@gcc.gnu.org
mailing list for the GCC project.
Results for 4.0.3 testsuite on m32r-unknown-linux-gnu
- From: Kaz Kojima <kkojima at rr dot iij4u dot or dot jp>
- To: gcc-testresults at gcc dot gnu dot org
- Date: Mon, 13 Mar 2006 22:46:33 +0900 (JST)
- Subject: Results for 4.0.3 testsuite on m32r-unknown-linux-gnu
Remote host: 2.6.12-rc2-mm2 m32r
GNU C Library version 2.3.3
LAST_UPDATED: Obtained from SVN: tags/gcc_4_0_3_release revision 111908
Target is m32r-unknown-linux-gnu
Host is i686-pc-linux-gnu
=== g++ tests ===
Running target unix
WARNING: Assuming target board is the local machine (which is probably wrong).
FAIL: g++.old-deja/g++.jason/thunk3.C (test for excess errors)
WARNING: g++.old-deja/g++.jason/thunk3.C compilation failed to produce executable
=== g++ Summary ===
# of expected passes 11340
# of unexpected failures 1
# of expected failures 70
# of unsupported tests 102
/exp/mappi2root/dodes/xm32r-gcc403/gcc/testsuite/../g++ version 4.0.3
Host is i686-pc-linux-gnu
=== gcc tests ===
Running target unix
WARNING: Assuming target board is the local machine (which is probably wrong).
FAIL: gcc.c-torture/execute/20020720-1.c compilation, -O1
UNRESOLVED: gcc.c-torture/execute/20020720-1.c execution, -O1
FAIL: gcc.c-torture/execute/20020720-1.c compilation, -O2
UNRESOLVED: gcc.c-torture/execute/20020720-1.c execution, -O2
FAIL: gcc.c-torture/execute/20020720-1.c compilation, -O3 -fomit-frame-pointer
UNRESOLVED: gcc.c-torture/execute/20020720-1.c execution, -O3 -fomit-frame-pointer
FAIL: gcc.c-torture/execute/20020720-1.c compilation, -O3 -g
UNRESOLVED: gcc.c-torture/execute/20020720-1.c execution, -O3 -g
FAIL: gcc.c-torture/execute/20020720-1.c compilation, -Os
UNRESOLVED: gcc.c-torture/execute/20020720-1.c execution, -Os
XPASS: gcc.c-torture/execute/981130-1.c execution, -O0
XPASS: gcc.c-torture/execute/981130-1.c execution, -O1
XPASS: gcc.c-torture/execute/981130-1.c execution, -O2
XPASS: gcc.c-torture/execute/981130-1.c execution, -Os
FAIL: gcc.dg/20040123-1.c scan-assembler abort
XPASS: gcc.dg/tree-ssa/20040204-1.c scan-tree-dump-times link_error 0
=== gcc Summary ===
# of expected passes 34552
# of unexpected failures 6
# of unexpected successes 5
# of expected failures 69
# of unresolved testcases 5
# of untested testcases 28
# of unsupported tests 523
/exp/mappi2root/dodes/xm32r-gcc403/gcc/xgcc version 4.0.3
Host is m32r-unknown-linux-gnu
=== libmudflap tests ===
Running target unix
WARNING: Assuming target board is the local machine (which is probably wrong).
FAIL: libmudflap.c/heap-scalestress.c execution test
FAIL: libmudflap.c/heap-scalestress.c output pattern test
FAIL: libmudflap.c/pass-stratcliff.c execution test
FAIL: libmudflap.c/pass-stratcliff.c (-static) execution test
FAIL: libmudflap.c/heap-scalestress.c (-O2) execution test
FAIL: libmudflap.c/heap-scalestress.c (-O2) output pattern test
FAIL: libmudflap.c/pass-stratcliff.c (-O2) execution test
FAIL: libmudflap.c/heap-scalestress.c (-O3) execution test
FAIL: libmudflap.c/heap-scalestress.c (-O3) output pattern test
FAIL: libmudflap.c/pass-stratcliff.c (-O3) execution test
=== libmudflap Summary ===
# of expected passes 1278
# of unexpected failures 10
Host is m32r-unknown-linux-gnu
=== libstdc++ tests ===
Running target unix
WARNING: Assuming target board is the local machine (which is probably wrong).
FAIL: 21_strings/basic_string/capacity/wchar_t/18654.cc execution test
FAIL: 21_strings/basic_string/cons/char/1.cc execution test
FAIL: 21_strings/basic_string/cons/wchar_t/1.cc execution test
FAIL: 21_strings/basic_string/insert/char/1.cc execution test
FAIL: 21_strings/basic_string/insert/wchar_t/1.cc execution test
XPASS: 22_locale/locale/cons/12658_thread-1.cc execution test
FAIL: 23_containers/set/modifiers/16728.cc execution test
XPASS: 26_numerics/cmath/c99_classification_macros_c.cc (test for excess errors)
FAIL: 27_io/basic_stringbuf/overflow/char/1.cc execution test
FAIL: 27_io/basic_stringbuf/overflow/wchar_t/1.cc execution test
=== libstdc++ Summary ===
# of expected passes 3704
# of unexpected failures 8
# of unexpected successes 2
# of expected failures 12
Compiler version: 4.0.3
Platform: m32r-unknown-linux-gnu
configure flags: --host=i686-pc-linux-gnu --target=m32r-linux --prefix=/usr/local/m32r-linux-3.4 --with-as=/exp/mappi2root/dodes/xm32r-src/gas/as-new --with-ld=/exp/mappi2root/dodes/xm32r-src/ld/ld-new --with-sysroot=/exp/mappi2root --enable-languages=c,
c++