This is the mail archive of the
gcc-testresults@gcc.gnu.org
mailing list for the GCC project.
Results for 4.0.3 testsuite on x86_64-pc-linux-gnu
- From: Karel Gardas <kgardas at objectsecurity dot com>
- To: gcc-testresults at gcc dot gnu dot org
- Date: Sat, 11 Mar 2006 21:38:21 +0100
- Subject: Results for 4.0.3 testsuite on x86_64-pc-linux-gnu
This is on Debian GNU/Linux 3.0 running on AMD64 platform.
Bootstrap GCC is 4.1.0, binutils are 2.15.
Karel
LAST_UPDATED: Obtained from SVN: tags/gcc_4_0_3_release revision 111908
Native configuration is x86_64-pc-linux-gnu
=== libmudflap tests ===
Running target unix
=== libmudflap Summary ===
# of expected passes 1288
=== libstdc++ tests ===
Running target unix
FAIL: abi_check
XPASS: 22_locale/locale/cons/12658_thread-1.cc execution test
XPASS: 26_numerics/cmath/c99_classification_macros_c.cc (test for excess errors)
XPASS: 27_io/fpos/14320-1.cc execution test
=== libstdc++ Summary ===
# of expected passes 3712
# of unexpected failures 1
# of unexpected successes 3
# of expected failures 11
=== gcc tests ===
Running target unix
XPASS: gcc.dg/cpp/cmdlne-dI-M.c scan-file (^|\\\\n)cmdlne-dI-M.*:[^\\\\n]*cmdlne-dI-M.c
XPASS: gcc.dg/cpp/cmdlne-dM-M.c scan-file (^|\\\\n)cmdlne-dM-M[^\\\\n]*:[^\\\\n]*cmdlne-dM-M.c
XPASS: gcc.dg/vect/vect-22.c scan-tree-dump-times vectorized 3 loops 1
=== gcc Summary ===
# of expected passes 35277
# of unexpected successes 3
# of expected failures 96
# of untested testcases 28
# of unsupported tests 413
/tmp/obj/gcc/xgcc version 4.0.3
=== g++ tests ===
Running target unix
XPASS: g++.old-deja/g++.other/init5.C execution test
=== g++ Summary ===
# of expected passes 11378
# of unexpected successes 1
# of expected failures 69
# of unsupported tests 85
/tmp/obj/gcc/testsuite/../g++ version 4.0.3
Compiler version: 4.0.3
Platform: x86_64-pc-linux-gnu
configure flags: --prefix=/home/karel/usr/local/gcc-4.0.3 --enable-shared --enable-threads --disable-checking --enable-__cxa_atexit --disable-multilib amd64-linux-gnu --enable-languages=c,c++