This is the mail archive of the gcc-testresults@gcc.gnu.org mailing list for the GCC project.


Index Nav: [Date Index] [Subject Index] [Author Index] [Thread Index]
Message Nav: [Date Prev] [Date Next] [Thread Prev] [Thread Next]
Other format: [Raw text]

Results for 4.0.3 testsuite on sparc-sun-solaris2.10


LAST_UPDATED: Obtained from SVN: tags/gcc_4_0_3_release revision 111908

Native configuration is sparc-sun-solaris2.10

		=== g++ tests ===


Running target unix/-m64

		=== g++ Summary for unix/-m64 ===

# of expected passes		11299
# of expected failures		70
# of unsupported tests		122

Running target unix/-fPIC

		=== g++ Summary for unix/-fPIC ===

# of expected passes		11331
# of expected failures		70
# of unsupported tests		120

Running target unix/-fpic

		=== g++ Summary for unix/-fpic ===

# of expected passes		11331
# of expected failures		70
# of unsupported tests		120

Running target unix

		=== g++ Summary for unix ===

# of expected passes		11331
# of expected failures		70
# of unsupported tests		120

		=== g++ Summary ===

# of expected passes		45292
# of expected failures		280
# of unsupported tests		482
/caip/u12/kishgcc/gcc-testing/gcc-testing/40/build/gcc/testsuite/../g++  version 4.0.3

		=== gcc tests ===


Running target unix/-m64
WARNING: gcc.dg/tls/opt-11.c compilation failed to produce executable

		=== gcc Summary for unix/-m64 ===

# of expected passes		34947
# of expected failures		95
# of untested testcases		28
# of unsupported tests		553

Running target unix/-fPIC
XPASS: gcc.c-torture/execute/20020720-1.c compilation,  -O1 
XPASS: gcc.c-torture/execute/20020720-1.c compilation,  -O2 
XPASS: gcc.c-torture/execute/20020720-1.c compilation,  -O3 -fomit-frame-pointer 
XPASS: gcc.c-torture/execute/20020720-1.c compilation,  -O3 -g 
XPASS: gcc.c-torture/execute/20020720-1.c compilation,  -Os 
FAIL: gcc.dg/assign-warn-3.c  (test for warnings, line 9)
FAIL: gcc.dg/assign-warn-3.c  (test for warnings, line 13)
WARNING: gcc.dg/tls/opt-11.c compilation failed to produce executable
FAIL: gcc.dg/tls/opt-8.c (test for excess errors)
FAIL: gcc.dg/torture/asm-subreg-1.c  -O1  (test for excess errors)
FAIL: gcc.dg/torture/asm-subreg-1.c  -O2  (test for excess errors)
FAIL: gcc.dg/torture/asm-subreg-1.c  -O3 -fomit-frame-pointer  (test for excess errors)
FAIL: gcc.dg/torture/asm-subreg-1.c  -O3 -g  (test for excess errors)
FAIL: gcc.dg/torture/asm-subreg-1.c  -Os  (test for excess errors)

		=== gcc Summary for unix/-fPIC ===

# of expected passes		34940
# of unexpected failures	8
# of unexpected successes	5
# of expected failures		95
# of untested testcases		28
# of unsupported tests		550

Running target unix/-fpic
XPASS: gcc.c-torture/execute/20020720-1.c compilation,  -O1 
XPASS: gcc.c-torture/execute/20020720-1.c compilation,  -O2 
XPASS: gcc.c-torture/execute/20020720-1.c compilation,  -O3 -fomit-frame-pointer 
XPASS: gcc.c-torture/execute/20020720-1.c compilation,  -O3 -g 
XPASS: gcc.c-torture/execute/20020720-1.c compilation,  -Os 
FAIL: tmpdir-gcc.dg-struct-layout-1/t002 c_compat_x_tst.o-c_compat_y_tst.o link
UNRESOLVED: tmpdir-gcc.dg-struct-layout-1/t002 c_compat_x_tst.o-c_compat_y_tst.o execute 
FAIL: gcc.dg/assign-warn-3.c  (test for warnings, line 9)
FAIL: gcc.dg/assign-warn-3.c  (test for warnings, line 13)
WARNING: gcc.dg/tls/opt-11.c compilation failed to produce executable
FAIL: gcc.dg/tls/opt-8.c (test for excess errors)

		=== gcc Summary for unix/-fpic ===

# of expected passes		34943
# of unexpected failures	4
# of unexpected successes	5
# of expected failures		95
# of unresolved testcases	1
# of untested testcases		28
# of unsupported tests		550

Running target unix
WARNING: gcc.dg/tls/opt-11.c compilation failed to produce executable

		=== gcc Summary for unix ===

# of expected passes		34953
# of expected failures		95
# of untested testcases		28
# of unsupported tests		550

		=== gcc Summary ===

# of expected passes		139783
# of unexpected failures	12
# of unexpected successes	10
# of expected failures		380
# of unresolved testcases	1
# of untested testcases		112
# of unsupported tests		2203
/caip/u12/kishgcc/gcc-testing/gcc-testing/40/build/gcc/xgcc  version 4.0.3

		=== gfortran tests ===


Running target unix/-m64

		=== gfortran Summary for unix/-m64 ===

# of expected passes		8805
# of expected failures		1
# of unsupported tests		25

Running target unix/-fPIC

		=== gfortran Summary for unix/-fPIC ===

# of expected passes		8805
# of expected failures		1
# of unsupported tests		25

Running target unix/-fpic

		=== gfortran Summary for unix/-fpic ===

# of expected passes		8805
# of expected failures		1
# of unsupported tests		25

Running target unix

		=== gfortran Summary for unix ===

# of expected passes		8805
# of expected failures		1
# of unsupported tests		25

		=== gfortran Summary ===

# of expected passes		35220
# of expected failures		4
# of unsupported tests		100
/caip/u12/kishgcc/gcc-testing/gcc-testing/40/build/gcc/testsuite/../gfortran  version 4.0.3

		=== objc tests ===


Running target unix/-m64

		=== objc Summary for unix/-m64 ===

# of expected passes		1554
# of unsupported tests		10

Running target unix/-fPIC

		=== objc Summary for unix/-fPIC ===

# of expected passes		1554
# of unsupported tests		10

Running target unix/-fpic

		=== objc Summary for unix/-fpic ===

# of expected passes		1554
# of unsupported tests		10

Running target unix

		=== objc Summary for unix ===

# of expected passes		1554
# of unsupported tests		10

		=== objc Summary ===

# of expected passes		6216
# of unsupported tests		40
/caip/u12/kishgcc/gcc-testing/gcc-testing/40/build/gcc/xgcc  version 4.0.3

		=== treelang tests ===


Running target unix/-m64
FAIL: treelang/execute/funccall-2.tree execution test
FAIL: treelang/execute/funccall.tree execution test
FAIL: treelang/execute/initial.tree execution test
FAIL: treelang/execute/main.tree execution test
FAIL: treelang/execute/static.tree execution test
ERROR: tcl error sourcing /caip/u12/kishgcc/tmpdisk/gcc-testing/40/gcc-4.0.3/gcc/testsuite/treelang/output/output.exp.
ERROR: child killed: bus error

		=== treelang Summary for unix/-m64 ===

# of expected passes		42
# of unexpected failures	5

Running target unix/-fPIC

		=== treelang Summary for unix/-fPIC ===

# of expected passes		48

Running target unix/-fpic

		=== treelang Summary for unix/-fpic ===

# of expected passes		48

Running target unix

		=== treelang Summary for unix ===

# of expected passes		48

		=== treelang Summary ===

# of expected passes		186
# of unexpected failures	5
		=== libffi tests ===


Running target unix/-m64

		=== libffi Summary for unix/-m64 ===

# of expected passes		219
# of unsupported tests		2

Running target unix/-fPIC

		=== libffi Summary for unix/-fPIC ===

# of expected passes		219
# of unsupported tests		2

Running target unix/-fpic

		=== libffi Summary for unix/-fpic ===

# of expected passes		219
# of unsupported tests		2

Running target unix

		=== libffi Summary for unix ===

# of expected passes		219
# of unsupported tests		2

		=== libffi Summary ===

# of expected passes		876
# of unsupported tests		8
		=== libjava tests ===


Running target unix/-m64
FAIL: PR16923 run
FAIL: Array_3 execution - gij test
FAIL: Array_3 execution - gij test
FAIL: FileHandleGcTest execution - source compiled test
FAIL: FileHandleGcTest execution - gij test
FAIL: FileHandleGcTest execution - bytecode->native test
FAIL: FileHandleGcTest -O3 execution - source compiled test
FAIL: FileHandleGcTest execution - gij test
FAIL: FileHandleGcTest -O3 execution - bytecode->native test
FAIL: Throw_2 execution - gij test
FAIL: Throw_2 execution - gij test

		=== libjava Summary for unix/-m64 ===

# of expected passes		3878
# of unexpected failures	11
# of expected failures		10
# of untested testcases		19

Running target unix/-fPIC
FAIL: Array_3 execution - gij test
FAIL: Array_3 execution - gij test
FAIL: FileHandleGcTest execution - source compiled test
FAIL: FileHandleGcTest execution - gij test
FAIL: FileHandleGcTest execution - bytecode->native test
FAIL: FileHandleGcTest -O3 execution - source compiled test
FAIL: FileHandleGcTest execution - gij test
FAIL: FileHandleGcTest -O3 execution - bytecode->native test
FAIL: Thread_Join execution - gij test

		=== libjava Summary for unix/-fPIC ===

# of expected passes		3881
# of unexpected failures	9
# of expected failures		10
# of untested testcases		17

Running target unix/-fpic
FAIL: Array_3 execution - gij test
FAIL: Array_3 execution - gij test
FAIL: FileHandleGcTest execution - source compiled test
FAIL: FileHandleGcTest execution - gij test
FAIL: FileHandleGcTest execution - bytecode->native test
FAIL: FileHandleGcTest -O3 execution - source compiled test
FAIL: FileHandleGcTest execution - gij test
FAIL: FileHandleGcTest -O3 execution - bytecode->native test

		=== libjava Summary for unix/-fpic ===

# of expected passes		3883
# of unexpected failures	8
# of expected failures		10
# of untested testcases		16

Running target unix
FAIL: Array_3 execution - gij test
FAIL: Array_3 execution - gij test
FAIL: FileHandleGcTest execution - source compiled test
FAIL: FileHandleGcTest execution - gij test
FAIL: FileHandleGcTest execution - bytecode->native test
FAIL: FileHandleGcTest -O3 execution - source compiled test
FAIL: FileHandleGcTest execution - gij test
FAIL: FileHandleGcTest -O3 execution - bytecode->native test

		=== libjava Summary for unix ===

# of expected passes		3883
# of unexpected failures	8
# of expected failures		10
# of untested testcases		16

		=== libjava Summary ===

# of expected passes		15525
# of unexpected failures	36
# of expected failures		40
# of untested testcases		68
		=== libstdc++ tests ===


Running target unix/-m64
FAIL: 22_locale/locale/cons/12658_thread-1.cc execution test
XPASS: 27_io/basic_istream/extractors_arithmetic/char/12.cc execution test
XPASS: 27_io/basic_istream/extractors_arithmetic/wchar_t/12.cc execution test
XPASS: 27_io/fpos/14320-1.cc execution test
FAIL: ext/array_allocator/2.cc execution test

		=== libstdc++ Summary for unix/-m64 ===

# of expected passes		3692
# of unexpected failures	2
# of unexpected successes	3
# of expected failures		11
# of unsupported tests		9

Running target unix/-fPIC
XPASS: 27_io/basic_istream/extractors_arithmetic/char/12.cc execution test
XPASS: 27_io/basic_istream/extractors_arithmetic/wchar_t/12.cc execution test

		=== libstdc++ Summary for unix/-fPIC ===

# of expected passes		3694
# of unexpected successes	2
# of expected failures		12
# of unsupported tests		9

Running target unix/-fpic
XPASS: 27_io/basic_istream/extractors_arithmetic/char/12.cc execution test
XPASS: 27_io/basic_istream/extractors_arithmetic/wchar_t/12.cc execution test

		=== libstdc++ Summary for unix/-fpic ===

# of expected passes		3694
# of unexpected successes	2
# of expected failures		12
# of unsupported tests		9

Running target unix
XPASS: 27_io/basic_istream/extractors_arithmetic/char/12.cc execution test
XPASS: 27_io/basic_istream/extractors_arithmetic/wchar_t/12.cc execution test

		=== libstdc++ Summary for unix ===

# of expected passes		3694
# of unexpected successes	2
# of expected failures		12
# of unsupported tests		9

		=== libstdc++ Summary ===

# of expected passes		14774
# of unexpected failures	2
# of unexpected successes	9
# of expected failures		47
# of unsupported tests		36

Compiler version: 4.0.3 
Platform: sparc-sun-solaris2.10
configure flags: --verbose --with-local-prefix=/tmp/local --without-libiconv-prefix --with-mpfr=/caip/u12/kishgcc/gcc-testing/_gmp --enable-languages=c,c++,f95,java,objc,treelang


Index Nav: [Date Index] [Subject Index] [Author Index] [Thread Index]
Message Nav: [Date Prev] [Date Next] [Thread Prev] [Thread Next]