This is the mail archive of the
gcc-testresults@gcc.gnu.org
mailing list for the GCC project.
Results for 4.2.0 20060311 (experimental) [trunk revision 111963 clean] testsuite on i686-pc-linux-gnu
- From: hjl at gnu-10 dot sc dot intel dot com (H.J. Lu)
- To: gcc-testresults at gcc dot gnu dot org
- Date: Sat, 11 Mar 2006 10:16:07 -0800 (PST)
- Subject: Results for 4.2.0 20060311 (experimental) [trunk revision 111963 clean] testsuite on i686-pc-linux-gnu
LAST_UPDATED: Sat Mar 11 15:26:52 UTC 2006 (revision 111963)
Native configuration is i686-pc-linux-gnu
=== gcc tests ===
Running target unix
FAIL: gcc.target/i386/sselibm-2.c (test for excess errors)
ERROR: gcc.target/i386/sselibm-2.c: error executing dg-final: couldn't open "sselibm-2.s": no such file or directory
UNRESOLVED: gcc.target/i386/sselibm-2.c: error executing dg-final: couldn't open "sselibm-2.s": no such file or directory
FAIL: gcc.target/i386/sselibm-3.c (test for excess errors)
ERROR: gcc.target/i386/sselibm-3.c: error executing dg-final: couldn't open "sselibm-3.s": no such file or directory
UNRESOLVED: gcc.target/i386/sselibm-3.c: error executing dg-final: couldn't open "sselibm-3.s": no such file or directory
FAIL: gcc.target/i386/sselibm-4.c (test for excess errors)
ERROR: gcc.target/i386/sselibm-4.c: error executing dg-final: couldn't open "sselibm-4.s": no such file or directory
UNRESOLVED: gcc.target/i386/sselibm-4.c: error executing dg-final: couldn't open "sselibm-4.s": no such file or directory
FAIL: gcc.target/i386/sselibm-5.c (test for excess errors)
ERROR: gcc.target/i386/sselibm-5.c: error executing dg-final: couldn't open "sselibm-5.s": no such file or directory
UNRESOLVED: gcc.target/i386/sselibm-5.c: error executing dg-final: couldn't open "sselibm-5.s": no such file or directory
=== gcc Summary ===
# of expected passes 39136
# of unexpected failures 4
# of expected failures 111
# of unresolved testcases 4
# of untested testcases 28
# of unsupported tests 270
/export/build/gnu/gcc/build-i686-linux/gcc/xgcc version 4.2.0 20060311 (experimental) [trunk revision 111963 clean]
=== gfortran tests ===
Running target unix
XPASS: gfortran.dg/csqrt_2.f -O0 execution test
XPASS: gfortran.dg/csqrt_2.f -O1 execution test
XPASS: gfortran.dg/csqrt_2.f -O2 execution test
XPASS: gfortran.dg/csqrt_2.f -O3 -fomit-frame-pointer execution test
XPASS: gfortran.dg/csqrt_2.f -O3 -fomit-frame-pointer -funroll-loops execution test
XPASS: gfortran.dg/csqrt_2.f -O3 -fomit-frame-pointer -funroll-all-loops -finline-functions execution test
XPASS: gfortran.dg/csqrt_2.f -O3 -g execution test
XPASS: gfortran.dg/csqrt_2.f -Os execution test
=== gfortran Summary ===
# of expected passes 12482
# of unexpected successes 8
# of expected failures 7
# of unsupported tests 16
/export/build/gnu/gcc/build-i686-linux/gcc/testsuite/gfortran/../../gfortran version 4.2.0 20060311 (experimental) [trunk revision 111963 clean]
=== g++ tests ===
Running target unix
FAIL: g++.dg/init/ctor4.C (test for excess errors)
FAIL: g++.dg/parse/register1.C (test for excess errors)
FAIL: g++.old-deja/g++.brendan/warnings4.C (test for excess errors)
FAIL: g++.old-deja/g++.jason/overload34.C (test for excess errors)
FAIL: g++.old-deja/g++.mike/p11110.C (test for excess errors)
XPASS: g++.old-deja/g++.other/init5.C execution test
=== g++ Summary ===
# of expected passes 12359
# of unexpected failures 5
# of unexpected successes 1
# of expected failures 67
# of unsupported tests 69
/export/build/gnu/gcc/build-i686-linux/gcc/testsuite/g++/../../g++ version 4.2.0 20060311 (experimental) [trunk revision 111963 clean]
=== objc tests ===
Running target unix
FAIL: objc.dg/objc-nofilename-1.m scan-assembler-not objc-nofilename-1.m
=== objc Summary ===
# of expected passes 1751
# of unexpected failures 1
# of expected failures 7
# of unsupported tests 23
/export/build/gnu/gcc/build-i686-linux/gcc/xgcc version 4.2.0 20060311 (experimental) [trunk revision 111963 clean]
=== libffi tests ===
Running target unix
FAIL: libffi.call/return_fl2.c -O0 -W -Wall execution test
FAIL: libffi.call/return_fl2.c -O2 execution test
FAIL: libffi.call/return_fl2.c -O3 execution test
FAIL: libffi.call/return_fl2.c -Os execution test
=== libffi Summary ===
# of expected passes 1060
# of unexpected failures 4
# of unsupported tests 8
=== libgomp tests ===
Running target unix
FAIL: libgomp.fortran/retval1.f90 -O0 execution test
FAIL: libgomp.fortran/retval1.f90 -O1 execution test
FAIL: libgomp.fortran/retval1.f90 -O2 execution test
FAIL: libgomp.fortran/retval1.f90 -O3 -fomit-frame-pointer execution test
FAIL: libgomp.fortran/retval1.f90 -O3 -fomit-frame-pointer -funroll-loops execution test
FAIL: libgomp.fortran/retval1.f90 -O3 -fomit-frame-pointer -funroll-all-loops -finline-functions execution test
FAIL: libgomp.fortran/retval1.f90 -O3 -g execution test
FAIL: libgomp.fortran/retval1.f90 -Os execution test
=== libgomp Summary ===
# of expected passes 1350
# of unexpected failures 8
=== libjava tests ===
Running target unix
=== libjava Summary ===
# of expected passes 4065
# of expected failures 10
# of untested testcases 8
=== libmudflap tests ===
Running target unix
=== libmudflap Summary ===
# of expected passes 1789
=== libstdc++ tests ===
Running target unix
XPASS: 26_numerics/cmath/c99_classification_macros_c.cc (test for excess errors)
=== libstdc++ Summary ===
# of expected passes 4146
# of unexpected successes 1
# of expected failures 12
Compiler version: 4.2.0 20060311 (experimental) [trunk revision 111963 clean]
Platform: i686-pc-linux-gnu
configure flags: --enable-clocale=gnu --with-system-zlib --with-demangler-in-ld --enable-shared --enable-threads=posix --enable-haifa --disable-checking --prefix=/usr/gcc-4.2 --with-local-prefix=/usr/local --enable-languages=c,c++,fortran,java,objc