This is the mail archive of the gcc-testresults@gcc.gnu.org mailing list for the GCC project.


Index Nav: [Date Index] [Subject Index] [Author Index] [Thread Index]
Message Nav: [Date Prev] [Date Next] [Thread Prev] [Thread Next]
Other format: [Raw text]

Results for 4.2.0 20060311 (experimental) testsuite on x86_64-suse-linux-gnu


Bootstrap and regtesting on x86_64-suse-linux-gnu.
SVN sources: mainline.
LAST_UPDATED: Sat Mar 11 11:07:50 UTC 2006 (revision 111961)

		=== acats tests ===
FAIL:	cdd2a02

		=== acats Summary ===
# of expected passes		2316
# of unexpected failures	1
Native configuration is x86_64-suse-linux-gnu

		=== gcc tests ===


Running target unix/-m32
XPASS: gcc.dg/cpp/cmdlne-dI-M.c scan-file (^|\\\\n)cmdlne-dI-M.*:[^\\\\n]*cmdlne-dI-M.c
XPASS: gcc.dg/cpp/cmdlne-dM-M.c scan-file (^|\\\\n)cmdlne-dM-M[^\\\\n]*:[^\\\\n]*cmdlne-dM-M.c
FAIL: gcc.dg/cleanup-10.c execution test
FAIL: gcc.dg/cleanup-11.c execution test
FAIL: gcc.dg/cleanup-8.c execution test
FAIL: gcc.dg/cleanup-9.c execution test

		=== gcc Summary for unix/-m32 ===

# of expected passes		39095
# of unexpected failures	4
# of unexpected successes	2
# of expected failures		109
# of untested testcases		28
# of unsupported tests		281

Running target unix
XPASS: gcc.dg/cpp/cmdlne-dI-M.c scan-file (^|\\\\n)cmdlne-dI-M.*:[^\\\\n]*cmdlne-dI-M.c
XPASS: gcc.dg/cpp/cmdlne-dM-M.c scan-file (^|\\\\n)cmdlne-dM-M[^\\\\n]*:[^\\\\n]*cmdlne-dM-M.c
WARNING: gcc.dg/torture/fp-int-convert-float128-timode.c  -O0  compilation failed to produce executable
WARNING: gcc.dg/torture/fp-int-convert-float128-timode.c  -O1  compilation failed to produce executable
WARNING: gcc.dg/torture/fp-int-convert-float128-timode.c  -O2  compilation failed to produce executable
WARNING: gcc.dg/torture/fp-int-convert-float128-timode.c  -O3 -fomit-frame-pointer  compilation failed to produce executable
WARNING: gcc.dg/torture/fp-int-convert-float128-timode.c  -O3 -g  compilation failed to produce executable
WARNING: gcc.dg/torture/fp-int-convert-float128-timode.c  -Os  compilation failed to produce executable
WARNING: gcc.dg/torture/fp-int-convert-float128.c  -O0  compilation failed to produce executable
WARNING: gcc.dg/torture/fp-int-convert-float128.c  -O1  compilation failed to produce executable
WARNING: gcc.dg/torture/fp-int-convert-float128.c  -O2  compilation failed to produce executable
WARNING: gcc.dg/torture/fp-int-convert-float128.c  -O3 -fomit-frame-pointer  compilation failed to produce executable
WARNING: gcc.dg/torture/fp-int-convert-float128.c  -O3 -g  compilation failed to produce executable
WARNING: gcc.dg/torture/fp-int-convert-float128.c  -Os  compilation failed to produce executable

		=== gcc Summary for unix ===

# of expected passes		38979
# of unexpected successes	2
# of expected failures		120
# of untested testcases		28
# of unsupported tests		378

		=== gcc Summary ===

# of expected passes		78074
# of unexpected failures	4
# of unexpected successes	4
# of expected failures		229
# of untested testcases		56
# of unsupported tests		659
/builds/gcc/misc/gcc/xgcc  version 4.2.0 20060311 (experimental)

		=== gfortran tests ===


Running target unix/-m32
XPASS: gfortran.dg/csqrt_2.f  -O0  execution test
XPASS: gfortran.dg/csqrt_2.f  -O1  execution test
XPASS: gfortran.dg/csqrt_2.f  -O2  execution test
XPASS: gfortran.dg/csqrt_2.f  -O3 -fomit-frame-pointer  execution test
XPASS: gfortran.dg/csqrt_2.f  -O3 -fomit-frame-pointer -funroll-loops  execution test
XPASS: gfortran.dg/csqrt_2.f  -O3 -fomit-frame-pointer -funroll-all-loops -finline-functions  execution test
XPASS: gfortran.dg/csqrt_2.f  -O3 -g  execution test
XPASS: gfortran.dg/csqrt_2.f  -Os  execution test

		=== gfortran Summary for unix/-m32 ===

# of expected passes		12482
# of unexpected successes	8
# of expected failures		7
# of unsupported tests		16

Running target unix
XPASS: gfortran.dg/csqrt_2.f  -O0  execution test
XPASS: gfortran.dg/csqrt_2.f  -O1  execution test
XPASS: gfortran.dg/csqrt_2.f  -O2  execution test
XPASS: gfortran.dg/csqrt_2.f  -O3 -fomit-frame-pointer  execution test
XPASS: gfortran.dg/csqrt_2.f  -O3 -fomit-frame-pointer -funroll-loops  execution test
XPASS: gfortran.dg/csqrt_2.f  -O3 -fomit-frame-pointer -funroll-all-loops -finline-functions  execution test
XPASS: gfortran.dg/csqrt_2.f  -O3 -g  execution test
XPASS: gfortran.dg/csqrt_2.f  -Os  execution test

		=== gfortran Summary for unix ===

# of expected passes		12479
# of unexpected successes	8
# of expected failures		10
# of unsupported tests		16

		=== gfortran Summary ===

# of expected passes		24961
# of unexpected successes	16
# of expected failures		17
# of unsupported tests		32
/builds/gcc/misc/gcc/testsuite/gfortran/../../gfortran  version 4.2.0 20060311 (experimental)

		=== g++ tests ===


Running target unix/-m32
FAIL: g++.dg/init/ctor4.C (test for excess errors)
FAIL: g++.dg/parse/register1.C (test for excess errors)
FAIL: g++.old-deja/g++.brendan/warnings4.C (test for excess errors)
FAIL: g++.old-deja/g++.jason/overload34.C (test for excess errors)
FAIL: g++.old-deja/g++.mike/p11110.C (test for excess errors)
XPASS: g++.old-deja/g++.other/init5.C execution test

		=== g++ Summary for unix/-m32 ===

# of expected passes		12359
# of unexpected failures	5
# of unexpected successes	1
# of expected failures		67
# of unsupported tests		69

Running target unix
FAIL: g++.dg/init/ctor4.C (test for excess errors)
FAIL: g++.dg/parse/register1.C (test for excess errors)
FAIL: g++.old-deja/g++.brendan/warnings4.C (test for excess errors)
FAIL: g++.old-deja/g++.jason/overload34.C (test for excess errors)
FAIL: g++.old-deja/g++.mike/p11110.C (test for excess errors)
XPASS: g++.old-deja/g++.other/init5.C execution test

		=== g++ Summary for unix ===

# of expected passes		12274
# of unexpected failures	5
# of unexpected successes	1
# of expected failures		67
# of unsupported tests		98

		=== g++ Summary ===

# of expected passes		24633
# of unexpected failures	10
# of unexpected successes	2
# of expected failures		134
# of unsupported tests		167
/builds/gcc/misc/gcc/testsuite/g++/../../g++  version 4.2.0 20060311 (experimental)

		=== objc tests ===


Running target unix/-m32
FAIL: objc.dg/objc-nofilename-1.m scan-assembler-not objc-nofilename-1.m

		=== objc Summary for unix/-m32 ===

# of expected passes		1751
# of unexpected failures	1
# of expected failures		7
# of unsupported tests		23

Running target unix
FAIL: objc.dg/objc-nofilename-1.m scan-assembler-not objc-nofilename-1.m

		=== objc Summary for unix ===

# of expected passes		1751
# of unexpected failures	1
# of expected failures		7
# of unsupported tests		23

		=== objc Summary ===

# of expected passes		3502
# of unexpected failures	2
# of expected failures		14
# of unsupported tests		46
/builds/gcc/misc/gcc/xgcc  version 4.2.0 20060311 (experimental)

		=== treelang tests ===


Running target unix/-m32

		=== treelang Summary for unix/-m32 ===

# of expected passes		50

Running target unix

		=== treelang Summary for unix ===

# of expected passes		50

		=== treelang Summary ===

# of expected passes		100
		=== libffi tests ===


Running target unix/-m32
FAIL: libffi.call/return_fl2.c -O0 -W -Wall execution test
FAIL: libffi.call/return_fl2.c -O2 execution test
FAIL: libffi.call/return_fl2.c -O3 execution test
FAIL: libffi.call/return_fl2.c -Os execution test

		=== libffi Summary for unix/-m32 ===

# of expected passes		1060
# of unexpected failures	4
# of unsupported tests		8

Running target unix

		=== libffi Summary for unix ===

# of expected passes		1064
# of unsupported tests		8

		=== libffi Summary ===

# of expected passes		2124
# of unexpected failures	4
# of unsupported tests		16
		=== libgomp tests ===


Running target unix/-m32
WARNING: libgomp.c/ordered-2.c compilation failed to produce executable
FAIL: libgomp.fortran/retval1.f90  -O0  execution test
FAIL: libgomp.fortran/retval1.f90  -O1  execution test
FAIL: libgomp.fortran/retval1.f90  -O2  execution test
FAIL: libgomp.fortran/retval1.f90  -O3 -fomit-frame-pointer  execution test
FAIL: libgomp.fortran/retval1.f90  -O3 -fomit-frame-pointer -funroll-loops  execution test
FAIL: libgomp.fortran/retval1.f90  -O3 -fomit-frame-pointer -funroll-all-loops -finline-functions  execution test
FAIL: libgomp.fortran/retval1.f90  -O3 -g  execution test
FAIL: libgomp.fortran/retval1.f90  -Os  execution test

		=== libgomp Summary for unix/-m32 ===

# of expected passes		1349
# of unexpected failures	8

Running target unix
FAIL: libgomp.fortran/retval1.f90  -O0  execution test
FAIL: libgomp.fortran/retval1.f90  -O1  execution test
FAIL: libgomp.fortran/retval1.f90  -O2  execution test
FAIL: libgomp.fortran/retval1.f90  -O3 -fomit-frame-pointer  execution test
FAIL: libgomp.fortran/retval1.f90  -O3 -fomit-frame-pointer -funroll-loops  execution test
FAIL: libgomp.fortran/retval1.f90  -O3 -fomit-frame-pointer -funroll-all-loops -finline-functions  execution test
FAIL: libgomp.fortran/retval1.f90  -O3 -g  execution test
FAIL: libgomp.fortran/retval1.f90  -Os  execution test

		=== libgomp Summary for unix ===

# of expected passes		1350
# of unexpected failures	8

		=== libgomp Summary ===

# of expected passes		2699
# of unexpected failures	16
		=== libjava tests ===


Running target unix/-m32

		=== libjava Summary for unix/-m32 ===

# of expected passes		4065
# of expected failures		10
# of untested testcases		8

Running target unix

		=== libjava Summary for unix ===

# of expected passes		4065
# of expected failures		10
# of untested testcases		8

		=== libjava Summary ===

# of expected passes		8130
# of expected failures		20
# of untested testcases		16
		=== libmudflap tests ===


Running target unix/-m32

		=== libmudflap Summary for unix/-m32 ===

# of expected passes		1789

Running target unix

		=== libmudflap Summary for unix ===

# of expected passes		1789

		=== libmudflap Summary ===

# of expected passes		3578
		=== libstdc++ tests ===


Running target unix/-m32
FAIL: 22_locale/messages/members/char/1.cc execution test
FAIL: 22_locale/messages/members/char/2.cc execution test
FAIL: 22_locale/messages/members/char/wrapped_env.cc execution test
FAIL: 22_locale/messages/members/char/wrapped_locale.cc execution test
FAIL: 22_locale/messages_byname/named_equivalence.cc execution test
XPASS: 26_numerics/cmath/c99_classification_macros_c.cc (test for excess errors)

		=== libstdc++ Summary for unix/-m32 ===

# of expected passes		4141
# of unexpected failures	5
# of unexpected successes	1
# of expected failures		12

Running target unix
XPASS: 26_numerics/cmath/c99_classification_macros_c.cc (test for excess errors)
XPASS: 27_io/fpos/14320-1.cc execution test

		=== libstdc++ Summary for unix ===

# of expected passes		4146
# of unexpected successes	2
# of expected failures		11

		=== libstdc++ Summary ===

# of expected passes		8287
# of unexpected failures	5
# of unexpected successes	3
# of expected failures		23

Compiler version: 4.2.0 20060311 (experimental) 
Platform: x86_64-suse-linux-gnu
configure flags: --prefix=/opt/gcc/4.2-devel --enable-checking=yes,rtl --enable-threads=posix --enable-clocale=gnu --enable-__cxa_atexit --enable-shared --with-system-zlib x86_64-suse-linux-gnu --enable-languages=c,ada,c++,fortran,java,objc,treelang
Version of binutils: GNU ld version 2.16.91.0.5 20051219 (SUSE Linux)
Version of glibc (/lib/libc.so.6): 2.3.91 (20060303)
Version of glibc (/lib64/libc.so.6): 2.3.91 (20060303)


Index Nav: [Date Index] [Subject Index] [Author Index] [Thread Index]
Message Nav: [Date Prev] [Date Next] [Thread Prev] [Thread Next]