This is the mail archive of the gcc-testresults@gcc.gnu.org mailing list for the GCC project.


Index Nav: [Date Index] [Subject Index] [Author Index] [Thread Index]
Message Nav: [Date Prev] [Date Next] [Thread Prev] [Thread Next]
Other format: [Raw text]

Results for 4.0.3 testsuite on sparc-sun-solaris2.8


LAST_UPDATED: Fri Mar 10 11:04:49 UTC 2006 (revision 111929)

		=== acats tests ===

		=== acats Summary ===
# of expected passes		2320
# of unexpected failures	0
Native configuration is sparc-sun-solaris2.8

		=== g++ tests ===


Running target unix

		=== g++ Summary for unix ===

# of expected passes		11298
# of expected failures		70
# of unsupported tests		120

Running target unix/-m64

		=== g++ Summary for unix/-m64 ===

# of expected passes		11266
# of expected failures		70
# of unsupported tests		122

		=== g++ Summary ===

# of expected passes		22564
# of expected failures		140
# of unsupported tests		242
/opt/build/eric/gcc-4_0-branch/gcc/testsuite/../g++  version 4.0.3

		=== gcc tests ===


Running target unix

		=== gcc Summary for unix ===

# of expected passes		34886
# of expected failures		94
# of untested testcases		28
# of unsupported tests		552

Running target unix/-m64

		=== gcc Summary for unix/-m64 ===

# of expected passes		34880
# of expected failures		94
# of untested testcases		28
# of unsupported tests		555

		=== gcc Summary ===

# of expected passes		69766
# of expected failures		188
# of untested testcases		56
# of unsupported tests		1107
/opt/build/eric/gcc-4_0-branch/gcc/xgcc  version 4.0.3

		=== gfortran tests ===


Running target unix

		=== gfortran Summary for unix ===

# of expected passes		8821
# of expected failures		1
# of unsupported tests		17

Running target unix/-m64

		=== gfortran Summary for unix/-m64 ===

# of expected passes		8805
# of expected failures		1
# of unsupported tests		25

		=== gfortran Summary ===

# of expected passes		17626
# of expected failures		2
# of unsupported tests		42
/opt/build/eric/gcc-4_0-branch/gcc/testsuite/../gfortran  version 4.0.3

		=== objc tests ===


Running target unix

		=== objc Summary for unix ===

# of expected passes		1554
# of unsupported tests		10

Running target unix/-m64

		=== objc Summary for unix/-m64 ===

# of expected passes		1554
# of unsupported tests		10

		=== objc Summary ===

# of expected passes		3108
# of unsupported tests		20
/opt/build/eric/gcc-4_0-branch/gcc/xgcc  version 4.0.3

		=== libffi tests ===


Running target unix

		=== libffi Summary for unix ===

# of expected passes		219
# of unsupported tests		2

Running target unix/-m64

		=== libffi Summary for unix/-m64 ===

# of expected passes		219
# of unsupported tests		2

		=== libffi Summary ===

# of expected passes		438
# of unsupported tests		4
		=== libjava tests ===


Running target unix
FAIL: Array_3 execution - gij test
FAIL: Array_3 execution - gij test
FAIL: FileHandleGcTest execution - source compiled test
FAIL: FileHandleGcTest execution - gij test
FAIL: FileHandleGcTest execution - bytecode->native test
FAIL: FileHandleGcTest -O3 execution - source compiled test
FAIL: FileHandleGcTest execution - gij test
FAIL: FileHandleGcTest -O3 execution - bytecode->native test

		=== libjava Summary for unix ===

# of expected passes		3883
# of unexpected failures	8
# of expected failures		10
# of untested testcases		16

Running target unix/-m64
FAIL: PR16923 run
FAIL: Array_3 execution - gij test
FAIL: Array_3 execution - gij test
FAIL: FileHandleGcTest execution - source compiled test
FAIL: FileHandleGcTest execution - gij test
FAIL: FileHandleGcTest execution - bytecode->native test
FAIL: FileHandleGcTest -O3 execution - source compiled test
FAIL: FileHandleGcTest execution - gij test
FAIL: FileHandleGcTest -O3 execution - bytecode->native test
FAIL: Throw_2 execution - gij test
FAIL: Throw_2 execution - gij test

		=== libjava Summary for unix/-m64 ===

# of expected passes		3878
# of unexpected failures	11
# of expected failures		10
# of untested testcases		19

		=== libjava Summary ===

# of expected passes		7761
# of unexpected failures	19
# of expected failures		20
# of untested testcases		35
		=== libstdc++ tests ===


Running target unix

		=== libstdc++ Summary for unix ===

# of expected passes		3712
# of expected failures		14

Running target unix/-m64
FAIL: ext/array_allocator/2.cc execution test

		=== libstdc++ Summary for unix/-m64 ===

# of expected passes		3711
# of unexpected failures	1
# of expected failures		14

		=== libstdc++ Summary ===

# of expected passes		7423
# of unexpected failures	1
# of expected failures		28

Compiler version: 4.0.3 
Platform: sparc-sun-solaris2.8
configure flags: --prefix=/opt/build/eric/local/gcc-4_0-branch --with-gmp=/opt/build/eric/local --with-mpfr=/opt/build/eric/local --with-local-prefix=/opt/build/eric/local --enable-languages=c,ada,c++,f95,java,objc
BOOT_CFLAGS=-g -O2


Index Nav: [Date Index] [Subject Index] [Author Index] [Thread Index]
Message Nav: [Date Prev] [Date Next] [Thread Prev] [Thread Next]