This is the mail archive of the
gcc-testresults@gcc.gnu.org
mailing list for the GCC project.
Results for 4.2.0 20060310 (experimental) gcc testsuite on arm-unknown-elf
- From: mstein at phenix dot rootshell dot be (mstein)
- To: gcc-testresults at gcc dot gnu dot org
- Date: Sat, 11 Mar 2006 07:00:18 +0100 (CET)
- Subject: Results for 4.2.0 20060310 (experimental) gcc testsuite on arm-unknown-elf
Ubuntu 5 on pentium3-smp
cross tool versions:
GNU assembler 2.16.91 20060308
GNU gdb 6.4.50.20060308-cvs
GNU ld version 2.16.91 20060308
GNU Make 3.80
expect version 5.42.1
host gcc verion: gcc (GCC) 4.2.0 20060306 (experimental)
LAST_UPDATED: Fri Mar 10 00:21:18 UTC 2006 (revision 111918)
Target is arm-unknown-elf
Host is i686-pc-linux-gnu
=== gcc tests ===
Running target arm-sim
FAIL: gcc.c-torture/execute/20030128-1.c execution, -O1
FAIL: gcc.c-torture/execute/20030128-1.c execution, -O2
FAIL: gcc.c-torture/execute/20030128-1.c execution, -O3 -fomit-frame-pointer
FAIL: gcc.c-torture/execute/20030128-1.c execution, -O3 -g
FAIL: gcc.c-torture/execute/20030128-1.c execution, -Os
FAIL: gcc.c-torture/execute/941014-2.c execution, -O1
FAIL: gcc.c-torture/execute/941014-2.c execution, -O2
FAIL: gcc.c-torture/execute/941014-2.c execution, -Os
FAIL: gcc.dg/intmax_t-1.c (test for errors, line )
FAIL: gcc.dg/pragma-pack-3.c execution test
=== gcc Summary ===
# of expected passes 37418
# of unexpected failures 10
# of expected failures 74
# of untested testcases 28
# of unsupported tests 383
/home/mstein/sim/arm-elf/build/gcc/xgcc version 4.2.0 20060310 (experimental)
Compiler version: 4.2.0 20060310 (experimental) gcc
Platform: arm-unknown-elf
configure flags: --target=arm-elf --prefix=/n/07/mstein/cross-local --disable-nls --disable-build-warnings --with-ld=/n/07/mstein/cross-local/bin/arm-elf-ld --with-as=/n/07/mstein/cross-local/bin/arm-elf-as --disable-libssp --enable-languages=c