This is the mail archive of the
gcc-testresults@gcc.gnu.org
mailing list for the GCC project.
Results for 4.2.0 20060308 (experimental) gcc testsuite on sh-unknown-elf
- From: mstein at phenix dot rootshell dot be (mstein)
- To: gcc-testresults at gcc dot gnu dot org
- Date: Thu, 9 Mar 2006 07:01:21 +0100 (CET)
- Subject: Results for 4.2.0 20060308 (experimental) gcc testsuite on sh-unknown-elf
Ubuntu 5 on pentium3-smp
cross tool versions:
GNU assembler 2.16.91 20060227
GNU gdb 6.4.50.20060227-cvs
GNU ld version 2.16.91 20060227
GNU Make 3.80
expect version 5.42.1
host gcc verion: gcc (GCC) 4.2.0 20060306 (experimental)
LAST_UPDATED: Wed Mar 8 00:21:07 UTC 2006 (revision 111832)
Target is sh-unknown-elf
Host is i686-pc-linux-gnu
=== gcc tests ===
Running target sh-sim
WARNING: program timed out.
FAIL: gcc.c-torture/compile/20001226-1.c -O2 (test for excess errors)
WARNING: program timed out.
FAIL: gcc.c-torture/compile/20001226-1.c -O3 -fomit-frame-pointer (test for excess errors)
WARNING: program timed out.
FAIL: gcc.c-torture/compile/20001226-1.c -O3 -g (test for excess errors)
WARNING: program timed out.
FAIL: gcc.c-torture/compile/20001226-1.c -Os (test for excess errors)
FAIL: gcc.c-torture/execute/20000205-1.c execution, -O1
FAIL: gcc.c-torture/execute/20000205-1.c execution, -Os
FAIL: gcc.c-torture/execute/20011008-3.c execution, -O1
FAIL: gcc.c-torture/execute/20011008-3.c execution, -Os
WARNING: program timed out.
FAIL: gcc.c-torture/execute/20021024-1.c execution, -O1
WARNING: program timed out.
FAIL: gcc.c-torture/execute/20021024-1.c execution, -Os
FAIL: gcc.c-torture/execute/961213-1.c execution, -O1
FAIL: gcc.dg/builtin-apply4.c execution test
FAIL: gcc.dg/tls/opt-4.c (test for excess errors)
FAIL: gcc.dg/tls/opt-5.c (test for excess errors)
FAIL: gcc.dg/tree-prof/inliner-1.c compilation, -fprofile-generate
UNRESOLVED: gcc.dg/tree-prof/inliner-1.c execution, -fprofile-generate
UNRESOLVED: gcc.dg/tree-prof/inliner-1.c compilation, -fprofile-use
UNRESOLVED: gcc.dg/tree-prof/inliner-1.c execution, -fprofile-use
FAIL: gcc.dg/tree-prof/update-cunroll-2.c execution: file update-cunroll-2.gcda does not exist, -fprofile-generate
UNRESOLVED: gcc.dg/tree-prof/update-cunroll-2.c compilation, -fprofile-use
UNRESOLVED: gcc.dg/tree-prof/update-cunroll-2.c execution, -fprofile-use
FAIL: gcc.dg/tree-prof/update-loopch.c execution: file update-loopch.gcda does not exist, -fprofile-generate
UNRESOLVED: gcc.dg/tree-prof/update-loopch.c compilation, -fprofile-use
UNRESOLVED: gcc.dg/tree-prof/update-loopch.c execution, -fprofile-use
FAIL: gcc.dg/tree-prof/update-tailcall.c execution: file update-tailcall.gcda does not exist, -fprofile-generate
UNRESOLVED: gcc.dg/tree-prof/update-tailcall.c compilation, -fprofile-use
UNRESOLVED: gcc.dg/tree-prof/update-tailcall.c execution, -fprofile-use
FAIL: gcc.dg/tree-prof/val-prof-1.c compilation, -fprofile-generate
UNRESOLVED: gcc.dg/tree-prof/val-prof-1.c execution, -fprofile-generate
UNRESOLVED: gcc.dg/tree-prof/val-prof-1.c compilation, -fprofile-use
UNRESOLVED: gcc.dg/tree-prof/val-prof-1.c execution, -fprofile-use
FAIL: gcc.dg/tree-prof/val-prof-2.c compilation, -fprofile-generate
UNRESOLVED: gcc.dg/tree-prof/val-prof-2.c execution, -fprofile-generate
UNRESOLVED: gcc.dg/tree-prof/val-prof-2.c compilation, -fprofile-use
UNRESOLVED: gcc.dg/tree-prof/val-prof-2.c execution, -fprofile-use
FAIL: gcc.dg/tree-prof/val-prof-3.c compilation, -fprofile-generate
UNRESOLVED: gcc.dg/tree-prof/val-prof-3.c execution, -fprofile-generate
UNRESOLVED: gcc.dg/tree-prof/val-prof-3.c compilation, -fprofile-use
UNRESOLVED: gcc.dg/tree-prof/val-prof-3.c execution, -fprofile-use
FAIL: gcc.dg/tree-prof/val-prof-4.c compilation, -fprofile-generate
UNRESOLVED: gcc.dg/tree-prof/val-prof-4.c execution, -fprofile-generate
UNRESOLVED: gcc.dg/tree-prof/val-prof-4.c compilation, -fprofile-use
UNRESOLVED: gcc.dg/tree-prof/val-prof-4.c execution, -fprofile-use
FAIL: gcc.dg/tree-prof/val-prof-5.c compilation, -fprofile-generate
UNRESOLVED: gcc.dg/tree-prof/val-prof-5.c execution, -fprofile-generate
UNRESOLVED: gcc.dg/tree-prof/val-prof-5.c compilation, -fprofile-use
UNRESOLVED: gcc.dg/tree-prof/val-prof-5.c execution, -fprofile-use
FAIL: gcc.misc-tests/bprob-1.c execution: file bprob-1.gcda does not exist, -fprofile-arcs
UNRESOLVED: gcc.misc-tests/bprob-1.c compilation, -fbranch-probabilities
UNRESOLVED: gcc.misc-tests/bprob-1.c execution, -fbranch-probabilities
FAIL: gcc.misc-tests/bprob-2.c execution: file bprob-2.gcda does not exist, -fprofile-arcs
UNRESOLVED: gcc.misc-tests/bprob-2.c compilation, -fbranch-probabilities
UNRESOLVED: gcc.misc-tests/bprob-2.c execution, -fbranch-probabilities
=== gcc Summary ===
# of expected passes 37449
# of unexpected failures 25
# of expected failures 77
# of unresolved testcases 28
# of untested testcases 28
# of unsupported tests 359
/home/mstein/sim/sh-elf/build/gcc/xgcc version 4.2.0 20060308 (experimental)
Compiler version: 4.2.0 20060308 (experimental) gcc
Platform: sh-unknown-elf
configure flags: --target=sh-elf --prefix=/n/07/mstein/cross-local --disable-nls --disable-build-warnings --with-ld=/n/07/mstein/cross-local/bin/sh-elf-ld --with-as=/n/07/mstein/cross-local/bin/sh-elf-as --disable-libssp --enable-languages=c