This is the mail archive of the gcc-testresults@gcc.gnu.org mailing list for the GCC project.


Index Nav: [Date Index] [Subject Index] [Author Index] [Thread Index]
Message Nav: [Date Prev] [Date Next] [Thread Prev] [Thread Next]
Other format: [Raw text]

Results for 4.1.1 20060304 (prerelease) testsuite on ia64-hp-hpux11.23


LAST_UPDATED: Sat Mar  4 08:15:46 UTC 2006 (revision 111707)

Native configuration is ia64-hp-hpux11.23

		=== g++ tests ===


Running target unix/-milp32
XPASS: g++.dg/other/packed1.C execution test
XPASS: g++.dg/tree-ssa/pr14814.C scan-tree-dump-times &this 0
FAIL: g++.dg/warn/weak1.C (test for excess errors)
WARNING: g++.dg/warn/weak1.C compilation failed to produce executable
FAIL: g++.dg/tls/static-1.C execution test

		=== g++ Summary for unix/-milp32 ===

# of expected passes		11424
# of unexpected failures	2
# of unexpected successes	2
# of expected failures		71
# of unsupported tests		113

Running target unix/-mlp64
XPASS: g++.dg/other/packed1.C execution test
XPASS: g++.dg/tree-ssa/pr14814.C scan-tree-dump-times &this 0
FAIL: g++.dg/warn/weak1.C (test for excess errors)
WARNING: g++.dg/warn/weak1.C compilation failed to produce executable
FAIL: g++.dg/tls/static-1.C execution test

		=== g++ Summary for unix/-mlp64 ===

# of expected passes		11392
# of unexpected failures	2
# of unexpected successes	2
# of expected failures		71
# of unsupported tests		115

		=== g++ Summary ===

# of expected passes		22816
# of unexpected failures	4
# of unexpected successes	4
# of expected failures		142
# of unsupported tests		228
/scratch/gcc/nightly-2006-03-04-4.1/ia64-hp-hpux11.23/build_gcc/install/bin/c++  version 4.1.1 20060304 (prerelease)

		=== gcc tests ===


Running target unix/-milp32
FAIL: gcc.dg/attr-weakref-1.c (test for excess errors)
WARNING: gcc.dg/attr-weakref-1.c compilation failed to produce executable
FAIL: gcc.dg/builtin-apply4.c execution test
FAIL: gcc.dg/tls/pr24428-2.c execution test
FAIL: gcc.dg/tls/pr24428.c execution test
XPASS: gcc.dg/vect/pr16105.c scan-tree-dump-times vectorized 1 loops 1
XPASS: gcc.dg/vect/pr20122.c scan-tree-dump-times vectorized 1 loops 2
XPASS: gcc.dg/vect/vect-105.c scan-tree-dump-times vectorized 1 loops 1
XPASS: gcc.dg/vect/vect-30.c scan-tree-dump-times vectorized 1 loops 2
XPASS: gcc.dg/vect/vect-42.c scan-tree-dump-times vectorized 1 loops 1
XPASS: gcc.dg/vect/vect-43.c scan-tree-dump-times vectorized 1 loops 1
XPASS: gcc.dg/vect/vect-74.c scan-tree-dump-times vectorized 1 loops 1
XPASS: gcc.dg/vect/vect-75.c scan-tree-dump-times vectorized 1 loops 1
XPASS: gcc.dg/vect/vect-8.c scan-tree-dump-times vectorized 1 loops 1

		=== gcc Summary for unix/-milp32 ===

# of expected passes		36952
# of unexpected failures	4
# of unexpected successes	9
# of expected failures		133
# of untested testcases		28
# of unsupported tests		339

Running target unix/-mlp64
FAIL: gcc.dg/attr-weakref-1.c (test for excess errors)
WARNING: gcc.dg/attr-weakref-1.c compilation failed to produce executable
FAIL: gcc.dg/builtin-apply4.c execution test
XPASS: gcc.dg/vect/pr16105.c scan-tree-dump-times vectorized 1 loops 1
XPASS: gcc.dg/vect/pr20122.c scan-tree-dump-times vectorized 1 loops 2
XPASS: gcc.dg/vect/vect-105.c scan-tree-dump-times vectorized 1 loops 1
XPASS: gcc.dg/vect/vect-30.c scan-tree-dump-times vectorized 1 loops 2
XPASS: gcc.dg/vect/vect-42.c scan-tree-dump-times vectorized 1 loops 1
XPASS: gcc.dg/vect/vect-43.c scan-tree-dump-times vectorized 1 loops 1
XPASS: gcc.dg/vect/vect-74.c scan-tree-dump-times vectorized 1 loops 1
XPASS: gcc.dg/vect/vect-75.c scan-tree-dump-times vectorized 1 loops 1
XPASS: gcc.dg/vect/vect-8.c scan-tree-dump-times vectorized 1 loops 1

		=== gcc Summary for unix/-mlp64 ===

# of expected passes		36954
# of unexpected failures	2
# of unexpected successes	9
# of expected failures		133
# of untested testcases		28
# of unsupported tests		340

		=== gcc Summary ===

# of expected passes		73906
# of unexpected failures	6
# of unexpected successes	18
# of expected failures		266
# of untested testcases		56
# of unsupported tests		679
/scratch/gcc/nightly-2006-03-04-4.1/ia64-hp-hpux11.23/build_gcc/install/bin/gcc  version 4.1.1 20060304 (prerelease)

		=== libstdc++ tests ===


Running target unix/-milp32

		=== libstdc++ Summary for unix/-milp32 ===

# of expected passes		2625
# of expected failures		10
# of unsupported tests		159

Running target unix/-mlp64

		=== libstdc++ Summary for unix/-mlp64 ===

# of expected passes		2625
# of expected failures		10
# of unsupported tests		159

		=== libstdc++ Summary ===

# of expected passes		5250
# of expected failures		20
# of unsupported tests		318

Compiler version: 4.1.1 20060304 (prerelease) 
Platform: ia64-hp-hpux11.23
configure flags: --disable-nls --build=ia64-hp-hpux11.23 --host=ia64-hp-hpux11.23 --target=ia64-hp-hpux11.23 --enable-shared --enable-threads --disable-libmudflap --disable-libssp --disable-libgomp --disable-libstdcxx-pch --with-gnu-as --with-as=/scratch/gcc/nightly-2006-03-04-4.1/ia64-hp-hpux11.23/build_gcc/install/bin/as --without-gnu-ld --with-ld=/usr/ccs/bin/ld --prefix=/scratch/gcc/nightly-2006-03-04-4.1/ia64-hp-hpux11.23/build_gcc/install --enable-languages=c,c++


Index Nav: [Date Index] [Subject Index] [Author Index] [Thread Index]
Message Nav: [Date Prev] [Date Next] [Thread Prev] [Thread Next]