This is the mail archive of the gcc-testresults@gcc.gnu.org mailing list for the GCC project.


Index Nav: [Date Index] [Subject Index] [Author Index] [Thread Index]
Message Nav: [Date Prev] [Date Next] [Thread Prev] [Thread Next]
Other format: [Raw text]

Results for 4.1.1 20060304 (prerelease) testsuite on i686-pc-linux-gnu


LAST_UPDATED: Sat Mar  4 08:15:46 UTC 2006 (revision 111707)

Native configuration is i686-pc-linux-gnu

		=== g++ tests ===


Running target unix
XPASS: g++.dg/tree-ssa/pr14814.C scan-tree-dump-times &this 0

		=== g++ Summary ===

# of expected passes		12011
# of unexpected successes	1
# of expected failures		67
# of unsupported tests		66
/scratch/gcc/nightly-2006-03-04-4.1/i686-pc-linux-gnu/build_gcc/install/bin/c++  version 4.1.1 20060304 (prerelease)

		=== gcc tests ===


Running target unix

		=== gcc Summary ===

# of expected passes		38155
# of expected failures		101
# of untested testcases		28
# of unsupported tests		244
/scratch/gcc/nightly-2006-03-04-4.1/i686-pc-linux-gnu/build_gcc/install/bin/gcc  version 4.1.1 20060304 (prerelease)

		=== libstdc++ tests ===


Running target unix
FAIL: 22_locale/messages/members/char/1.cc execution test
FAIL: 22_locale/messages/members/char/2.cc execution test
FAIL: 22_locale/messages/members/char/wrapped_env.cc execution test
FAIL: 22_locale/messages/members/char/wrapped_locale.cc execution test
FAIL: 22_locale/messages_byname/named_equivalence.cc execution test

		=== libstdc++ Summary ===

# of expected passes		4017
# of unexpected failures	5
# of expected failures		13
# of unsupported tests		6

Compiler version: 4.1.1 20060304 (prerelease) 
Platform: i686-pc-linux-gnu
configure flags: --disable-nls --build=i686-pc-linux-gnu --host=i686-pc-linux-gnu --target=i686-pc-linux-gnu --enable-shared --enable-threads --disable-libmudflap --disable-libssp --disable-libgomp --disable-libstdcxx-pch --with-gnu-as --with-as=/scratch/gcc/nightly-2006-03-04-4.1/i686-pc-linux-gnu/build_gcc/install/bin/as --with-gnu-ld --with-ld=/scratch/gcc/nightly-2006-03-04-4.1/i686-pc-linux-gnu/build_gcc/install/bin/ld --prefix=/scratch/gcc/nightly-2006-03-04-4.1/i686-pc-linux-gnu/build_gcc/install --enable-languages=c,c++


Index Nav: [Date Index] [Subject Index] [Author Index] [Thread Index]
Message Nav: [Date Prev] [Date Next] [Thread Prev] [Thread Next]