This is the mail archive of the gcc-testresults@gcc.gnu.org mailing list for the GCC project.


Index Nav: [Date Index] [Subject Index] [Author Index] [Thread Index]
Message Nav: [Date Prev] [Date Next] [Thread Prev] [Thread Next]
Other format: [Raw text]

Results for 4.1.0 testsuite on x86_64-suse-linux-gnu


LAST_UPDATED: Tue Feb 28 08:26:26 UTC 2006 (revision 111520)

		=== acats tests ===

		=== acats Summary ===
# of expected passes		2316
# of unexpected failures	0
Native configuration is x86_64-suse-linux-gnu

		=== gcc tests ===


Running target unix

		=== gcc Summary ===

# of expected passes		38013
# of expected failures		100
# of untested testcases		28
# of unsupported tests		357
/home/eric/build/gcc-4_1-branch/native/gcc/xgcc  version 4.1.0

		=== gfortran tests ===


Running target unix

		=== gfortran Summary ===

# of expected passes		11652
# of expected failures		18
# of unsupported tests		16
/home/eric/build/gcc-4_1-branch/native/gcc/testsuite/../gfortran  version 4.1.0

		=== g++ tests ===


Running target unix
XPASS: g++.dg/tree-ssa/pr14814.C scan-tree-dump-times &this 0
XPASS: g++.old-deja/g++.other/init5.C execution test

		=== g++ Summary ===

# of expected passes		11921
# of unexpected successes	2
# of expected failures		66
# of unsupported tests		95
/home/eric/build/gcc-4_1-branch/native/gcc/testsuite/../g++  version 4.1.0

		=== obj-c++ tests ===


Running target unix
FAIL: obj-c++.dg/bitfield-1.mm (test for excess errors)
FAIL: obj-c++.dg/bitfield-4.mm (test for excess errors)
FAIL: obj-c++.dg/cxx-ivars-2.mm execution test
FAIL: obj-c++.dg/encode-3.mm execution test
FAIL: obj-c++.dg/encode-8.mm execution test
FAIL: obj-c++.dg/isa-field-1.mm (test for excess errors)
FAIL: obj-c++.dg/layout-1.mm (test for excess errors)
FAIL: obj-c++.dg/lookup-2.mm (test for excess errors)
WARNING: obj-c++.dg/lookup-2.mm compilation failed to produce executable
FAIL: obj-c++.dg/try-catch-2.mm (test for excess errors)
WARNING: obj-c++.dg/try-catch-2.mm compilation failed to produce executable
FAIL: obj-c++.dg/try-catch-9.mm (test for excess errors)
WARNING: obj-c++.dg/try-catch-9.mm compilation failed to produce executable

		=== obj-c++ Summary ===

# of expected passes		419
# of unexpected failures	10
# of unsupported tests		13
/home/eric/build/gcc-4_1-branch/native/gcc/testsuite/../g++  version 4.1.0

		=== objc tests ===


Running target unix

		=== objc Summary ===

# of expected passes		1684
# of unsupported tests		22
/home/eric/build/gcc-4_1-branch/native/gcc/xgcc  version 4.1.0

		=== libffi tests ===


Running target unix

		=== libffi Summary ===

# of expected passes		228
# of unsupported tests		2
		=== libjava tests ===


Running target unix

		=== libjava Summary ===

# of expected passes		4011
# of expected failures		10
# of untested testcases		8
		=== libmudflap tests ===


Running target unix

		=== libmudflap Summary ===

# of expected passes		1789
		=== libstdc++ tests ===


Running target unix
XPASS: 26_numerics/cmath/c99_classification_macros_c.cc (test for excess errors)
XPASS: 27_io/fpos/14320-1.cc execution test

		=== libstdc++ Summary ===

# of expected passes		4029
# of unexpected successes	2
# of expected failures		11

Compiler version: 4.1.0 
Platform: x86_64-suse-linux-gnu
configure flags: x86_64-suse-linux --prefix=/usr/local/bin-gcc4 --enable-__cxa_atexit --enable-languages=c,ada,c++,fortran,java,objc,obj-c++
BOOT_CFLAGS=-g -O2


Index Nav: [Date Index] [Subject Index] [Author Index] [Thread Index]
Message Nav: [Date Prev] [Date Next] [Thread Prev] [Thread Next]