This is the mail archive of the
gcc-testresults@gcc.gnu.org
mailing list for the GCC project.
Results for 4.2.0 20060227 (experimental) gfortran testsuite on sparc-sun-solaris2.9
- From: Francois-Xavier Coudert <coudert at lcp dot u-psud dot fr>
- To: gcc-testresults at gcc dot gnu dot org
- Date: Wed, 1 Mar 2006 11:19:29 +0100
- Subject: Results for 4.2.0 20060227 (experimental) gfortran testsuite on sparc-sun-solaris2.9
LAST_UPDATED:
Native configuration is sparc-sun-solaris2.9
=== gfortran tests ===
Running target unix
FAIL: gfortran.dg/byte_1.f90 -O (test for errors, line 10)
FAIL: gfortran.dg/byte_1.f90 -O (test for errors, line 17)
FAIL: gfortran.dg/byte_1.f90 -O (test for excess errors)
=== gfortran Summary for unix ===
# of expected passes11879
# of unexpected failures3
# of expected failures8
# of unsupported tests93
Running target unix/-m64
FAIL: gfortran.dg/assign_4.f90 -O (test for errors, line 3)
FAIL: gfortran.dg/assign_4.f90 -O (test for excess errors)
FAIL: gfortran.dg/badline.f -O (test for warnings, line 2)
FAIL: gfortran.dg/char_pointer_assign_2.f90 -O (test for errors, line 9)
FAIL: gfortran.dg/char_pointer_assign_2.f90 -O (test for excess errors)
FAIL: gfortran.dg/default_initialization.f90 -O (test for errors, line 17)
FAIL: gfortran.dg/default_initialization.f90 -O (test for excess errors)
FAIL: gfortran.dg/implicit_7.f90 -O (test for errors, line 6)
FAIL: gfortran.dg/implicit_7.f90 -O (test for excess errors)
FAIL: gfortran.dg/gomp/appendix-a/a.6.2.f90 -O (test for errors, line 14)
FAIL: gfortran.dg/gomp/appendix-a/a.6.2.f90 -O (test for excess errors)
FAIL: gfortran.dg/gomp/omp_atomic1.f90 -O (test for errors, line 35)
FAIL: gfortran.dg/gomp/omp_atomic1.f90 -O (test for errors, line 37)
FAIL: gfortran.dg/gomp/omp_atomic1.f90 -O (test for excess errors)
=== gfortran Summary for unix/-m64 ===
# of expected passes11882
# of unexpected failures14
# of expected failures9
# of unsupported tests85
=== gfortran Summary ===
# of expected passes23761
# of unexpected failures17
# of expected failures17
# of unsupported tests178
/tmp/gfortran-20060227/ibin/gcc/testsuite/gfortran/../../gfortran version 4.2.0 20060227 (experimental)
Compiler version: 4.2.0 20060227 (experimental) gfortran
Platform: sparc-sun-solaris2.9
configure flags: --prefix=/tmp/gfortran-20060227/irun --enable-languages=c,fortran --with-gmp=/tmp/gfortran-20060227/gfortran_libs --disable-libssp --disable-libmudflap --disable-nls --enable-bootstrap,;t t