This is the mail archive of the gcc-testresults@gcc.gnu.org mailing list for the GCC project.


Index Nav: [Date Index] [Subject Index] [Author Index] [Thread Index]
Message Nav: [Date Prev] [Date Next] [Thread Prev] [Thread Next]
Other format: [Raw text]

Results for 4.2.0 20060226 (experimental) testsuite on powerpc-apple-darwin8.5.0


LAST_UPDATED: Sun Feb 26 09:34:16 UTC 2006 (revision 111451M)

Native configuration is powerpc-apple-darwin8.5.0

		=== g++ tests ===


Running target unix
FAIL: g++.dg/abi/thunk4.C scan-assembler .weak[ \\t]_?_ZThn._N7Derived3FooEv
FAIL: g++.dg/init/ctor4.C (test for excess errors)
FAIL: g++.dg/parse/register1.C (test for excess errors)
FAIL: g++.dg/warn/huge-val1.C (test for excess errors)
FAIL: g++.dg/warn/weak1.C (test for excess errors)
WARNING: g++.dg/warn/weak1.C compilation failed to produce executable
FAIL: g++.dg/special/conpr-3.C execution test
FAIL: g++.old-deja/g++.brendan/warnings4.C (test for excess errors)
FAIL: g++.old-deja/g++.jason/overload34.C (test for excess errors)
FAIL: g++.old-deja/g++.mike/p11110.C (test for excess errors)

		=== g++ Summary ===

# of expected passes		11948
# of unexpected failures	9
# of expected failures		66
# of unsupported tests		118
/Volumes/development/gcc/head/objdir/gcc/testsuite/g++/../../g++  version 4.2.0 20060226 (experimental)

		=== gcc tests ===


Running target unix
WARNING: program timed out.
FAIL: gcc.c-torture/compile/20001226-1.c  -O3 -g  (test for excess errors)
FAIL: tmpdir-gcc.dg-struct-layout-1/t001 c_compat_x_tst.o-c_compat_y_tst.o execute 
FAIL: tmpdir-gcc.dg-struct-layout-1/t024 c_compat_x_tst.o-c_compat_y_tst.o execute 
FAIL: tmpdir-gcc.dg-struct-layout-1/t025 c_compat_x_tst.o-c_compat_y_tst.o execute 
FAIL: tmpdir-gcc.dg-struct-layout-1/t026 c_compat_x_tst.o-c_compat_y_tst.o execute 
FAIL: tmpdir-gcc.dg-struct-layout-1/t027 c_compat_x_tst.o-c_compat_y_tst.o execute 
FAIL: tmpdir-gcc.dg-struct-layout-1/t028 c_compat_x_tst.o-c_compat_y_tst.o execute 
FAIL: gcc.dg/tree-ssa/20030730-1.c scan-tree-dump-times if  0
FAIL: gcc.dg/tree-ssa/20030730-2.c scan-tree-dump-times if  0
FAIL: gcc.dg/tree-ssa/20030807-2.c scan-tree-dump-times if  0
FAIL: gcc.target/powerpc/darwin-longlong.c execution test
FAIL: gcc.target/powerpc/pr18096-1.c stack frame too large (test for warnings, line 11)
FAIL: gcc.target/powerpc/pr18096-1.c (test for excess errors)
FAIL: gcc.target/powerpc/stabs-attrib-vect-darwin.c scan-assembler .stabs.*vi:\\\\(0,16\\\\)=@V

		=== gcc Summary ===

# of expected passes		39576
# of unexpected failures	14
# of expected failures		114
# of untested testcases		28
# of unsupported tests		423
/Volumes/development/gcc/head/objdir/gcc/xgcc  version 4.2.0 20060226 (experimental)

		=== gfortran tests ===


Running target unix
FAIL: gfortran.dg/large_real_kind_2.F90  -O0  execution test
FAIL: gfortran.dg/large_real_kind_2.F90  -O1  execution test
FAIL: gfortran.dg/large_real_kind_2.F90  -O2  execution test
FAIL: gfortran.dg/large_real_kind_2.F90  -O3 -fomit-frame-pointer  execution test
FAIL: gfortran.dg/large_real_kind_2.F90  -O3 -fomit-frame-pointer -funroll-loops  execution test
FAIL: gfortran.dg/large_real_kind_2.F90  -O3 -fomit-frame-pointer -funroll-all-loops -finline-functions  execution test
FAIL: gfortran.dg/large_real_kind_2.F90  -O3 -g  execution test
FAIL: gfortran.dg/large_real_kind_2.F90  -Os  execution test
FAIL: gfortran.dg/large_real_kind_form_io_2.f90  -O0  execution test
FAIL: gfortran.dg/large_real_kind_form_io_2.f90  -O1  execution test
FAIL: gfortran.dg/large_real_kind_form_io_2.f90  -O2  execution test
FAIL: gfortran.dg/large_real_kind_form_io_2.f90  -O3 -fomit-frame-pointer  execution test
FAIL: gfortran.dg/large_real_kind_form_io_2.f90  -O3 -fomit-frame-pointer -funroll-loops  execution test
FAIL: gfortran.dg/large_real_kind_form_io_2.f90  -O3 -fomit-frame-pointer -funroll-all-loops -finline-functions  execution test
FAIL: gfortran.dg/large_real_kind_form_io_2.f90  -O3 -g  execution test
FAIL: gfortran.dg/large_real_kind_form_io_2.f90  -Os  execution test

		=== gfortran Summary ===

# of expected passes		11946
# of unexpected failures	16
# of expected failures		7
# of unsupported tests		56
/Volumes/development/gcc/head/objdir/gcc/testsuite/gfortran/../../gfortran  version 4.2.0 20060226 (experimental)

		=== objc tests ===


Running target unix
FAIL: objc.dg-struct-layout-encoding-1/t002_main.m execution test
FAIL: objc.dg-struct-layout-encoding-1/t003_main.m execution test
FAIL: objc.dg-struct-layout-encoding-1/t004_main.m execution test
FAIL: objc.dg-struct-layout-encoding-1/t006_main.m execution test
FAIL: objc.dg-struct-layout-encoding-1/t007_main.m execution test
FAIL: objc.dg-struct-layout-encoding-1/t008_main.m execution test
FAIL: objc.dg-struct-layout-encoding-1/t011_main.m execution test
FAIL: objc.dg-struct-layout-encoding-1/t012_main.m execution test
FAIL: objc.dg-struct-layout-encoding-1/t015_main.m execution test
FAIL: objc.dg-struct-layout-encoding-1/t022_main.m execution test

		=== objc Summary ===

# of expected passes		2958
# of unexpected failures	10
# of expected failures		7
# of unsupported tests		1
/Volumes/development/gcc/head/objdir/gcc/xgcc  version 4.2.0 20060226 (experimental)

		=== libffi tests ===


Running target unix
XPASS: libffi.call/nested_struct4.c -O0 -W -Wall execution test
XPASS: libffi.call/nested_struct6.c -O0 -W -Wall execution test
XPASS: libffi.call/nested_struct4.c -O2 execution test
XPASS: libffi.call/nested_struct6.c -O2 execution test
XPASS: libffi.call/nested_struct4.c -O3 execution test
XPASS: libffi.call/nested_struct6.c -O3 execution test
XPASS: libffi.call/nested_struct4.c -Os execution test
XPASS: libffi.call/nested_struct6.c -Os execution test

		=== libffi Summary ===

# of expected passes		1116
# of unexpected successes	8
# of unsupported tests		8
		=== libgomp tests ===


Running target unix
FAIL: libgomp.fortran/omp_parse2.f90  -O0  execution test
FAIL: libgomp.fortran/omp_parse2.f90  -O1  execution test
FAIL: libgomp.fortran/omp_parse2.f90  -O2  execution test
FAIL: libgomp.fortran/omp_parse2.f90  -O3 -fomit-frame-pointer  execution test
FAIL: libgomp.fortran/omp_parse2.f90  -O3 -fomit-frame-pointer -funroll-loops  execution test
FAIL: libgomp.fortran/omp_parse2.f90  -O3 -fomit-frame-pointer -funroll-all-loops -finline-functions  execution test
FAIL: libgomp.fortran/omp_parse2.f90  -O3 -g  execution test
FAIL: libgomp.fortran/omp_parse2.f90  -Os  execution test
FAIL: libgomp.fortran/omp_parse4.f90  -O0  execution test
FAIL: libgomp.fortran/omp_parse4.f90  -O1  execution test
FAIL: libgomp.fortran/omp_parse4.f90  -O2  execution test
FAIL: libgomp.fortran/omp_parse4.f90  -O3 -fomit-frame-pointer  execution test
FAIL: libgomp.fortran/omp_parse4.f90  -O3 -fomit-frame-pointer -funroll-loops  execution test
FAIL: libgomp.fortran/omp_parse4.f90  -O3 -fomit-frame-pointer -funroll-all-loops -finline-functions  execution test
FAIL: libgomp.fortran/omp_parse4.f90  -O3 -g  execution test
FAIL: libgomp.fortran/omp_parse4.f90  -Os  execution test

		=== libgomp Summary ===

# of expected passes		936
# of unexpected failures	16
# of unsupported tests		61
		=== libjava tests ===


Running target unix
FAIL: gnu.testlet.BinaryCompatibility.BinaryCompatibilityTest: IL bin_01:  (number 1)
FAIL: gnu.testlet.BinaryCompatibility.BinaryCompatibilityTest: IL bin_01:  (number 1)
FAIL: gnu.testlet.BinaryCompatibility.BinaryCompatibilityTest: IL bin_01:  (number 1)
FAIL: gnu.testlet.BinaryCompatibility.BinaryCompatibilityTest: IL bin_01:  (number 1)
XPASS: gnu.testlet.BinaryCompatibility.BinaryCompatibilityTest: Adding a method to a class (number 1)
FAIL: gnu.testlet.BinaryCompatibility.BinaryCompatibilityTest: IL bin_02:  (number 1)
FAIL: gnu.testlet.BinaryCompatibility.BinaryCompatibilityTest: IL bin_02:  (number 1)
FAIL: gnu.testlet.BinaryCompatibility.BinaryCompatibilityTest: IL bin_02:  (number 1)
FAIL: gnu.testlet.BinaryCompatibility.BinaryCompatibilityTest: IL bin_02:  (number 1)
XPASS: gnu.testlet.BinaryCompatibility.BinaryCompatibilityTest: Adding a field to a class (number 1)
FAIL: gnu.testlet.BinaryCompatibility.BinaryCompatibilityTest: IL bin_03:  (number 1)
FAIL: gnu.testlet.BinaryCompatibility.BinaryCompatibilityTest: IL bin_03:  (number 1)
FAIL: gnu.testlet.BinaryCompatibility.BinaryCompatibilityTest: IL bin_03:  (number 1)
FAIL: gnu.testlet.BinaryCompatibility.BinaryCompatibilityTest: IL bin_03:  (number 1)
FAIL: gnu.testlet.BinaryCompatibility.BinaryCompatibilityTest: IL bin_04:  (number 1)
FAIL: gnu.testlet.BinaryCompatibility.BinaryCompatibilityTest: IL bin_04:  (number 1)
FAIL: gnu.testlet.BinaryCompatibility.BinaryCompatibilityTest: IL bin_04:  (number 1)
FAIL: gnu.testlet.BinaryCompatibility.BinaryCompatibilityTest: IL bin_04:  (number 1)
XPASS: gnu.testlet.BinaryCompatibility.BinaryCompatibilityTest: Adding a method to an interface (number 1)
FAIL: gnu.testlet.BinaryCompatibility.BinaryCompatibilityTest: IL bin_05:  (number 1)
FAIL: gnu.testlet.BinaryCompatibility.BinaryCompatibilityTest: IL bin_05:  (number 1)
FAIL: gnu.testlet.BinaryCompatibility.BinaryCompatibilityTest: IL bin_05:  (number 1)
FAIL: gnu.testlet.BinaryCompatibility.BinaryCompatibilityTest: IL bin_05:  (number 1)
FAIL: gnu.testlet.BinaryCompatibility.BinaryCompatibilityTest: IL bin_06:  (number 1)
FAIL: gnu.testlet.BinaryCompatibility.BinaryCompatibilityTest: IL bin_06:  (number 1)
FAIL: gnu.testlet.BinaryCompatibility.BinaryCompatibilityTest: IL bin_06:  (number 1)
FAIL: gnu.testlet.BinaryCompatibility.BinaryCompatibilityTest: IL bin_06:  (number 1)
FAIL: gnu.testlet.BinaryCompatibility.BinaryCompatibilityTest: IL bin_07:  (number 1)
FAIL: gnu.testlet.BinaryCompatibility.BinaryCompatibilityTest: IL bin_07:  (number 1)
FAIL: gnu.testlet.BinaryCompatibility.BinaryCompatibilityTest: IL bin_07:  (number 1)
FAIL: gnu.testlet.BinaryCompatibility.BinaryCompatibilityTest: IL bin_07:  (number 1)
XPASS: gnu.testlet.BinaryCompatibility.BinaryCompatibilityTest: Deleting a method from a class (number 1)
FAIL: gnu.testlet.BinaryCompatibility.BinaryCompatibilityTest: IL bin_08:  (number 1)
FAIL: gnu.testlet.BinaryCompatibility.BinaryCompatibilityTest: IL bin_08:  (number 1)
FAIL: gnu.testlet.BinaryCompatibility.BinaryCompatibilityTest: IL bin_08:  (number 1)
FAIL: gnu.testlet.BinaryCompatibility.BinaryCompatibilityTest: IL bin_08:  (number 1)
XPASS: gnu.testlet.BinaryCompatibility.BinaryCompatibilityTest: Deleting a field from a class (number 1)
FAIL: gnu.testlet.BinaryCompatibility.BinaryCompatibilityTest: IL bin_09:  (number 1)
FAIL: gnu.testlet.BinaryCompatibility.BinaryCompatibilityTest: IL bin_09:  (number 1)
FAIL: gnu.testlet.BinaryCompatibility.BinaryCompatibilityTest: IL bin_09:  (number 1)
FAIL: gnu.testlet.BinaryCompatibility.BinaryCompatibilityTest: IL bin_09:  (number 1)
FAIL: gnu.testlet.BinaryCompatibility.BinaryCompatibilityTest: IL bin_10:  (number 1)
FAIL: gnu.testlet.BinaryCompatibility.BinaryCompatibilityTest: IL bin_10:  (number 1)
FAIL: gnu.testlet.BinaryCompatibility.BinaryCompatibilityTest: IL bin_10:  (number 1)
FAIL: gnu.testlet.BinaryCompatibility.BinaryCompatibilityTest: IL bin_10:  (number 1)
XPASS: gnu.testlet.BinaryCompatibility.BinaryCompatibilityTest: Reordering fields of a class (number 1)
FAIL: gnu.testlet.BinaryCompatibility.BinaryCompatibilityTest: IL bin_11:  (number 1)
FAIL: gnu.testlet.BinaryCompatibility.BinaryCompatibilityTest: IL bin_11:  (number 1)
FAIL: gnu.testlet.BinaryCompatibility.BinaryCompatibilityTest: IL bin_11:  (number 1)
FAIL: gnu.testlet.BinaryCompatibility.BinaryCompatibilityTest: IL bin_11:  (number 1)
XPASS: gnu.testlet.BinaryCompatibility.BinaryCompatibilityTest: Reordering methods of a class (number 1)
FAIL: gnu.testlet.BinaryCompatibility.BinaryCompatibilityTest: IL bin_12:  (number 1)
FAIL: gnu.testlet.BinaryCompatibility.BinaryCompatibilityTest: IL bin_12:  (number 1)
FAIL: gnu.testlet.BinaryCompatibility.BinaryCompatibilityTest: IL bin_12:  (number 1)
FAIL: gnu.testlet.BinaryCompatibility.BinaryCompatibilityTest: IL bin_12:  (number 1)
FAIL: gnu.testlet.BinaryCompatibility.BinaryCompatibilityTest: IL bin_13:  (number 1)
FAIL: gnu.testlet.BinaryCompatibility.BinaryCompatibilityTest: IL bin_13:  (number 1)
FAIL: gnu.testlet.BinaryCompatibility.BinaryCompatibilityTest: IL bin_13:  (number 1)
FAIL: gnu.testlet.BinaryCompatibility.BinaryCompatibilityTest: IL bin_13:  (number 1)
XPASS: gnu.testlet.BinaryCompatibility.BinaryCompatibilityTest: Moving a method upward in the class hierarchy (number 1)
FAIL: gnu.testlet.BinaryCompatibility.BinaryCompatibilityTest: IL bin_14:  (number 1)
FAIL: gnu.testlet.BinaryCompatibility.BinaryCompatibilityTest: IL bin_14:  (number 1)
FAIL: gnu.testlet.BinaryCompatibility.BinaryCompatibilityTest: IL bin_14:  (number 1)
FAIL: gnu.testlet.BinaryCompatibility.BinaryCompatibilityTest: IL bin_14:  (number 1)
FAIL: gnu.testlet.BinaryCompatibility.BinaryCompatibilityTest: IL bin_15:  (number 1)
FAIL: gnu.testlet.BinaryCompatibility.BinaryCompatibilityTest: IL bin_15:  (number 1)
FAIL: gnu.testlet.BinaryCompatibility.BinaryCompatibilityTest: IL bin_15:  (number 1)
FAIL: gnu.testlet.BinaryCompatibility.BinaryCompatibilityTest: IL bin_15:  (number 1)
FAIL: gnu.testlet.BinaryCompatibility.BinaryCompatibilityTest: IL bin_16:  (number 1)
FAIL: gnu.testlet.BinaryCompatibility.BinaryCompatibilityTest: IL bin_16:  (number 1)
FAIL: gnu.testlet.BinaryCompatibility.BinaryCompatibilityTest: IL bin_16:  (number 1)
FAIL: gnu.testlet.BinaryCompatibility.BinaryCompatibilityTest: IL bin_16:  (number 1)
XPASS: gnu.testlet.BinaryCompatibility.BinaryCompatibilityTest: Inserting a new class in the type hierarchy (number 1)
FAIL: gnu.testlet.BinaryCompatibility.BinaryCompatibilityTest: IL bin_17:  (number 1)
FAIL: gnu.testlet.BinaryCompatibility.BinaryCompatibilityTest: IL bin_17:  (number 1)
FAIL: gnu.testlet.BinaryCompatibility.BinaryCompatibilityTest: IL bin_17:  (number 1)
FAIL: gnu.testlet.BinaryCompatibility.BinaryCompatibilityTest: IL bin_17:  (number 1)
FAIL: gnu.testlet.BinaryCompatibility.BinaryCompatibilityTest: IL bin_18:  (number 1)
FAIL: gnu.testlet.BinaryCompatibility.BinaryCompatibilityTest: IL bin_18:  (number 1)
FAIL: gnu.testlet.BinaryCompatibility.BinaryCompatibilityTest: IL bin_18:  (number 1)
FAIL: gnu.testlet.BinaryCompatibility.BinaryCompatibilityTest: IL bin_18:  (number 1)
FAIL: gnu.testlet.java.awt.Component.update: 192b846 (number 1)
FAIL: gnu.testlet.java.awt.FontClass.decode (number 1)
FAIL: gnu.testlet.java.awt.FontClass.decode (number 4)
FAIL: gnu.testlet.java.awt.FontClass.decode (number 7)
FAIL: gnu.testlet.java.awt.FontClass.decode (number 10)
FAIL: gnu.testlet.java.awt.FontClass.decode (number 13)
FAIL: gnu.testlet.java.awt.FontClass.decode (number 16)
FAIL: gnu.testlet.java.awt.FontClass.decode (number 19)
FAIL: gnu.testlet.java.awt.FontClass.decode (number 22)
FAIL: gnu.testlet.java.awt.Frame.size1 (number 1)
FAIL: gnu.testlet.java.awt.Frame.size1 (number 2)
FAIL: gnu.testlet.java.awt.Frame.size1 (number 3)
FAIL: gnu.testlet.java.awt.Frame.size1 (number 4)
FAIL: gnu.testlet.java.awt.Frame.size1 (number 5)
FAIL: gnu.testlet.java.awt.Frame.size1 (number 6)
FAIL: gnu.testlet.java.awt.Frame.size1 (number 7)
FAIL: gnu.testlet.java.awt.Frame.size1 (number 8)
FAIL: gnu.testlet.java.awt.Robot.createScreenCapture (number 1)
FAIL: gnu.testlet.java.awt.Robot.getPixelColor (number 1)
FAIL: gnu.testlet.java.awt.Robot.mouseMove (number 1)
FAIL: gnu.testlet.java.awt.Robot.mouseWheel (number 1)
FAIL: gnu.testlet.java.awt.Robot.mouseWheel (number 2)
FAIL: gnu.testlet.java.awt.Window.pack1 (number 1)
FAIL: gnu.testlet.java.awt.Window.pack1 (number 2)
FAIL: gnu.testlet.java.awt.Window.pack1 (number 3)
FAIL: gnu.testlet.java.awt.Window.pack1 (number 4)
FAIL: gnu.testlet.java.awt.Window.pack1 (number 5)
FAIL: gnu.testlet.java.awt.Window.pack1 (number 6)
FAIL: gnu.testlet.java.awt.Window.pack1 (number 7)
FAIL: gnu.testlet.java.awt.Window.pack1 (number 8)
FAIL: gnu.testlet.java.awt.event.MouseEvent.modifiers: mousePressed: 0 (number 1)
FAIL: gnu.testlet.java.awt.event.MouseEvent.modifiers: mouseReleased: 0 (number 1)
FAIL: gnu.testlet.java.awt.event.MouseEvent.modifiers: mousePressed: 0 (number 1)
FAIL: gnu.testlet.java.awt.event.MouseEvent.modifiers: mouseReleased: 0 (number 1)
FAIL: gnu.testlet.java.awt.event.MouseEvent.modifiers: mousePressed: 0 (number 1)
FAIL: gnu.testlet.java.awt.event.MouseEvent.modifiers: mouseReleased: 0 (number 1)
FAIL: gnu.testlet.java.awt.event.MouseEvent.modifiers: mousePressed: 0 (number 1)
FAIL: gnu.testlet.java.awt.event.MouseEvent.modifiers: mouseReleased: 0 (number 1)
FAIL: gnu.testlet.java.awt.event.MouseEvent.modifiers: mousePressed: 0 (number 1)
FAIL: gnu.testlet.java.awt.event.MouseEvent.modifiers: mouseReleased: 0 (number 1)
FAIL: gnu.testlet.java.awt.event.MouseEvent.modifiers: mousePressed: 0 (number 1)
FAIL: gnu.testlet.java.awt.event.MouseEvent.modifiers: mouseReleased: 0 (number 1)
FAIL: gnu.testlet.java.awt.event.MouseEvent.modifiers: mousePressed: 0 (number 1)
FAIL: gnu.testlet.java.awt.event.MouseEvent.modifiers: mouseReleased: 0 (number 1)
FAIL: gnu.testlet.java.awt.event.MouseEvent.modifiers: mousePressed: 0 (number 1)
FAIL: gnu.testlet.java.awt.event.MouseEvent.modifiers: mouseReleased: 0 (number 1)
FAIL: gnu.testlet.java.awt.event.MouseEvent.modifiers: mousePressed: 0 (number 1)
FAIL: gnu.testlet.java.awt.event.MouseEvent.modifiers: mouseReleased: 0 (number 1)
FAIL: gnu.testlet.java.awt.event.MouseEvent.modifiers: mousePressed: 0 (number 1)
FAIL: gnu.testlet.java.awt.event.MouseEvent.modifiers: mouseReleased: 0 (number 1)
FAIL: gnu.testlet.java.awt.event.MouseEvent.modifiers: mousePressed: 0 (number 1)
FAIL: gnu.testlet.java.awt.event.MouseEvent.modifiers: mouseReleased: 0 (number 1)
FAIL: gnu.testlet.java.awt.event.MouseEvent.modifiers: mousePressed: 0 (number 1)
FAIL: gnu.testlet.java.awt.event.MouseEvent.modifiers: mouseReleased: 0 (number 1)
FAIL: gnu.testlet.java.awt.event.MouseEvent.modifiersEx: mousePressed: 0 (number 1)
FAIL: gnu.testlet.java.awt.event.MouseEvent.modifiersEx: mousePressed: 0 (number 1)
FAIL: gnu.testlet.java.awt.event.MouseEvent.modifiersEx: mouseReleased: 0 (number 1)
FAIL: gnu.testlet.java.awt.event.MouseEvent.modifiersEx: mousePressed: 0 (number 1)
FAIL: gnu.testlet.java.awt.event.MouseEvent.modifiersEx: mouseReleased: 0 (number 1)
FAIL: gnu.testlet.java.awt.event.MouseEvent.modifiersEx: mousePressed: 0 (number 1)
FAIL: gnu.testlet.java.awt.event.MouseEvent.modifiersEx: mouseReleased: 0 (number 1)
FAIL: gnu.testlet.java.awt.event.MouseEvent.modifiersEx: mousePressed: 0 (number 1)
FAIL: gnu.testlet.java.awt.event.MouseEvent.modifiersEx: mousePressed: 0 (number 1)
FAIL: gnu.testlet.java.awt.event.MouseEvent.modifiersEx: mouseReleased: 0 (number 1)
FAIL: gnu.testlet.java.awt.event.MouseEvent.modifiersEx: mousePressed: 0 (number 1)
FAIL: gnu.testlet.java.awt.event.MouseEvent.modifiersEx: mouseReleased: 0 (number 1)
FAIL: gnu.testlet.java.awt.event.MouseEvent.modifiersEx: mousePressed: 128 (number 1)
FAIL: gnu.testlet.java.awt.event.MouseEvent.modifiersEx: mouseReleased: 2240 (number 1)
FAIL: gnu.testlet.java.awt.event.MouseEvent.modifiersEx: mousePressed: 192 (number 1)
FAIL: gnu.testlet.java.awt.event.MouseEvent.modifiersEx: mouseReleased: 4096 (number 1)
FAIL: gnu.testlet.java.awt.event.MouseEvent.modifiersEx: mousePressed: 0 (number 1)
FAIL: gnu.testlet.java.awt.event.MouseEvent.modifiersEx: mouseReleased: 4160 (number 1)
FAIL: gnu.testlet.java.awt.event.MouseEvent.modifiersEx: mousePressed: 64 (number 1)
FAIL: gnu.testlet.java.awt.event.MouseEvent.modifiersEx: mouseReleased: 4224 (number 1)
FAIL: gnu.testlet.java.awt.event.MouseEvent.modifiersEx: mousePressed: 128 (number 1)
FAIL: gnu.testlet.java.awt.event.MouseEvent.modifiersEx: mouseReleased: 4288 (number 1)
FAIL: gnu.testlet.java.awt.image.BandedSampleModel.constructors: (int, int, int, int) (number 10)
FAIL: gnu.testlet.java.awt.image.BandedSampleModel.constructors: (int, int, int, int, int[], int[]) (number 13)
FAIL: gnu.testlet.java.awt.image.BandedSampleModel.createCompatibleSampleModel: uncaught exception: java.lang.ArrayIndexOutOfBoundsException: 3
FAIL: gnu.testlet.java.awt.image.BandedSampleModel.createDataBuffer (number 6)
FAIL: gnu.testlet.java.awt.image.BandedSampleModel.getDataElements (number 3)
FAIL: gnu.testlet.java.awt.image.BandedSampleModel.getPixels (number 6)
FAIL: gnu.testlet.java.awt.image.BandedSampleModel.getSamples (number 5)
FAIL: gnu.testlet.java.awt.image.BandedSampleModel.hashCode (number 1)
FAIL: gnu.testlet.java.awt.image.BandedSampleModel.setSamples (number 13)
FAIL: gnu.testlet.java.awt.image.BandedSampleModel.setSamples (number 14)
FAIL: gnu.testlet.java.awt.image.ColorModel.getComponentSize: () (number 5)
FAIL: gnu.testlet.java.awt.image.ColorModel.getComponentSize: (int) (number 4)
FAIL: gnu.testlet.java.awt.image.ColorModel.getRGBdefault (number 8)
FAIL: gnu.testlet.java.awt.image.DirectColorModel.constructors: (ColorSpace, int, int, int, int, int, boolean, int) (number 3)
FAIL: gnu.testlet.java.awt.image.DirectColorModel.constructors: DirectColorModel(int, int, int, int, int) (number 16)
FAIL: gnu.testlet.java.awt.image.IndexColorModel.getComponentSize (number 29)
FAIL: gnu.testlet.java.awt.image.SinglePixelPackedSampleModel.getDataElements: uncaught exception at "(int, int, Object, DataBuffer(Byte))" number 5: java.lang.ArrayStoreException
FAIL: gnu.testlet.java.beans.Beans.instantiate_1: Private constructor 1 (number 1)
FAIL: gnu.testlet.java.io.File.emptyFile: getName() (number 2)
FAIL: gnu.testlet.java.io.File.security: File.listRoots() (number 2)
FAIL: Link for gnu.testlet.java.io.ObjectInputStream.readResolve
FAIL: gnu.testlet.java.io.ObjectInputStream.registerValidation: java.lang.ClassCastException: java.io.ObjectInputStream\$ValidatorAndPriority cannot be cast to java.io.ObjectInputValidation (number 1)
XPASS: gnu.testlet.java.io.PrintWriter.checkError (number 3)
XPASS: gnu.testlet.java.io.PrintWriter.jdk11: checkError() after close() (number 1)
FAIL: gnu.testlet.java.io.Serializable.BreakMe (number 1)
FAIL: gnu.testlet.java.lang.Class.newInstance (number 10)
FAIL: gnu.testlet.java.lang.Class.newInstance (number 12)
FAIL: gnu.testlet.java.lang.Class.newInstance (number 14)
FAIL: gnu.testlet.java.lang.Class.newInstance (number 15)
FAIL: gnu.testlet.java.lang.ClassLoader.findLoadedClass: Class.forName (number 2)
FAIL: gnu.testlet.java.lang.ClassLoader.findLoadedClass: no redefine (number 3)
FAIL: gnu.testlet.java.lang.InheritableThreadLocal.simple: Child value in new thread (number 1)
FAIL: gnu.testlet.java.lang.Math.sin (number 1)
FAIL: gnu.testlet.java.lang.SecurityManager.thread: checkAccess (number 2)
FAIL: gnu.testlet.java.lang.SecurityManager.thread: checkAccess (number 3)
FAIL: gnu.testlet.java.lang.String.decode (number 23)
XPASS: gnu.testlet.java.lang.String.getBytes13: String.getBytes("UnicodeBigUnmarked") (number 1)
XPASS: gnu.testlet.java.lang.String.getBytes14: String.getBytes("ISO8859_15") (number 1)
FAIL: gnu.testlet.java.net.DatagramPacket.DatagramPacketOffset: DatagramPacket Offset Test java.io.IOException: Invalid argument (number 1)
FAIL: gnu.testlet.java.net.DatagramSocket.DatagramSocketTest: Error : test_Basics failed - 5 Not able to create a socket  (number 1)
FAIL: gnu.testlet.java.net.DatagramSocket.DatagramSocketTest2: invalid_receive_data: test 1 - Should NOT throw Exception (number 1)
FAIL: gnu.testlet.java.net.DatagramSocket.DatagramSocketTest2: invalid_send_addr: test 1 - Should NOT throw Exception (number 1)
FAIL: gnu.testlet.java.net.DatagramSocket.DatagramSocketTest2: invalid_send_port: test 1 - Should NOT throw Exception (number 1)
FAIL: gnu.testlet.java.net.DatagramSocket.DatagramSocketTest2: invalid_send_data: test 1 - Should NOT throw Exception (number 1)
FAIL: gnu.testlet.java.net.DatagramSocket.bind: java.lang.IllegalArgumentException: unsupported address type binding to null address (number 1)
FAIL: gnu.testlet.java.net.InetAddress.getAllByName: java.net.UnknownHostException:    (number 1)
FAIL: gnu.testlet.java.net.InetAddress.getAllByName: java.net.UnknownHostException:   localhost   (number 1)
FAIL: gnu.testlet.java.net.MulticastSocket.MulticastSocketTest: could not create SECOND multicast socket on shared port 1234 (number 1)
FAIL: gnu.testlet.java.net.NetworkInterface.getByName: - 1 - NullPointerException expected (number 1)
FAIL: gnu.testlet.java.net.NetworkInterface.getByName: - 2 - no exeption expected (number 1)
FAIL: gnu.testlet.java.net.NetworkInterface.getByName: - 3 - no exeption expected (number 1)
FAIL: gnu.testlet.java.net.URL.URLTest: inherit URLStreamHandler (number 1)
FAIL: gnu.testlet.java.net.URLConnection.Jar: jar: URL with missing entry (number 1)
FAIL: gnu.testlet.java.nio.DoubleBuffer.compareTo: double buffer compare with NaN entry (number 1)
FAIL: gnu.testlet.java.nio.FloatBuffer.compareTo: float buffer compare with NaN entry (number 1)
FAIL: gnu.testlet.java.nio.channels.FileChannel.lock: mauve.vmexec system property NOT SET! (number 1)
FAIL: gnu.testlet.java.nio.channels.FileChannel.lock: FileOutputStream lock(129, 2050, true) (number 1)
FAIL: gnu.testlet.java.nio.channels.FileChannel.lock: FileInputStream lock() (number 1)
FAIL: gnu.testlet.java.nio.channels.FileChannel.lock: RandomAccessFile(r) lock() (number 1)
FAIL: gnu.testlet.java.nio.channels.FileChannel.manyopen: Unexpected exception at nr 76: java.io.FileNotFoundException: /tmp/mauve-many.76.out (Too many open files) (number 1)
FAIL: gnu.testlet.java.nio.channels.FileChannel.map (number 1)
FAIL: gnu.testlet.java.nio.charset.Charset.encode: Wrong capacity in byte buffer (number 1)
FAIL: gnu.testlet.java.security.AccessController.doPrivileged (number 1)
FAIL: gnu.testlet.java.text.DateFormat.equals (number 10)
FAIL: gnu.testlet.java.text.DateFormat.equals (number 12)
FAIL: gnu.testlet.java.text.DecimalFormat.applyPattern: negativePrefix (number 1)
FAIL: gnu.testlet.java.text.DecimalFormat.applyPattern: minimumFractionDigits (number 4)
FAIL: gnu.testlet.java.text.DecimalFormat.applyPattern: minimumFractionDigits (number 5)
FAIL: gnu.testlet.java.text.DecimalFormat.constructors: DecimalFormat(); (number 2)
FAIL: gnu.testlet.java.text.DecimalFormat.constructors: DecimalFormat(); (number 4)
FAIL: gnu.testlet.java.text.DecimalFormat.equals (number 29)
FAIL: gnu.testlet.java.text.DecimalFormat.format: DecimalFormat rounding (number 2)
FAIL: gnu.testlet.java.text.DecimalFormat.formatToCharacterIterator: uncaught exception: java.lang.IllegalArgumentException: Cannot format given Object as a Number
FAIL: gnu.testlet.java.text.DecimalFormat.getCurrency: uncaught exception: java.lang.IllegalArgumentException: The currency code, GBP, is not supported.
FAIL: gnu.testlet.java.text.DecimalFormat.setCurrency: uncaught exception: java.lang.IllegalArgumentException: The currency code, NZD, is not supported.
FAIL: gnu.testlet.java.text.DecimalFormat.toLocalizedPattern (number 1)
FAIL: gnu.testlet.java.text.DecimalFormat.toPattern (number 6)
FAIL: gnu.testlet.java.text.MessageFormat.format14: uncaught exception at "number" number 3: java.lang.IllegalArgumentException: The currency code, \$, is not supported.
FAIL: gnu.testlet.java.text.NumberFormat.UK: uncaught exception at "Double-based fraction formatting with integer number format (123,457)." number 2: java.lang.IllegalArgumentException: The currency code, ?, is not supported.
FAIL: gnu.testlet.java.text.SimpleDateFormat.Localization: German locale, German pattern characters in pattern. (number 1)
FAIL: gnu.testlet.java.text.SimpleDateFormat.applyLocalizedPattern: uncaught exception: java.lang.ClassCastException: java.lang.String cannot be cast to [Ljava.lang.String;
FAIL: gnu.testlet.java.text.SimpleDateFormat.applyPattern: uncaught exception: java.lang.ClassCastException: java.lang.String cannot be cast to [Ljava.lang.String;
FAIL: gnu.testlet.java.text.SimpleDateFormat.constructors: uncaught exception at "SimpleDateFormat(String, DateFormatSymbols)" number 1: java.lang.ClassCastException: java.lang.String cannot be cast to [Ljava.lang.String;
FAIL: gnu.testlet.java.text.SimpleDateFormat.parse: parse pattern MMM dd, yyyy (number 1)
FAIL: gnu.testlet.java.text.SimpleDateFormat.toLocalizedPattern: uncaught exception: java.lang.ClassCastException: java.lang.String cannot be cast to [Ljava.lang.String;
FAIL: gnu.testlet.java.text.SimpleDateFormat.toPattern: uncaught exception: java.lang.ClassCastException: java.lang.String cannot be cast to [Ljava.lang.String;
FAIL: gnu.testlet.java.util.Calendar.set: test setting conflicting values of different fields (number 4)
FAIL: gnu.testlet.java.util.Calendar.set: test setting conflicting values of different fields (number 5)
FAIL: gnu.testlet.java.util.Currency.Canada: uncaught exception at "Currency symbol retrieval check (\$)." number 2: java.lang.IllegalArgumentException: The currency code, \$, is not supported.
FAIL: gnu.testlet.java.util.Currency.CanadaFrench: uncaught exception at "Currency symbol retrieval check (\$)." number 2: java.lang.IllegalArgumentException: The currency code, \$, is not supported.
FAIL: gnu.testlet.java.util.Currency.China: uncaught exception at "Currency symbol retrieval check (?)." number 2: java.lang.IllegalArgumentException: The currency code, ?, is not supported.
FAIL: gnu.testlet.java.util.Currency.Constructors: uncaught exception: java.lang.IllegalArgumentException: The currency code, null, is not supported.
FAIL: gnu.testlet.java.util.Currency.France: uncaught exception at "Euro currency symbol retrieval check (F)." number 2: java.lang.IllegalArgumentException: The currency code, F, is not supported.
FAIL: gnu.testlet.java.util.Currency.Germany: uncaught exception at "Euro currency symbol retrieval check (DM)." number 2: java.lang.IllegalArgumentException: The currency code, DM, is not supported.
FAIL: gnu.testlet.java.util.Currency.Italy: uncaught exception at "Euro currency symbol retrieval check (L.)." number 2: java.lang.IllegalArgumentException: The currency code, L., is not supported.
FAIL: gnu.testlet.java.util.Currency.Japan: uncaught exception at "Currency symbol retrieval check (?)." number 2: java.lang.IllegalArgumentException: The currency code, ?, is not supported.
FAIL: gnu.testlet.java.util.Currency.Korea: uncaught exception at "Currency symbol retrieval check (?)." number 2: java.lang.IllegalArgumentException: The currency code, ?, is not supported.
FAIL: gnu.testlet.java.util.Currency.PRC: uncaught exception at "Currency symbol retrieval check (?)." number 2: java.lang.IllegalArgumentException: The currency code, ?, is not supported.
FAIL: gnu.testlet.java.util.Currency.ReferenceEquality: uncaught exception at "Reference equality for currencies (UK) check." number 2: java.lang.IllegalArgumentException: The currency code, GBP, is not supported.
FAIL: gnu.testlet.java.util.Currency.Taiwan: uncaught exception at "Currency symbol retrieval check (NT\$)." number 2: java.lang.IllegalArgumentException: The currency code, NT\$, is not supported.
FAIL: gnu.testlet.java.util.Currency.UK: uncaught exception at "Currency symbol retrieval check (?)." number 2: java.lang.IllegalArgumentException: The currency code, ?, is not supported.
FAIL: gnu.testlet.java.util.Currency.US: Currency symbol retrieval check (USD). (number 1)
FAIL: gnu.testlet.java.util.Currency.US: Non local currency symbol retrieval check (USD). (number 1)
FAIL: gnu.testlet.java.util.Currency.US: uncaught exception at "Non local currency symbol retrieval check (USD)." number 2: java.lang.IllegalArgumentException: The currency code, \$, is not supported.
FAIL: gnu.testlet.java.util.logging.Logger.getLogger: uncaught exception: java.lang.ExceptionInInitializerError
FAIL: gnu.testlet.java.util.logging.Logger.securityChecks: uncaught exception at "Logger.global" number 5: java.lang.ExceptionInInitializerError
FAIL: gnu.testlet.java.util.regex.CharacterClasses: testMatchComplete '[[]' flags 0 (number 5)
FAIL: gnu.testlet.java.util.regex.CharacterClasses: testComplete '[[]' flags 0 (reset) (number 5)
FAIL: gnu.testlet.java.util.regex.CharacterClasses: testMatchComplete '[^[]' flags 0 (number 5)
FAIL: gnu.testlet.java.util.regex.CharacterClasses: testComplete '[^[]' flags 0 (reset) (number 5)
XPASS: gnu.testlet.java.util.zip.ZipFile.newZipFile: non-zipfile gets rejected (number 1)
FAIL: Link for gnu.testlet.javax.print.attribute.EnumSyntax.equals
FAIL: Link for gnu.testlet.javax.print.attribute.EnumSyntax.serialize
FAIL: Link for gnu.testlet.javax.print.attribute.HashAttributeSet.emptySet
FAIL: Link for gnu.testlet.javax.print.attribute.HashAttributeSet.populatedSet
FAIL: gnu.testlet.javax.swing.AbstractButton.setRolloverEnabled (number 2)
FAIL: gnu.testlet.javax.swing.AbstractButton.setRolloverEnabled (number 4)
FAIL: gnu.testlet.javax.swing.AbstractButton.setRolloverEnabled (number 5)
FAIL: gnu.testlet.javax.swing.BoxLayout.simplehorizontal: -400 (number 1)
FAIL: gnu.testlet.javax.swing.BoxLayout.simplehorizontal: 800 (number 1)
FAIL: gnu.testlet.javax.swing.BoxLayout.simplehorizontal: -400 (number 1)
FAIL: gnu.testlet.javax.swing.BoxLayout.simplehorizontal: 800 (number 1)
FAIL: gnu.testlet.javax.swing.BoxLayout.simplevertical: -400 (number 1)
FAIL: gnu.testlet.javax.swing.BoxLayout.simplevertical: 800 (number 1)
FAIL: gnu.testlet.javax.swing.BoxLayout.simplevertical: -400 (number 1)
FAIL: gnu.testlet.javax.swing.BoxLayout.simplevertical: 800 (number 1)
FAIL: Link for gnu.testlet.javax.swing.JCheckBoxMenuItem.getActionCommand
FAIL: Compile gnu/testlet/javax/swing/JComboBox/setEditor.lo for gnu.testlet.javax.swing.JComboBox.setEditor
FAIL: Compile gnu/testlet/javax/swing/JComboBox/setModel.lo for gnu.testlet.javax.swing.JComboBox.setModel
FAIL: Compile gnu/testlet/javax/swing/JComboBox/setSelectedIndex.lo for gnu.testlet.javax.swing.JComboBox.setSelectedIndex
FAIL: Compile gnu/testlet/javax/swing/JComponent/getFont.lo for gnu.testlet.javax.swing.JComponent.getFont
FAIL: gnu.testlet.javax.swing.JComponent.setMinimumSize (number 1)
FAIL: gnu.testlet.javax.swing.JComponent.setMinimumSize (number 4)
FAIL: Link for gnu.testlet.javax.swing.JComponent.setOpaque
FAIL: gnu.testlet.javax.swing.JComponent.setPreferredSize (number 1)
FAIL: gnu.testlet.javax.swing.JComponent.setPreferredSize (number 4)
FAIL: Link for gnu.testlet.javax.swing.JComponent.setUI
FAIL: Link for gnu.testlet.javax.swing.JComponent.setVisible
FAIL: gnu.testlet.javax.swing.JEditorPane.ConstructorsAndTypes: uncaught exception: javax.swing.text.rtf.RTFParseException: expected left curly braces
FAIL: Link for gnu.testlet.javax.swing.JFileChooser.accept
FAIL: gnu.testlet.javax.swing.JFileChooser.getFileSelectionMode (number 1)
FAIL: Link for gnu.testlet.javax.swing.JFileChooser.getFileSystemView
FAIL: Link for gnu.testlet.javax.swing.JFileChooser.removeChoosableFileFilter
FAIL: Link for gnu.testlet.javax.swing.JFileChooser.setAcceptAllFileFilterUsed
FAIL: gnu.testlet.javax.swing.JFileChooser.setFileSelectionMode (number 1)
FAIL: gnu.testlet.javax.swing.JFileChooser.setFileSelectionMode (number 4)
FAIL: Link for gnu.testlet.javax.swing.JFileChooser.setFileSystemView
FAIL: gnu.testlet.javax.swing.JFileChooser.setSelectedFile: testGeneral() (number 3)
FAIL: gnu.testlet.javax.swing.JFileChooser.setSelectedFile: testGeneral() (number 9)
WARNING: program timed out.
FAIL: gnu.testlet.javax.swing.JFrame.paint5: north: default color must be black (number 1)
FAIL: gnu.testlet.javax.swing.JFrame.paint5: south: default color must be black (number 1)
FAIL: gnu.testlet.javax.swing.JFrame.paint5: east: default color must be black (number 1)
FAIL: gnu.testlet.javax.swing.JFrame.paint5: west: default color must be black (number 1)
FAIL: gnu.testlet.javax.swing.JLabel.Mnemonic (number 4)
FAIL: gnu.testlet.javax.swing.JLabel.Mnemonic (number 7)
FAIL: gnu.testlet.javax.swing.JLabel.Mnemonic (number 9)
FAIL: gnu.testlet.javax.swing.JLabel.Mnemonic (number 11)
FAIL: gnu.testlet.javax.swing.JList.AccessibleJList.AccessibleJListChild.getAccessibleStateSet (number 1)
FAIL: gnu.testlet.javax.swing.JList.AccessibleJList.AccessibleJListChild.getFont (number 2)
FAIL: gnu.testlet.javax.swing.JList.AccessibleJList.contentsChanged (number 1)
FAIL: gnu.testlet.javax.swing.JList.AccessibleJList.contentsChanged: uncaught exception: java.lang.ArrayIndexOutOfBoundsException: 0 >= 0
FAIL: gnu.testlet.javax.swing.JList.AccessibleJList.intervalAdded (number 1)
FAIL: gnu.testlet.javax.swing.JList.AccessibleJList.intervalAdded: uncaught exception: java.lang.ArrayIndexOutOfBoundsException: 0 >= 0
FAIL: gnu.testlet.javax.swing.JList.AccessibleJList.intervalRemoved (number 1)
FAIL: gnu.testlet.javax.swing.JList.AccessibleJList.intervalRemoved: uncaught exception: java.lang.ArrayIndexOutOfBoundsException: 0 >= 0
FAIL: gnu.testlet.javax.swing.JList.AccessibleJList.valueChanged (number 1)
FAIL: gnu.testlet.javax.swing.JList.AccessibleJList.valueChanged: uncaught exception: java.lang.ArrayIndexOutOfBoundsException: 0 >= 0
FAIL: Link for gnu.testlet.javax.swing.JMenuItem.constructors
FAIL: gnu.testlet.javax.swing.JPanel.Layouter (number 1)
FAIL: Link for gnu.testlet.javax.swing.JRadioButtonMenuItem.getActionCommand
FAIL: gnu.testlet.javax.swing.JTable.constructors: JTable(Object[][], Object[]) (number 1)
FAIL: gnu.testlet.javax.swing.JTable.constructors: JTable(Object[][], Object[]) (number 2)
FAIL: gnu.testlet.javax.swing.JTextArea.gettingText: getSelectedText [1,2] (number 1)
FAIL: gnu.testlet.javax.swing.JTextArea.preferredSize (number 1)
FAIL: gnu.testlet.javax.swing.JTextArea.preferredSize (number 2)
FAIL: gnu.testlet.javax.swing.JTextArea.preferredSize (number 3)
FAIL: gnu.testlet.javax.swing.JTextArea.preferredSize (number 4)
FAIL: gnu.testlet.javax.swing.JTextArea.preferredSize (number 5)
FAIL: gnu.testlet.javax.swing.JTextArea.preferredSize (number 6)
FAIL: gnu.testlet.javax.swing.JTextArea.preferredSize (number 7)
FAIL: gnu.testlet.javax.swing.JTextArea.text: getSelectedText (number 1)
FAIL: gnu.testlet.javax.swing.JTextField.getActions: number of actions (number 1)
FAIL: gnu.testlet.javax.swing.JTextField.getActions: caret-next-word (number 1)
FAIL: gnu.testlet.javax.swing.JTextField.getActions: caret-previous-word (number 1)
FAIL: gnu.testlet.javax.swing.JTextField.getActions: select-all (number 1)
FAIL: gnu.testlet.javax.swing.JTextField.getActions: selection-begin (number 1)
FAIL: gnu.testlet.javax.swing.JTextField.getActions: selection-begin-line (number 1)
FAIL: gnu.testlet.javax.swing.JTextField.getActions: selection-begin-word (number 1)
FAIL: gnu.testlet.javax.swing.JTextField.getActions: selection-end (number 1)
FAIL: gnu.testlet.javax.swing.JTextField.getActions: selection-end-line (number 1)
FAIL: gnu.testlet.javax.swing.JTextField.getActions: selection-end-word (number 1)
FAIL: gnu.testlet.javax.swing.JTextField.getActions: selection-next-word (number 1)
FAIL: gnu.testlet.javax.swing.JTextField.getActions: selection-previous-word (number 1)
FAIL: gnu.testlet.javax.swing.JTextField.getActions: toggle-componentOrientation (number 1)
FAIL: gnu.testlet.javax.swing.JTextField.getActions: unselect (number 1)
FAIL: gnu.testlet.javax.swing.JTextField.getActions: caret-begin (number 1)
FAIL: gnu.testlet.javax.swing.JTextField.getActions: caret-begin-paragraph (number 1)
FAIL: gnu.testlet.javax.swing.JTextField.getActions: caret-begin-word (number 1)
FAIL: gnu.testlet.javax.swing.JTextField.getActions: caret-down (number 1)
FAIL: gnu.testlet.javax.swing.JTextField.getActions: caret-end (number 1)
FAIL: gnu.testlet.javax.swing.JTextField.getActions: caret-end-paragraph (number 1)
FAIL: gnu.testlet.javax.swing.JTextField.getActions: caret-end-word (number 1)
FAIL: gnu.testlet.javax.swing.JTextField.getActions: caret-up (number 1)
FAIL: gnu.testlet.javax.swing.JTextField.getActions: dump-model (number 1)
FAIL: gnu.testlet.javax.swing.JTextField.getActions: page-down (number 1)
FAIL: gnu.testlet.javax.swing.JTextField.getActions: page-up (number 1)
FAIL: gnu.testlet.javax.swing.JTextField.getActions: selection-begin-paragraph (number 1)
FAIL: gnu.testlet.javax.swing.JTextField.getActions: selection-down (number 1)
FAIL: gnu.testlet.javax.swing.JTextField.getActions: selection-end-paragraph (number 1)
FAIL: gnu.testlet.javax.swing.JTextField.getActions: selection-page-down (number 1)
FAIL: gnu.testlet.javax.swing.JTextField.getActions: selection-page-left (number 1)
FAIL: gnu.testlet.javax.swing.JTextField.getActions: selection-page-right (number 1)
FAIL: gnu.testlet.javax.swing.JTextField.getActions: selection-page-up (number 1)
FAIL: gnu.testlet.javax.swing.JTextField.getActions: selection-up (number 1)
FAIL: gnu.testlet.javax.swing.JTextField.getActions: select-line (number 1)
FAIL: gnu.testlet.javax.swing.JTextField.getActions: select-paragraph (number 1)
FAIL: gnu.testlet.javax.swing.JTextField.getActions: select-word (number 1)
FAIL: gnu.testlet.javax.swing.JTextField.getActions: set-read-only (number 1)
FAIL: gnu.testlet.javax.swing.JTextField.getActions: set-writable (number 1)
FAIL: Compile gnu/testlet/javax/swing/JViewport/setView.lo for gnu.testlet.javax.swing.JViewport.setView
FAIL: gnu.testlet.javax.swing.SwingUtilities.layoutCompoundLabel: BL-text (number 2)
FAIL: gnu.testlet.javax.swing.SwingUtilities.layoutCompoundLabel: BC-text (number 2)
FAIL: gnu.testlet.javax.swing.SwingUtilities.layoutCompoundLabel: BR-text (number 2)
FAIL: Link for gnu.testlet.javax.swing.UIManager.addAuxiliaryLookAndFeel
FAIL: Link for gnu.testlet.javax.swing.UIManager.getAuxiliaryLookAndFeels
FAIL: Compile gnu/testlet/javax/swing/UIManager/getUI.lo for gnu.testlet.javax.swing.UIManager.getUI
FAIL: Link for gnu.testlet.javax.swing.UIManager.setLookAndFeel
FAIL: Compile gnu/testlet/javax/swing/filechooser/FileView/getDescription.lo for gnu.testlet.javax.swing.filechooser.FileView.getDescription
FAIL: Compile gnu/testlet/javax/swing/filechooser/FileView/getIcon.lo for gnu.testlet.javax.swing.filechooser.FileView.getIcon
FAIL: Compile gnu/testlet/javax/swing/filechooser/FileView/getName.lo for gnu.testlet.javax.swing.filechooser.FileView.getName
FAIL: Compile gnu/testlet/javax/swing/filechooser/FileView/getTypeDescription.lo for gnu.testlet.javax.swing.filechooser.FileView.getTypeDescription
FAIL: Compile gnu/testlet/javax/swing/filechooser/FileView/isTraversable.lo for gnu.testlet.javax.swing.filechooser.FileView.isTraversable
FAIL: Compile gnu/testlet/javax/swing/plaf/basic/BasicButtonUI/clearTextShiftOffset.lo for gnu.testlet.javax.swing.plaf.basic.BasicButtonUI.clearTextShiftOffset
FAIL: Compile gnu/testlet/javax/swing/plaf/basic/BasicButtonUI/defaultTextIconGap.lo for gnu.testlet.javax.swing.plaf.basic.BasicButtonUI.defaultTextIconGap
FAIL: Compile gnu/testlet/javax/swing/plaf/basic/BasicButtonUI/defaultTextShiftOffset.lo for gnu.testlet.javax.swing.plaf.basic.BasicButtonUI.defaultTextShiftOffset
FAIL: Compile gnu/testlet/javax/swing/plaf/basic/BasicButtonUI/getPropertyPrefix.lo for gnu.testlet.javax.swing.plaf.basic.BasicButtonUI.getPropertyPrefix
FAIL: Compile gnu/testlet/javax/swing/plaf/basic/BasicButtonUI/getTextShiftOffset.lo for gnu.testlet.javax.swing.plaf.basic.BasicButtonUI.getTextShiftOffset
FAIL: Compile gnu/testlet/javax/swing/plaf/basic/BasicButtonUI/setTextShiftOffset.lo for gnu.testlet.javax.swing.plaf.basic.BasicButtonUI.setTextShiftOffset
FAIL: Compile gnu/testlet/javax/swing/plaf/basic/BasicCheckBoxMenuItemUI/getPropertyPrefix.lo for gnu.testlet.javax.swing.plaf.basic.BasicCheckBoxMenuItemUI.getPropertyPrefix
FAIL: Compile gnu/testlet/javax/swing/plaf/basic/BasicCheckBoxUI/getPropertyPrefix.lo for gnu.testlet.javax.swing.plaf.basic.BasicCheckBoxUI.getPropertyPrefix
FAIL: Compile gnu/testlet/javax/swing/plaf/basic/BasicComboBoxUI/createArrowButton.lo for gnu.testlet.javax.swing.plaf.basic.BasicComboBoxUI.createArrowButton
FAIL: Compile gnu/testlet/javax/swing/plaf/basic/BasicComboBoxUI/createEditor.lo for gnu.testlet.javax.swing.plaf.basic.BasicComboBoxUI.createEditor
FAIL: Compile gnu/testlet/javax/swing/plaf/basic/BasicComboBoxUI/createRenderer.lo for gnu.testlet.javax.swing.plaf.basic.BasicComboBoxUI.createRenderer
FAIL: Compile gnu/testlet/javax/swing/plaf/basic/BasicComboBoxUI/general.lo for gnu.testlet.javax.swing.plaf.basic.BasicComboBoxUI.general
FAIL: Compile gnu/testlet/javax/swing/plaf/basic/BasicComboBoxUI/getDefaultSize.lo for gnu.testlet.javax.swing.plaf.basic.BasicComboBoxUI.getDefaultSize
FAIL: Compile gnu/testlet/javax/swing/plaf/basic/BasicComboBoxUI/getDisplaySize.lo for gnu.testlet.javax.swing.plaf.basic.BasicComboBoxUI.getDisplaySize
FAIL: Compile gnu/testlet/javax/swing/plaf/basic/BasicComboBoxUI/getMinimumSize.lo for gnu.testlet.javax.swing.plaf.basic.BasicComboBoxUI.getMinimumSize
FAIL: gnu.testlet.javax.swing.plaf.basic.BasicComboBoxUI.getPreferredSize: testEditable() (number 1)
FAIL: Compile gnu/testlet/javax/swing/plaf/basic/BasicComboBoxUI/layout.lo for gnu.testlet.javax.swing.plaf.basic.BasicComboBoxUI.layout
FAIL: Compile gnu/testlet/javax/swing/plaf/basic/BasicEditorPaneUI/getPropertyPrefix.lo for gnu.testlet.javax.swing.plaf.basic.BasicEditorPaneUI.getPropertyPrefix
FAIL: gnu.testlet.javax.swing.plaf.basic.BasicFileChooserUI.getGoHomeAction (number 2)
FAIL: Compile gnu/testlet/javax/swing/plaf/basic/BasicFormattedTextFieldUI/getPropertyPrefix.lo for gnu.testlet.javax.swing.plaf.basic.BasicFormattedTextFieldUI.getPropertyPrefix
FAIL: gnu.testlet.javax.swing.plaf.basic.BasicLookAndFeel.initComponentDefaults: AuditoryCues (number 1)
FAIL: gnu.testlet.javax.swing.plaf.basic.BasicLookAndFeel.initComponentDefaults: AuditoryCues (number 2)
FAIL: gnu.testlet.javax.swing.plaf.basic.BasicLookAndFeel.initComponentDefaults: AuditoryCues (number 3)
FAIL: gnu.testlet.javax.swing.plaf.basic.BasicLookAndFeel.initComponentDefaults: CheckBox (number 1)
FAIL: gnu.testlet.javax.swing.plaf.basic.BasicLookAndFeel.initComponentDefaults: CheckBox (number 2)
FAIL: gnu.testlet.javax.swing.plaf.basic.BasicLookAndFeel.initComponentDefaults: FormattedTextField (number 1)
FAIL: gnu.testlet.javax.swing.plaf.basic.BasicLookAndFeel.initComponentDefaults: List (number 1)
FAIL: gnu.testlet.javax.swing.plaf.basic.BasicLookAndFeel.initComponentDefaults: List (number 66)
FAIL: gnu.testlet.javax.swing.plaf.basic.BasicLookAndFeel.initComponentDefaults: Menu (number 12)
FAIL: gnu.testlet.javax.swing.plaf.basic.BasicLookAndFeel.initComponentDefaults: MenuItem (number 6)
FAIL: gnu.testlet.javax.swing.plaf.basic.BasicLookAndFeel.initComponentDefaults: PopupMenu (number 1)
FAIL: gnu.testlet.javax.swing.plaf.basic.BasicLookAndFeel.initComponentDefaults: PopupMenu (number 3)
FAIL: gnu.testlet.javax.swing.plaf.basic.BasicLookAndFeel.initComponentDefaults: PopupMenu (number 4)
FAIL: gnu.testlet.javax.swing.plaf.basic.BasicLookAndFeel.initComponentDefaults: ScrollBar (number 6)
FAIL: gnu.testlet.javax.swing.plaf.basic.BasicLookAndFeel.initComponentDefaults: ScrollBar (number 7)
FAIL: gnu.testlet.javax.swing.plaf.basic.BasicLookAndFeel.initComponentDefaults: Slider (number 25)
FAIL: gnu.testlet.javax.swing.plaf.basic.BasicLookAndFeel.initComponentDefaults: Slider (number 26)
FAIL: gnu.testlet.javax.swing.plaf.basic.BasicLookAndFeel.initComponentDefaults: Slider (number 27)
FAIL: gnu.testlet.javax.swing.plaf.basic.BasicLookAndFeel.initComponentDefaults: Slider (number 28)
FAIL: gnu.testlet.javax.swing.plaf.basic.BasicLookAndFeel.initComponentDefaults: Slider (number 29)
FAIL: gnu.testlet.javax.swing.plaf.basic.BasicLookAndFeel.initComponentDefaults: Slider (number 30)
FAIL: gnu.testlet.javax.swing.plaf.basic.BasicLookAndFeel.initComponentDefaults: Slider (number 31)
FAIL: gnu.testlet.javax.swing.plaf.basic.BasicLookAndFeel.initComponentDefaults: Slider (number 32)
FAIL: gnu.testlet.javax.swing.plaf.basic.BasicLookAndFeel.initComponentDefaults: Spinner (number 1)
FAIL: gnu.testlet.javax.swing.plaf.basic.BasicLookAndFeel.initComponentDefaults: Spinner (number 3)
FAIL: gnu.testlet.javax.swing.plaf.basic.BasicLookAndFeel.initComponentDefaults: SplitPaneDivider (number 1)
FAIL: gnu.testlet.javax.swing.plaf.basic.BasicLookAndFeel.initComponentDefaults: Table (number 2)
FAIL: gnu.testlet.javax.swing.plaf.basic.BasicLookAndFeel.initComponentDefaults: TextArea (number 1)
FAIL: gnu.testlet.javax.swing.plaf.basic.BasicLookAndFeel.initComponentDefaults: Tree (number 70)
FAIL: Link for gnu.testlet.javax.swing.plaf.basic.BasicLookAndFeel.initSystemColorDefaults
FAIL: Compile gnu/testlet/javax/swing/plaf/basic/BasicMenuItemUI/getPropertyPrefix.lo for gnu.testlet.javax.swing.plaf.basic.BasicMenuItemUI.getPropertyPrefix
FAIL: Compile gnu/testlet/javax/swing/plaf/basic/BasicMenuUI/getPropertyPrefix.lo for gnu.testlet.javax.swing.plaf.basic.BasicMenuUI.getPropertyPrefix
FAIL: Compile gnu/testlet/javax/swing/plaf/basic/BasicPasswordFieldUI/getPropertyPrefix.lo for gnu.testlet.javax.swing.plaf.basic.BasicPasswordFieldUI.getPropertyPrefix
FAIL: Compile gnu/testlet/javax/swing/plaf/basic/BasicRadioButtonMenuItemUI/getPropertyPrefix.lo for gnu.testlet.javax.swing.plaf.basic.BasicRadioButtonMenuItemUI.getPropertyPrefix
FAIL: Compile gnu/testlet/javax/swing/plaf/basic/BasicRadioButtonUI/getPropertyPrefix.lo for gnu.testlet.javax.swing.plaf.basic.BasicRadioButtonUI.getPropertyPrefix
FAIL: Compile gnu/testlet/javax/swing/plaf/basic/BasicScrollBarUI/constructor.lo for gnu.testlet.javax.swing.plaf.basic.BasicScrollBarUI.constructor
FAIL: Compile gnu/testlet/javax/swing/plaf/basic/BasicScrollBarUI/createDecreaseButton.lo for gnu.testlet.javax.swing.plaf.basic.BasicScrollBarUI.createDecreaseButton
FAIL: Compile gnu/testlet/javax/swing/plaf/basic/BasicScrollBarUI/createIncreaseButton.lo for gnu.testlet.javax.swing.plaf.basic.BasicScrollBarUI.createIncreaseButton
FAIL: Compile gnu/testlet/javax/swing/plaf/basic/BasicScrollBarUI/getMaximumSize.lo for gnu.testlet.javax.swing.plaf.basic.BasicScrollBarUI.getMaximumSize
FAIL: Compile gnu/testlet/javax/swing/plaf/basic/BasicScrollBarUI/getMaximumThumbSize.lo for gnu.testlet.javax.swing.plaf.basic.BasicScrollBarUI.getMaximumThumbSize
FAIL: Compile gnu/testlet/javax/swing/plaf/basic/BasicScrollBarUI/getMinimumSize.lo for gnu.testlet.javax.swing.plaf.basic.BasicScrollBarUI.getMinimumSize
FAIL: Compile gnu/testlet/javax/swing/plaf/basic/BasicScrollBarUI/getMinimumThumbSize.lo for gnu.testlet.javax.swing.plaf.basic.BasicScrollBarUI.getMinimumThumbSize
FAIL: Compile gnu/testlet/javax/swing/plaf/basic/BasicScrollBarUI/getPreferredSize.lo for gnu.testlet.javax.swing.plaf.basic.BasicScrollBarUI.getPreferredSize
FAIL: Compile gnu/testlet/javax/swing/plaf/basic/BasicScrollBarUI/installDefaults.lo for gnu.testlet.javax.swing.plaf.basic.BasicScrollBarUI.installDefaults
FAIL: Compile gnu/testlet/javax/swing/plaf/basic/BasicScrollBarUI/layoutContainer.lo for gnu.testlet.javax.swing.plaf.basic.BasicScrollBarUI.layoutContainer
FAIL: gnu.testlet.javax.swing.plaf.basic.BasicSeparatorUI.getMaximumSize (number 1)
FAIL: gnu.testlet.javax.swing.plaf.basic.BasicSeparatorUI.getMaximumSize (number 2)
FAIL: gnu.testlet.javax.swing.plaf.basic.BasicSeparatorUI.getMinimumSize (number 1)
FAIL: gnu.testlet.javax.swing.plaf.basic.BasicSeparatorUI.getMinimumSize (number 2)
FAIL: gnu.testlet.javax.swing.plaf.basic.BasicSliderUI.calculateGeometry (number 5)
FAIL: gnu.testlet.javax.swing.plaf.basic.BasicSliderUI.calculateGeometry (number 6)
FAIL: gnu.testlet.javax.swing.plaf.basic.BasicSliderUI.calculateGeometry (number 11)
FAIL: gnu.testlet.javax.swing.plaf.basic.BasicSliderUI.installUI (number 4)
FAIL: gnu.testlet.javax.swing.plaf.basic.BasicSliderUI.installUI (number 5)
FAIL: Link for gnu.testlet.javax.swing.plaf.basic.BasicSliderUI.xPositionForValue
FAIL: Link for gnu.testlet.javax.swing.plaf.basic.BasicSliderUI.yPositionForValue
FAIL: Compile gnu/testlet/javax/swing/plaf/basic/BasicTextAreaUI/getPropertyPrefix.lo for gnu.testlet.javax.swing.plaf.basic.BasicTextAreaUI.getPropertyPrefix
FAIL: Compile gnu/testlet/javax/swing/plaf/basic/BasicTextFieldUI/getPropertyPrefix.lo for gnu.testlet.javax.swing.plaf.basic.BasicTextFieldUI.getPropertyPrefix
FAIL: Compile gnu/testlet/javax/swing/plaf/basic/BasicTextPaneUI/getPropertyPrefix.lo for gnu.testlet.javax.swing.plaf.basic.BasicTextPaneUI.getPropertyPrefix
FAIL: Compile gnu/testlet/javax/swing/plaf/basic/BasicToggleButtonUI/getPropertyPrefix.lo for gnu.testlet.javax.swing.plaf.basic.BasicToggleButtonUI.getPropertyPrefix
FAIL: gnu.testlet.javax.swing.plaf.metal.MetalBorders.ButtonBorder.getBorderInsets: getBorderInsets(Component, Insets) (number 2)
FAIL: gnu.testlet.javax.swing.plaf.metal.MetalBorders.Flush3DBorder.getBorderInsets: getBorderInsets(Component, Insets) (number 2)
FAIL: gnu.testlet.javax.swing.plaf.metal.MetalBorders.InternalFrameBorder.getBorderInsets: getBorderInsets(Component, Insets) (number 2)
FAIL: Compile gnu/testlet/javax/swing/plaf/metal/MetalBorders/MenuBarBorder/borderInsets.lo for gnu.testlet.javax.swing.plaf.metal.MetalBorders.MenuBarBorder.borderInsets
FAIL: Compile gnu/testlet/javax/swing/plaf/metal/MetalBorders/MenuItemBorder/borderInsets.lo for gnu.testlet.javax.swing.plaf.metal.MetalBorders.MenuItemBorder.borderInsets
FAIL: gnu.testlet.javax.swing.plaf.metal.MetalBorders.MenuItemBorder.getBorderInsets: getBorderInsets(Component) (number 1)
FAIL: gnu.testlet.javax.swing.plaf.metal.MetalBorders.MenuItemBorder.getBorderInsets: getBorderInsets(Component, Insets) (number 1)
FAIL: gnu.testlet.javax.swing.plaf.metal.MetalBorders.PaletteBorder.getBorderInsets: getBorderInsets(Component, Insets) (number 2)
FAIL: Compile gnu/testlet/javax/swing/plaf/metal/MetalButtonUI/getDisabledTextColor.lo for gnu.testlet.javax.swing.plaf.metal.MetalButtonUI.getDisabledTextColor
FAIL: Compile gnu/testlet/javax/swing/plaf/metal/MetalButtonUI/getFocusColor.lo for gnu.testlet.javax.swing.plaf.metal.MetalButtonUI.getFocusColor
FAIL: Compile gnu/testlet/javax/swing/plaf/metal/MetalButtonUI/getSelectColor.lo for gnu.testlet.javax.swing.plaf.metal.MetalButtonUI.getSelectColor
FAIL: Compile gnu/testlet/javax/swing/plaf/metal/MetalComboBoxUI/createArrowButton.lo for gnu.testlet.javax.swing.plaf.metal.MetalComboBoxUI.createArrowButton
FAIL: Compile gnu/testlet/javax/swing/plaf/metal/MetalComboBoxUI/getDisplaySize.lo for gnu.testlet.javax.swing.plaf.metal.MetalComboBoxUI.getDisplaySize
FAIL: Compile gnu/testlet/javax/swing/plaf/metal/MetalComboBoxUI/getMinimumSize.lo for gnu.testlet.javax.swing.plaf.metal.MetalComboBoxUI.getMinimumSize
FAIL: Compile gnu/testlet/javax/swing/plaf/metal/MetalComboBoxUI/getPreferredSize.lo for gnu.testlet.javax.swing.plaf.metal.MetalComboBoxUI.getPreferredSize
FAIL: Compile gnu/testlet/javax/swing/plaf/metal/MetalFileChooserUI/createActionMap.lo for gnu.testlet.javax.swing.plaf.metal.MetalFileChooserUI.createActionMap
FAIL: Compile gnu/testlet/javax/swing/plaf/metal/MetalFileChooserUI/createFilterComboBoxModel.lo for gnu.testlet.javax.swing.plaf.metal.MetalFileChooserUI.createFilterComboBoxModel
FAIL: Compile gnu/testlet/javax/swing/plaf/metal/MetalFileChooserUI/getApproveButton.lo for gnu.testlet.javax.swing.plaf.metal.MetalFileChooserUI.getApproveButton
FAIL: Compile gnu/testlet/javax/swing/plaf/metal/MetalFileChooserUI/getBottomPanel.lo for gnu.testlet.javax.swing.plaf.metal.MetalFileChooserUI.getBottomPanel
FAIL: Compile gnu/testlet/javax/swing/plaf/metal/MetalFileChooserUI/getButtonPanel.lo for gnu.testlet.javax.swing.plaf.metal.MetalFileChooserUI.getButtonPanel
FAIL: gnu.testlet.javax.swing.plaf.metal.MetalFileChooserUI.getMinimumSize: uncaught exception: java.lang.NullPointerException
FAIL: gnu.testlet.javax.swing.plaf.metal.MetalFileChooserUI.getPreferredSize: uncaught exception: java.lang.NullPointerException
FAIL: gnu.testlet.javax.swing.plaf.metal.MetalIconFactory.PaletteCloseIcon.getIconHeight (number 1)
FAIL: gnu.testlet.javax.swing.plaf.metal.MetalIconFactory.PaletteCloseIcon.getIconWidth (number 1)
FAIL: gnu.testlet.javax.swing.plaf.metal.MetalIconFactory.getMenuItemCheckIcon (number 1)
FAIL: gnu.testlet.javax.swing.plaf.metal.MetalIconFactory.getMenuItemCheckIcon (number 2)
FAIL: gnu.testlet.javax.swing.plaf.metal.MetalLookAndFeel.getAcceleratorForeground (number 1)
FAIL: gnu.testlet.javax.swing.plaf.metal.MetalLookAndFeel.getDefaults: AuditoryCues (number 1)
FAIL: gnu.testlet.javax.swing.plaf.metal.MetalLookAndFeel.getDefaults: AuditoryCues (number 2)
FAIL: gnu.testlet.javax.swing.plaf.metal.MetalLookAndFeel.getDefaults: AuditoryCues (number 3)
FAIL: gnu.testlet.javax.swing.plaf.metal.MetalLookAndFeel.getDefaults: AuditoryCues (number 4)
FAIL: gnu.testlet.javax.swing.plaf.metal.MetalLookAndFeel.getDefaults: DesktopIcon (number 2)
FAIL: gnu.testlet.javax.swing.plaf.metal.MetalLookAndFeel.getDefaults: DesktopIcon (number 3)
FAIL: gnu.testlet.javax.swing.plaf.metal.MetalLookAndFeel.getDefaults: EditorPane (number 6)
FAIL: gnu.testlet.javax.swing.plaf.metal.MetalLookAndFeel.getDefaults: FormattedTextField (number 2)
FAIL: gnu.testlet.javax.swing.plaf.metal.MetalLookAndFeel.getDefaults: List (number 2)
FAIL: gnu.testlet.javax.swing.plaf.metal.MetalLookAndFeel.getDefaults: List (number 7)
FAIL: gnu.testlet.javax.swing.plaf.metal.MetalLookAndFeel.getDefaults: Menu (number 7)
FAIL: gnu.testlet.javax.swing.plaf.metal.MetalLookAndFeel.getDefaults: Menu (number 17)
FAIL: gnu.testlet.javax.swing.plaf.metal.MetalLookAndFeel.getDefaults: Menu (number 18)
FAIL: gnu.testlet.javax.swing.plaf.metal.MetalLookAndFeel.getDefaults: OptionPane (number 9)
FAIL: gnu.testlet.javax.swing.plaf.metal.MetalLookAndFeel.getDefaults: OptionPane (number 13)
FAIL: gnu.testlet.javax.swing.plaf.metal.MetalLookAndFeel.getDefaults: OptionPane (number 22)
FAIL: gnu.testlet.javax.swing.plaf.metal.MetalLookAndFeel.getDefaults: OptionPane (number 28)
FAIL: gnu.testlet.javax.swing.plaf.metal.MetalLookAndFeel.getDefaults: PasswordField (number 2)
FAIL: gnu.testlet.javax.swing.plaf.metal.MetalLookAndFeel.getDefaults: PopupMenu (number 6)
FAIL: gnu.testlet.javax.swing.plaf.metal.MetalLookAndFeel.getDefaults: PopupMenu (number 7)
FAIL: gnu.testlet.javax.swing.plaf.metal.MetalLookAndFeel.getDefaults: RootPane (number 1)
FAIL: gnu.testlet.javax.swing.plaf.metal.MetalLookAndFeel.getDefaults: RootPane (number 3)
FAIL: gnu.testlet.javax.swing.plaf.metal.MetalLookAndFeel.getDefaults: RootPane (number 4)
FAIL: gnu.testlet.javax.swing.plaf.metal.MetalLookAndFeel.getDefaults: RootPane (number 5)
FAIL: gnu.testlet.javax.swing.plaf.metal.MetalLookAndFeel.getDefaults: RootPane (number 6)
FAIL: gnu.testlet.javax.swing.plaf.metal.MetalLookAndFeel.getDefaults: RootPane (number 7)
FAIL: gnu.testlet.javax.swing.plaf.metal.MetalLookAndFeel.getDefaults: RootPane (number 8)
FAIL: gnu.testlet.javax.swing.plaf.metal.MetalLookAndFeel.getDefaults: RootPane (number 9)
FAIL: gnu.testlet.javax.swing.plaf.metal.MetalLookAndFeel.getDefaults: ScrollBar (number 4)
FAIL: gnu.testlet.javax.swing.plaf.metal.MetalLookAndFeel.getDefaults: ScrollPane (number 2)
FAIL: gnu.testlet.javax.swing.plaf.metal.MetalLookAndFeel.getDefaults: Slider (number 32)
FAIL: gnu.testlet.javax.swing.plaf.metal.MetalLookAndFeel.getDefaults: Slider (number 33)
FAIL: gnu.testlet.javax.swing.plaf.metal.MetalLookAndFeel.getDefaults: Slider (number 34)
FAIL: gnu.testlet.javax.swing.plaf.metal.MetalLookAndFeel.getDefaults: Slider (number 35)
FAIL: gnu.testlet.javax.swing.plaf.metal.MetalLookAndFeel.getDefaults: Slider (number 36)
FAIL: gnu.testlet.javax.swing.plaf.metal.MetalLookAndFeel.getDefaults: Slider (number 37)
FAIL: gnu.testlet.javax.swing.plaf.metal.MetalLookAndFeel.getDefaults: Slider (number 38)
FAIL: gnu.testlet.javax.swing.plaf.metal.MetalLookAndFeel.getDefaults: Slider (number 39)
FAIL: gnu.testlet.javax.swing.plaf.metal.MetalLookAndFeel.getDefaults: Spinner (number 1)
FAIL: gnu.testlet.javax.swing.plaf.metal.MetalLookAndFeel.getDefaults: Spinner (number 2)
FAIL: gnu.testlet.javax.swing.plaf.metal.MetalLookAndFeel.getDefaults: Spinner (number 5)
FAIL: gnu.testlet.javax.swing.plaf.metal.MetalLookAndFeel.getDefaults: SplitPaneDivider (number 2)
FAIL: gnu.testlet.javax.swing.plaf.metal.MetalLookAndFeel.getDefaults: Table (number 2)
FAIL: gnu.testlet.javax.swing.plaf.metal.MetalLookAndFeel.getDefaults: Table (number 9)
FAIL: gnu.testlet.javax.swing.plaf.metal.MetalLookAndFeel.getDefaults: Table (number 10)
FAIL: gnu.testlet.javax.swing.plaf.metal.MetalLookAndFeel.getDefaults: TextArea (number 2)
FAIL: gnu.testlet.javax.swing.plaf.metal.MetalLookAndFeel.getDefaults: TextField (number 2)
FAIL: gnu.testlet.javax.swing.plaf.metal.MetalLookAndFeel.getDefaults: TitledBorder (number 1)
FAIL: gnu.testlet.javax.swing.plaf.metal.MetalLookAndFeel.getDefaults: Tree (number 10)
FAIL: gnu.testlet.javax.swing.plaf.metal.MetalLookAndFeel.setCurrentTheme (number 1)
FAIL: gnu.testlet.javax.swing.plaf.metal.MetalLookAndFeel.setCurrentTheme (number 2)
FAIL: Compile gnu/testlet/javax/swing/plaf/metal/MetalRadioButtonUI/getDisabledTextColor.lo for gnu.testlet.javax.swing.plaf.metal.MetalRadioButtonUI.getDisabledTextColor
FAIL: Compile gnu/testlet/javax/swing/plaf/metal/MetalRadioButtonUI/getFocusColor.lo for gnu.testlet.javax.swing.plaf.metal.MetalRadioButtonUI.getFocusColor
FAIL: Compile gnu/testlet/javax/swing/plaf/metal/MetalRadioButtonUI/getSelectColor.lo for gnu.testlet.javax.swing.plaf.metal.MetalRadioButtonUI.getSelectColor
FAIL: Compile gnu/testlet/javax/swing/plaf/metal/MetalScrollBarUI/constructor.lo for gnu.testlet.javax.swing.plaf.metal.MetalScrollBarUI.constructor
FAIL: Compile gnu/testlet/javax/swing/plaf/metal/MetalScrollBarUI/getMinimumThumbSize.lo for gnu.testlet.javax.swing.plaf.metal.MetalScrollBarUI.getMinimumThumbSize
FAIL: Compile gnu/testlet/javax/swing/plaf/metal/MetalScrollBarUI/getPreferredSize.lo for gnu.testlet.javax.swing.plaf.metal.MetalScrollBarUI.getPreferredSize
FAIL: Compile gnu/testlet/javax/swing/plaf/metal/MetalScrollBarUI/layoutContainer.lo for gnu.testlet.javax.swing.plaf.metal.MetalScrollBarUI.layoutContainer
FAIL: gnu.testlet.javax.swing.plaf.metal.MetalToolTipUI.getAcceleratorString (number 1)
FAIL: gnu.testlet.javax.swing.plaf.metal.MetalToolTipUI.getAcceleratorString (number 2)
FAIL: gnu.testlet.javax.swing.plaf.metal.MetalToolTipUI.getAcceleratorString (number 3)
FAIL: Link for gnu.testlet.javax.swing.table.DefaultTableModel.addRow
FAIL: Link for gnu.testlet.javax.swing.table.DefaultTableModel.insertRow
FAIL: Link for gnu.testlet.javax.swing.table.DefaultTableModel.moveRow
FAIL: Link for gnu.testlet.javax.swing.table.DefaultTableModel.newDataAvailable
FAIL: Link for gnu.testlet.javax.swing.table.DefaultTableModel.removeRow
FAIL: Link for gnu.testlet.javax.swing.table.DefaultTableModel.rowsRemoved
FAIL: Link for gnu.testlet.javax.swing.table.DefaultTableModel.setColumnCount
FAIL: Link for gnu.testlet.javax.swing.table.DefaultTableModel.setColumnIdentifiers
FAIL: Link for gnu.testlet.javax.swing.table.DefaultTableModel.setRowCount
FAIL: Link for gnu.testlet.javax.swing.table.DefaultTableModel.setValueAt
FAIL: gnu.testlet.javax.swing.text.AbstractDocument.ElementChange: remove udpate childrem removed (number 3)
FAIL: gnu.testlet.javax.swing.text.AbstractDocument.ElementChange: remove udpate childrem removed (number 4)
FAIL: gnu.testlet.javax.swing.text.AbstractDocument.ElementChange2: Element Change should be null (number 1)
FAIL: gnu.testlet.javax.swing.text.BoxView.spans (number 2)
FAIL: gnu.testlet.javax.swing.text.BoxView.spans (number 6)
FAIL: gnu.testlet.javax.swing.text.BoxView.spans (number 7)
FAIL: gnu.testlet.javax.swing.text.BoxView.spans (number 8)
FAIL: gnu.testlet.javax.swing.text.BoxView.spans: uncaught exception: java.lang.ArrayIndexOutOfBoundsException
FAIL: gnu.testlet.javax.swing.text.DefaultEditorKit.getActions: number of actions (number 1)
FAIL: gnu.testlet.javax.swing.text.DefaultEditorKit.getActions: caret-next-word (number 1)
FAIL: gnu.testlet.javax.swing.text.DefaultEditorKit.getActions: caret-previous-word (number 1)
FAIL: gnu.testlet.javax.swing.text.DefaultEditorKit.getActions: select-all (number 1)
FAIL: gnu.testlet.javax.swing.text.DefaultEditorKit.getActions: selection-begin (number 1)
FAIL: gnu.testlet.javax.swing.text.DefaultEditorKit.getActions: selection-begin-line (number 1)
FAIL: gnu.testlet.javax.swing.text.DefaultEditorKit.getActions: selection-begin-word (number 1)
FAIL: gnu.testlet.javax.swing.text.DefaultEditorKit.getActions: selection-end (number 1)
FAIL: gnu.testlet.javax.swing.text.DefaultEditorKit.getActions: selection-end-line (number 1)
FAIL: gnu.testlet.javax.swing.text.DefaultEditorKit.getActions: selection-end-word (number 1)
FAIL: gnu.testlet.javax.swing.text.DefaultEditorKit.getActions: selection-next-word (number 1)
FAIL: gnu.testlet.javax.swing.text.DefaultEditorKit.getActions: selection-previous-word (number 1)
FAIL: gnu.testlet.javax.swing.text.DefaultEditorKit.getActions: toggle-componentOrientation (number 1)
FAIL: gnu.testlet.javax.swing.text.DefaultEditorKit.getActions: unselect (number 1)
FAIL: gnu.testlet.javax.swing.text.DefaultEditorKit.getActions: caret-begin (number 1)
FAIL: gnu.testlet.javax.swing.text.DefaultEditorKit.getActions: caret-begin-paragraph (number 1)
FAIL: gnu.testlet.javax.swing.text.DefaultEditorKit.getActions: caret-begin-word (number 1)
FAIL: gnu.testlet.javax.swing.text.DefaultEditorKit.getActions: caret-down (number 1)
FAIL: gnu.testlet.javax.swing.text.DefaultEditorKit.getActions: caret-end (number 1)
FAIL: gnu.testlet.javax.swing.text.DefaultEditorKit.getActions: caret-end-paragraph (number 1)
FAIL: gnu.testlet.javax.swing.text.DefaultEditorKit.getActions: caret-end-word (number 1)
FAIL: gnu.testlet.javax.swing.text.DefaultEditorKit.getActions: caret-up (number 1)
FAIL: gnu.testlet.javax.swing.text.DefaultEditorKit.getActions: dump-model (number 1)
FAIL: gnu.testlet.javax.swing.text.DefaultEditorKit.getActions: page-down (number 1)
FAIL: gnu.testlet.javax.swing.text.DefaultEditorKit.getActions: page-up (number 1)
FAIL: gnu.testlet.javax.swing.text.DefaultEditorKit.getActions: selection-begin-paragraph (number 1)
FAIL: gnu.testlet.javax.swing.text.DefaultEditorKit.getActions: selection-down (number 1)
FAIL: gnu.testlet.javax.swing.text.DefaultEditorKit.getActions: selection-end-paragraph (number 1)
FAIL: gnu.testlet.javax.swing.text.DefaultEditorKit.getActions: selection-page-down (number 1)
FAIL: gnu.testlet.javax.swing.text.DefaultEditorKit.getActions: selection-page-left (number 1)
FAIL: gnu.testlet.javax.swing.text.DefaultEditorKit.getActions: selection-page-right (number 1)
FAIL: gnu.testlet.javax.swing.text.DefaultEditorKit.getActions: selection-page-up (number 1)
FAIL: gnu.testlet.javax.swing.text.DefaultEditorKit.getActions: selection-up (number 1)
FAIL: gnu.testlet.javax.swing.text.DefaultEditorKit.getActions: select-line (number 1)
FAIL: gnu.testlet.javax.swing.text.DefaultEditorKit.getActions: select-paragraph (number 1)
FAIL: gnu.testlet.javax.swing.text.DefaultEditorKit.getActions: select-word (number 1)
FAIL: gnu.testlet.javax.swing.text.DefaultEditorKit.getActions: set-read-only (number 1)
FAIL: gnu.testlet.javax.swing.text.DefaultEditorKit.getActions: set-writable (number 1)
FAIL: Compile gnu/testlet/javax/swing/text/DefaultStyledDocument/ElementBuffer/ElementStructure6^StyledDocument2^ElementBuffer2.lo for gnu.testlet.javax.swing.text.DefaultStyledDocument.ElementBuffer.ElementStructure6
FAIL: gnu.testlet.javax.swing.text.DefaultStyledDocument.ElementBuffer.ElementStructure8: null Exception caught! (number 1)
FAIL: gnu.testlet.javax.swing.text.DefaultStyledDocument.ElementBuffer.insert: testEndTag3 (number 4)
FAIL: gnu.testlet.javax.swing.text.DefaultStyledDocument.ElementBuffer.insert: testEndTag3 (number 7)
FAIL: gnu.testlet.javax.swing.text.DefaultStyledDocument.ElementBuffer.insert: testEndTag4 (number 3)
FAIL: gnu.testlet.javax.swing.text.DefaultStyledDocument.ElementBuffer.insert: testEndTag4 (number 12)
FAIL: gnu.testlet.javax.swing.text.SimpleAttributeSet.EMPTY: EMPTY (number 3)
FAIL: gnu.testlet.javax.swing.text.SimpleAttributeSet.constructors: SimpleAttributeSet(AttributeSet) (number 12)
FAIL: gnu.testlet.javax.swing.text.SimpleAttributeSet.containsAttribute: containsAttribute() (number 8)
FAIL: gnu.testlet.javax.swing.text.SimpleAttributeSet.containsAttribute: containsAttribute() (number 10)
FAIL: gnu.testlet.javax.swing.text.StyleConstants.getAlignment (number 3)
FAIL: gnu.testlet.javax.swing.text.StyleConstants.getBackground (number 1)
FAIL: gnu.testlet.javax.swing.text.StyleConstants.getBackground (number 3)
FAIL: gnu.testlet.javax.swing.text.StyleConstants.getBidiLevel (number 3)
FAIL: gnu.testlet.javax.swing.text.StyleConstants.getComponent (number 3)
FAIL: gnu.testlet.javax.swing.text.StyleConstants.getFirstLineIndent (number 3)
FAIL: gnu.testlet.javax.swing.text.StyleConstants.getFontFamily (number 3)
FAIL: gnu.testlet.javax.swing.text.StyleConstants.getFontSize (number 3)
FAIL: gnu.testlet.javax.swing.text.StyleConstants.getForeground (number 3)
FAIL: gnu.testlet.javax.swing.text.StyleConstants.getIcon (number 3)
FAIL: gnu.testlet.javax.swing.text.StyleConstants.getLeftIndent (number 3)
FAIL: gnu.testlet.javax.swing.text.StyleConstants.getLineSpacing (number 3)
FAIL: gnu.testlet.javax.swing.text.StyleConstants.getRightIndent (number 3)
FAIL: gnu.testlet.javax.swing.text.StyleConstants.getSpaceAbove (number 3)
FAIL: gnu.testlet.javax.swing.text.StyleConstants.getSpaceBelow (number 3)
FAIL: gnu.testlet.javax.swing.text.StyleConstants.getTabSet (number 3)
FAIL: gnu.testlet.javax.swing.text.StyleConstants.isBold (number 3)
FAIL: gnu.testlet.javax.swing.text.StyleConstants.isItalic (number 3)
FAIL: gnu.testlet.javax.swing.text.StyleConstants.isStrikeThrough (number 3)
FAIL: gnu.testlet.javax.swing.text.StyleConstants.isSubscript (number 3)
FAIL: gnu.testlet.javax.swing.text.StyleConstants.isSuperscript (number 3)
FAIL: gnu.testlet.javax.swing.text.StyleConstants.isUnderline (number 3)
FAIL: gnu.testlet.javax.swing.text.TextAction.augmentList: invalid content (number 1)
FAIL: gnu.testlet.javax.swing.text.TextAction.augmentList: invalid content (number 1)
FAIL: gnu.testlet.javax.swing.text.html.HTML.ElementTagAttributeTest: Exception caught (number 1)
FAIL: gnu.testlet.javax.swing.text.html.parser.ParserDelegator.Text: normal (number 1)
FAIL: gnu.testlet.javax.swing.text.html.parser.ParserDelegator.Text: single word (number 1)
FAIL: gnu.testlet.javax.swing.text.html.parser.ParserDelegator.Text: line breaks (number 1)
FAIL: gnu.testlet.javax.swing.text.html.parser.ParserDelegator.Text: pre (number 1)
FAIL: gnu.testlet.javax.swing.text.html.parser.ParserDelegator.Text: pre (number 1)
FAIL: gnu.testlet.javax.swing.text.html.parser.ParserDelegator.Text: pre, single word (number 1)
FAIL: gnu.testlet.javax.swing.text.html.parser.ParserDelegator.Text: pre, single word with line breaks around (number 1)
FAIL: gnu.testlet.javax.swing.text.html.parser.ParserDelegator.Text: pre, line breaks (number 1)
FAIL: gnu.testlet.javax.swing.text.html.parser.ParserDelegator.Text: pre (number 1)
FAIL: gnu.testlet.javax.swing.text.html.parser.ParserDelegator.Text: textarea, single word with line breaks around (number 1)
FAIL: gnu.testlet.javax.swing.text.html.parser.ParserDelegator.Text: textarea, singe word (number 1)
FAIL: gnu.testlet.javax.swing.text.html.parser.ParserDelegator.Text:  textarea (number 1)
FAIL: gnu.testlet.javax.swing.text.html.parser.ParserDelegator.parsingTester: subseqent tags (number 1)
FAIL: gnu.testlet.javax.swing.text.html.parser.ParserDelegator.parsingTester: Attributes without value (number 1)
FAIL: Link for gnu.testlet.javax.swing.text.html.parser.ParserDelegator.randomTables
FAIL: Link for gnu.testlet.javax.swing.text.html.parser.ParserDelegator.tokenLocations
FAIL: gnu.testlet.javax.xml.parsers.DocumentBuilder.parseSimpleXML: simple xml with text nodes (number 1)
FAIL: gnu.testlet.javax.xml.parsers.DocumentBuilder.parseSimpleXML: comment (number 1)
FAIL: gnu.testlet.javax.xml.parsers.DocumentBuilder.parseSimpleXML: subsequent comments (number 1)
FAIL: gnu.testlet.locales.LocaleTest: DateFormat.DEFAULT de_DE (number 1)
FAIL: gnu.testlet.locales.LocaleTest: DateFormat.SHORT de_DE (number 1)
FAIL: gnu.testlet.locales.LocaleTest: DateFormat.MEDIUM de_DE (number 1)
FAIL: gnu.testlet.locales.LocaleTest: DateFormat.DEFAULT == DateFormat.MEDIUM de_DE (number 1)
FAIL: gnu.testlet.locales.LocaleTest: DateFormat.LONG de_DE (number 1)
FAIL: gnu.testlet.locales.LocaleTest: uncaught exception at "numberformats locale: de_DE" number 6: java.lang.IllegalArgumentException: The currency code, DM, is not supported.
FAIL: gnu.testlet.org.w3c.dom.childNodesLength: gnu.xml.dom.DomText (number 1)
FAIL: gnu.testlet.org.w3c.dom.childNodesLength: gnu.xml.dom.DomComment (number 1)
FAIL: gnu.testlet.org.w3c.dom.childNodesLength: gnu.xml.dom.DomText (number 1)
FAIL: gnu.testlet.org.w3c.dom.childNodesLength: gnu.xml.dom.DomText (number 1)
FAIL: gnu.testlet.org.w3c.dom.childNodesLength: gnu.xml.dom.DomText (number 1)
FAIL: gnu.testlet.org.w3c.dom.childNodesLength: gnu.xml.dom.DomText (number 1)

		=== libjava Summary ===

# of expected passes		54882
# of unexpected failures	665
# of unexpected successes	14
# of expected failures		782
# of untested testcases		8
		=== libstdc++ tests ===


Running target unix
XPASS: 23_containers/vector/resize/1.cc execution test
FAIL: 25_algorithms/prev_permutation/1.cc execution test
FAIL: 26_numerics/complex/13450.cc execution test
XPASS: 27_io/ios_base/storage/2.cc execution test
FAIL: 27_io/objects/char/6.cc execution test
FAIL: 27_io/objects/wchar_t/6.cc execution test

		=== libstdc++ Summary ===

# of expected passes		3489
# of unexpected failures	4
# of unexpected successes	2
# of expected failures		11
# of unsupported tests		323

Compiler version: 4.2.0 20060226 (experimental) 
Platform: powerpc-apple-darwin8.5.0
configure flags: --prefix=/Volumes/development/gcc/head/testbin --enable-java-awt=gtk,xlib,qt --enable-gtk-cairo --disable-checking --with-qt4dir=/usr/local/Trolltech/Qt-4.1.0 --enable-libjava-build --disable-multilib --disable-static --enable-languages=c,c++,fortran,java,objc

Index Nav: [Date Index] [Subject Index] [Author Index] [Thread Index]
Message Nav: [Date Prev] [Date Next] [Thread Prev] [Thread Next]