This is the mail archive of the gcc-testresults@gcc.gnu.org mailing list for the GCC project.


Index Nav: [Date Index] [Subject Index] [Author Index] [Thread Index]
Message Nav: [Date Prev] [Date Next] [Thread Prev] [Thread Next]
Other format: [Raw text]

Results for 4.0.3 20060226 (prerelease) testsuite on i686-redhat-linux-gnu


LAST_UPDATED: Sun Feb 26 18:36:33 UTC 2006 (revision 111454)

Native configuration is i686-redhat-linux-gnu

=== gcc tests ===


Running target unix
XPASS: gcc.dg/vect/vect-22.c scan-tree-dump-times vectorized 3 loops 1

=== gcc Summary ===

# of expected passes 35535
# of unexpected successes 1
# of expected failures 94
# of untested testcases 28
# of unsupported tests 326
/home/testbot/bootstrap/000832/bld/gcc/xgcc version 4.0.3 20060226 (prerelease)

=== gfortran tests ===


Running target unix

=== gfortran Summary ===

# of expected passes 8858
# of expected failures 1
/home/testbot/bootstrap/000832/bld/gcc/testsuite/../gfortran version 4.0.3 20060226 (prerelease)

=== g++ tests ===


Running target unix
FAIL: g++.dg/opt/mmx2.C (test for excess errors)
XPASS: g++.old-deja/g++.other/init5.C execution test

=== g++ Summary ===

# of expected passes 11458
# of unexpected failures 1
# of unexpected successes 1
# of expected failures 69
# of unsupported tests 56
/home/testbot/bootstrap/000832/bld/gcc/testsuite/../g++ version 4.0.3 20060226 (prerelease)

=== objc tests ===


Running target unix

=== objc Summary ===

# of expected passes 1554
# of unsupported tests 10
/home/testbot/bootstrap/000832/bld/gcc/xgcc version 4.0.3 20060226 (prerelease)

=== libffi tests ===


Running target unix

=== libffi Summary ===

# of expected passes 219
# of unsupported tests 2
=== libjava tests ===


Running target unix

=== libjava Summary ===

# of expected passes 3899
# of expected failures 10
# of untested testcases 8
=== libmudflap tests ===


Running target unix
FAIL: libmudflap.cth/pass40-frag.c execution test
FAIL: libmudflap.cth/pass40-frag.c output pattern test
FAIL: libmudflap.cth/pass40-frag.c (-O2) execution test
FAIL: libmudflap.cth/pass40-frag.c (-O2) output pattern test
FAIL: libmudflap.cth/pass40-frag.c (-O3) execution test
FAIL: libmudflap.cth/pass40-frag.c (-O3) output pattern test

=== libmudflap Summary ===

# of expected passes 1282
# of unexpected failures 6
=== libstdc++ tests ===


Running target unix
XPASS: 22_locale/locale/cons/12658_thread-1.cc execution test
XPASS: 26_numerics/cmath/c99_classification_macros_c.cc (test for excess errors)

=== libstdc++ Summary ===

# of expected passes 3713
# of unexpected successes 2
# of expected failures 12

Compiler version: 4.0.3 20060226 (prerelease)
Platform: i686-redhat-linux-gnu
configure flags: --prefix=/home/testbot/bootstrap/000832/usr --program-suffix=-40 -enable-shared --enable-threads=posix --enable-checking --with-system-zlib --enable-__cxa_atexit --host=i686-redhat-linux --enable-languages=c,c++,f95,java,objc


Index Nav: [Date Index] [Subject Index] [Author Index] [Thread Index]
Message Nav: [Date Prev] [Date Next] [Thread Prev] [Thread Next]