This is the mail archive of the
gcc-testresults@gcc.gnu.org
mailing list for the GCC project.
Results for 4.2.0 20060224 (experimental) testsuite on powerpc64-suse-linux-gnu
- From: aj at suse dot de (Andreas Jaeger)
- To: gcc-testresults at gcc dot gnu dot org
- Date: Fri, 24 Feb 2006 14:48:04 UT
- Subject: Results for 4.2.0 20060224 (experimental) testsuite on powerpc64-suse-linux-gnu
Bootstrap and regtesting on powerpc64-suse-linux-gnu.
SVN sources: mainline.
LAST_UPDATED: Fri Feb 24 08:09:18 UTC 2006 (revision 111415)
Native configuration is powerpc64-suse-linux-gnu
=== gcc tests ===
Running target unix/-m64
FAIL: gcc.dg/cleanup-10.c execution test
FAIL: gcc.dg/cleanup-11.c execution test
FAIL: gcc.dg/cleanup-8.c execution test
FAIL: gcc.dg/cleanup-9.c execution test
FAIL: gcc.dg/tree-ssa/20030730-1.c scan-tree-dump-times if 0
FAIL: gcc.dg/tree-ssa/20030730-2.c scan-tree-dump-times if 0
FAIL: gcc.dg/tree-ssa/20030807-2.c scan-tree-dump-times if 0
XPASS: gcc.dg/tree-ssa/sra-2.c scan-tree-dump-times link_error 0
FAIL: gcc.dg/vect/pr20122.c scan-tree-dump-times vectorized 1 loops 2
FAIL: gcc.dg/vmx/3c-01a.c -O1 (test for excess errors)
=== gcc Summary for unix/-m64 ===
# of expected passes 39720
# of unexpected failures 9
# of unexpected successes 1
# of expected failures 109
# of untested testcases 28
# of unsupported tests 424
Running target unix
FAIL: gcc.dg/20020103-1.c scan-assembler-not LC[0-9]
FAIL: gcc.dg/cleanup-10.c execution test
FAIL: gcc.dg/cleanup-11.c execution test
FAIL: gcc.dg/cleanup-8.c execution test
FAIL: gcc.dg/cleanup-9.c execution test
FAIL: gcc.dg/tree-ssa/20030730-1.c scan-tree-dump-times if 0
FAIL: gcc.dg/tree-ssa/20030730-2.c scan-tree-dump-times if 0
FAIL: gcc.dg/tree-ssa/20030807-2.c scan-tree-dump-times if 0
FAIL: gcc.dg/vect/pr20122.c scan-tree-dump-times vectorized 1 loops 2
FAIL: gcc.dg/vmx/3c-01a.c -O1 (test for excess errors)
FAIL: gcc.target/powerpc/980827-1.c execution test
FAIL: gcc.target/powerpc/pr18096-1.c stack frame too large (test for warnings, line 11)
FAIL: gcc.target/powerpc/pr18096-1.c (test for excess errors)
=== gcc Summary for unix ===
# of expected passes 39862
# of unexpected failures 13
# of expected failures 108
# of untested testcases 28
# of unsupported tests 359
=== gcc Summary ===
# of expected passes 79582
# of unexpected failures 22
# of unexpected successes 1
# of expected failures 217
# of untested testcases 56
# of unsupported tests 783
/abuild/aj/gcc/gcc/xgcc version 4.2.0 20060224 (experimental)
=== gfortran tests ===
Running target unix/-m64
FAIL: gfortran.dg/g77/20010610.f -O3 -fomit-frame-pointer -funroll-loops (test for excess errors)
WARNING: gfortran.dg/g77/20010610.f -O3 -fomit-frame-pointer -funroll-loops compilation failed to produce executable
FAIL: gfortran.dg/g77/20010610.f -O3 -fomit-frame-pointer -funroll-all-loops -finline-functions (test for excess errors)
WARNING: gfortran.dg/g77/20010610.f -O3 -fomit-frame-pointer -funroll-all-loops -finline-functions compilation failed to produce executable
=== gfortran Summary for unix/-m64 ===
# of expected passes 11920
# of unexpected failures 2
# of expected failures 20
# of unsupported tests 58
Running target unix
=== gfortran Summary for unix ===
# of expected passes 11895
# of expected failures 17
# of unsupported tests 74
=== gfortran Summary ===
# of expected passes 23815
# of unexpected failures 2
# of expected failures 37
# of unsupported tests 132
/abuild/aj/gcc/gcc/testsuite/gfortran/../../gfortran version 4.2.0 20060224 (experimental)
=== g++ tests ===
Running target unix/-m64
FAIL: g++.dg/init/ctor4.C (test for excess errors)
FAIL: g++.dg/parse/register1.C (test for excess errors)
FAIL: g++.old-deja/g++.brendan/warnings4.C (test for excess errors)
FAIL: g++.old-deja/g++.jason/overload34.C (test for excess errors)
FAIL: g++.old-deja/g++.mike/p11110.C (test for excess errors)
=== g++ Summary for unix/-m64 ===
# of expected passes 12048
# of unexpected failures 5
# of expected failures 65
# of unsupported tests 95
Running target unix
FAIL: g++.dg/init/ctor4.C (test for excess errors)
FAIL: g++.dg/parse/register1.C (test for excess errors)
FAIL: g++.old-deja/g++.brendan/warnings4.C (test for excess errors)
FAIL: g++.old-deja/g++.jason/overload34.C (test for excess errors)
FAIL: g++.old-deja/g++.mike/p11110.C (test for excess errors)
=== g++ Summary for unix ===
# of expected passes 12086
# of unexpected failures 5
# of expected failures 65
# of unsupported tests 92
=== g++ Summary ===
# of expected passes 24134
# of unexpected failures 10
# of expected failures 130
# of unsupported tests 187
/abuild/aj/gcc/gcc/testsuite/g++/../../g++ version 4.2.0 20060224 (experimental)
=== objc tests ===
Running target unix/-m64
=== objc Summary for unix/-m64 ===
# of expected passes 1747
# of expected failures 7
# of unsupported tests 23
Running target unix
=== objc Summary for unix ===
# of expected passes 1747
# of expected failures 7
# of unsupported tests 23
=== objc Summary ===
# of expected passes 3494
# of expected failures 14
# of unsupported tests 46
/abuild/aj/gcc/gcc/xgcc version 4.2.0 20060224 (experimental)
=== treelang tests ===
Running target unix/-m64
FAIL: treelang/compile/badreturn.tree (test for errors, line 13)
FAIL: treelang/compile/badreturn.tree (test for excess errors)
FAIL: treelang/compile/exit.tree (test for excess errors)
FAIL: treelang/compile/extrafunc.tree (test for warnings, line 14)
FAIL: treelang/compile/extrafunc.tree (test for excess errors)
FAIL: treelang/compile/extravar.tree (test for warnings, line 5)
FAIL: treelang/compile/extravar.tree (test for excess errors)
FAIL: treelang/compile/extref.tree (test for excess errors)
FAIL: treelang/compile/full_unit.tree (test for excess errors)
ERROR: treelang/compile/full_unit.tree: error executing dg-final: couldn't open "full_unit.s": no such file or directory
UNRESOLVED: treelang/compile/full_unit.tree: error executing dg-final: couldn't open "full_unit.s": no such file or directory
FAIL: treelang/compile/function-1.tree (test for excess errors)
FAIL: treelang/compile/memory.tree (test for excess errors)
FAIL: treelang/compile/tabs.tree (test for excess errors)
FAIL: treelang/compile/unsigned.tree (test for excess errors)
FAIL: treelang/compile/var_defs.tree (test for warnings, line 17)
FAIL: treelang/compile/var_defs.tree (test for warnings, line 22)
FAIL: treelang/compile/var_defs.tree (test for excess errors)
FAIL: treelang/execute/funccall-2.tree (test for excess errors)
WARNING: treelang/execute/funccall-2.tree compilation failed to produce executable
FAIL: treelang/execute/funccall.tree (test for excess errors)
WARNING: treelang/execute/funccall.tree compilation failed to produce executable
FAIL: treelang/execute/initial.tree (test for excess errors)
WARNING: treelang/execute/initial.tree compilation failed to produce executable
FAIL: treelang/execute/main.tree (test for excess errors)
WARNING: treelang/execute/main.tree compilation failed to produce executable
FAIL: treelang/execute/static.tree (test for excess errors)
WARNING: treelang/execute/static.tree compilation failed to produce executable
FAIL: treelang/output-1, {}
=== treelang Summary for unix/-m64 ===
# of expected passes 20
# of unexpected failures 22
# of unresolved testcases 1
Running target unix
=== treelang Summary for unix ===
# of expected passes 50
=== treelang Summary ===
# of expected passes 70
# of unexpected failures 22
# of unresolved testcases 1
=== libffi tests ===
Running target unix/-m64
=== libffi Summary for unix/-m64 ===
# of expected passes 266
# of unsupported tests 2
Running target unix
=== libffi Summary for unix ===
# of expected passes 266
# of unsupported tests 2
=== libffi Summary ===
# of expected passes 532
# of unsupported tests 4
=== libgomp tests ===
Running target unix/-m64
=== libgomp Summary for unix/-m64 ===
# of expected passes 1071
Running target unix
=== libgomp Summary for unix ===
# of expected passes 1071
=== libgomp Summary ===
# of expected passes 2142
=== libjava tests ===
Running target unix/-m64
=== libjava Summary for unix/-m64 ===
# of expected passes 4047
# of expected failures 10
# of untested testcases 8
Running target unix
=== libjava Summary for unix ===
# of expected passes 4047
# of expected failures 10
# of untested testcases 8
=== libjava Summary ===
# of expected passes 8094
# of expected failures 20
# of untested testcases 16
=== libmudflap tests ===
Running target unix/-m64
FAIL: libmudflap.c/fail27-frag.c output pattern test
FAIL: libmudflap.c/fail27-frag.c (-O2) output pattern test
FAIL: libmudflap.c/fail27-frag.c (-O3) output pattern test
WARNING: program timed out.
FAIL: libmudflap.cth/pass37-frag.c (rerun 6) execution test
FAIL: libmudflap.cth/pass37-frag.c (rerun 6) output pattern test
WARNING: program timed out.
FAIL: libmudflap.cth/pass37-frag.c (rerun 8) execution test
FAIL: libmudflap.cth/pass37-frag.c (rerun 8) output pattern test
WARNING: program timed out.
FAIL: libmudflap.cth/pass37-frag.c (rerun 9) execution test
FAIL: libmudflap.cth/pass37-frag.c (rerun 9) output pattern test
WARNING: program timed out.
FAIL: libmudflap.cth/pass37-frag.c (rerun 10) execution test
FAIL: libmudflap.cth/pass37-frag.c (rerun 10) output pattern test
WARNING: program timed out.
FAIL: libmudflap.cth/pass37-frag.c (rerun 11) execution test
FAIL: libmudflap.cth/pass37-frag.c (rerun 11) output pattern test
WARNING: program timed out.
FAIL: libmudflap.cth/pass39-frag.c execution test
FAIL: libmudflap.cth/pass39-frag.c output pattern test
WARNING: program timed out.
FAIL: libmudflap.cth/pass39-frag.c (rerun 1) execution test
FAIL: libmudflap.cth/pass39-frag.c (rerun 1) output pattern test
WARNING: program timed out.
FAIL: libmudflap.cth/pass39-frag.c (rerun 2) execution test
FAIL: libmudflap.cth/pass39-frag.c (rerun 2) output pattern test
WARNING: program timed out.
FAIL: libmudflap.cth/pass39-frag.c (rerun 3) execution test
FAIL: libmudflap.cth/pass39-frag.c (rerun 3) output pattern test
WARNING: program timed out.
FAIL: libmudflap.cth/pass39-frag.c (-O3) (rerun 5) execution test
FAIL: libmudflap.cth/pass39-frag.c (-O3) (rerun 5) output pattern test
WARNING: program timed out.
FAIL: libmudflap.cth/pass39-frag.c (-O3) (rerun 6) execution test
FAIL: libmudflap.cth/pass39-frag.c (-O3) (rerun 6) output pattern test
WARNING: program timed out.
FAIL: libmudflap.cth/pass39-frag.c (-O3) (rerun 7) execution test
FAIL: libmudflap.cth/pass39-frag.c (-O3) (rerun 7) output pattern test
WARNING: program timed out.
FAIL: libmudflap.cth/pass39-frag.c (-O3) (rerun 9) execution test
FAIL: libmudflap.cth/pass39-frag.c (-O3) (rerun 9) output pattern test
=== libmudflap Summary for unix/-m64 ===
# of expected passes 1760
# of unexpected failures 29
Running target unix
=== libmudflap Summary for unix ===
# of expected passes 1789
=== libmudflap Summary ===
# of expected passes 3549
# of unexpected failures 29
=== libstdc++ tests ===
Running target unix/-m64
FAIL: abi_check
FAIL: 22_locale/messages/members/char/1.cc execution test
FAIL: 22_locale/messages/members/char/2.cc execution test
FAIL: 22_locale/messages/members/char/wrapped_env.cc execution test
FAIL: 22_locale/messages/members/char/wrapped_locale.cc execution test
FAIL: 22_locale/messages_byname/named_equivalence.cc execution test
FAIL: 25_algorithms/prev_permutation/1.cc execution test
XPASS: 26_numerics/cmath/c99_classification_macros_c.cc (test for excess errors)
XPASS: 27_io/fpos/14320-1.cc execution test
=== libstdc++ Summary for unix/-m64 ===
# of expected passes 4127
# of unexpected failures 7
# of unexpected successes 2
# of expected failures 11
Running target unix
FAIL: abi_check
FAIL: 25_algorithms/prev_permutation/1.cc execution test
XPASS: 26_numerics/cmath/c99_classification_macros_c.cc (test for excess errors)
=== libstdc++ Summary for unix ===
# of expected passes 4132
# of unexpected failures 2
# of unexpected successes 1
# of expected failures 12
=== libstdc++ Summary ===
# of expected passes 8259
# of unexpected failures 9
# of unexpected successes 3
# of expected failures 23
Compiler version: 4.2.0 20060224 (experimental)
Platform: powerpc64-suse-linux-gnu
configure flags: --prefix=/opt/gcc/4.2-devel --enable-checking=yes,rtl --enable-threads=posix --enable-clocale=gnu --enable-__cxa_atexit --enable-shared --with-system-zlib --with-cpu=default32 powerpc64-suse-linux-gnu --enable-languages=c,c++,fortran,java,objc,treelang
Version of binutils: GNU ld version 2.16.91.0.5 20051219 (SUSE Linux)
Version of glibc (/lib/libc.so.6): 2.3.5 (20050802)