This is the mail archive of the
gcc-testresults@gcc.gnu.org
mailing list for the GCC project.
Results for 4.2.0 20060221 (experimental) testsuite on x86_64-redhat-linux-gnu
- From: Grigory Zagorodnev <grigory_zagorodnev at linux dot intel dot com>
- To: gcc-testresults at gcc dot gnu dot org
- Date: Tue, 21 Feb 2006 22:43:02 +0300 (MSK)
- Subject: Results for 4.2.0 20060221 (experimental) testsuite on x86_64-redhat-linux-gnu
LAST_UPDATED: Tue Feb 21 13:03:02 UTC 2006 (revision 111332)
Native configuration is x86_64-redhat-linux-gnu
=== gcc tests ===
Running target unix
WARNING: program timed out.
FAIL: gcc.c-torture/compile/20001226-1.c -O0 (test for excess errors)
WARNING: gcc.dg/torture/fp-int-convert-float128-timode.c -O0 compilation failed to produce executable
WARNING: gcc.dg/torture/fp-int-convert-float128-timode.c -O1 compilation failed to produce executable
WARNING: gcc.dg/torture/fp-int-convert-float128-timode.c -O2 compilation failed to produce executable
WARNING: gcc.dg/torture/fp-int-convert-float128-timode.c -O3 -fomit-frame-pointer compilation failed to produce executable
WARNING: gcc.dg/torture/fp-int-convert-float128-timode.c -O3 -g compilation failed to produce executable
WARNING: gcc.dg/torture/fp-int-convert-float128-timode.c -Os compilation failed to produce executable
WARNING: gcc.dg/torture/fp-int-convert-float128.c -O0 compilation failed to produce executable
WARNING: gcc.dg/torture/fp-int-convert-float128.c -O1 compilation failed to produce executable
WARNING: gcc.dg/torture/fp-int-convert-float128.c -O2 compilation failed to produce executable
WARNING: gcc.dg/torture/fp-int-convert-float128.c -O3 -fomit-frame-pointer compilation failed to produce executable
WARNING: gcc.dg/torture/fp-int-convert-float128.c -O3 -g compilation failed to produce executable
WARNING: gcc.dg/torture/fp-int-convert-float128.c -Os compilation failed to produce executable
FAIL: gcc.dg/tree-ssa/20030730-1.c scan-tree-dump-times if 0
FAIL: gcc.dg/tree-ssa/20030730-2.c scan-tree-dump-times if 0
FAIL: gcc.dg/tree-ssa/20030807-2.c scan-tree-dump-times if 0
=== gcc Summary ===
# of expected passes 38855
# of unexpected failures 4
# of expected failures 121
# of untested testcases 28
# of unsupported tests 378
/home/testbot/bootstrap/000674/bld/gcc/xgcc version 4.2.0 20060221 (experimental)
=== gfortran tests ===
Running target unix
=== gfortran Summary ===
# of expected passes 11994
# of expected failures 20
# of unsupported tests 16
/home/testbot/bootstrap/000674/bld/gcc/testsuite/gfortran/../../gfortran version 4.2.0 20060221 (experimental)
=== g++ tests ===
Running target unix
FAIL: g++.dg/init/ctor4.C (test for excess errors)
FAIL: g++.dg/parse/register1.C (test for excess errors)
FAIL: g++.old-deja/g++.brendan/warnings4.C (test for excess errors)
FAIL: g++.old-deja/g++.jason/overload34.C (test for excess errors)
FAIL: g++.old-deja/g++.mike/p11110.C (test for excess errors)
XPASS: g++.old-deja/g++.other/init5.C execution test
=== g++ Summary ===
# of expected passes 11972
# of unexpected failures 5
# of unexpected successes 1
# of expected failures 65
# of unsupported tests 96
/home/testbot/bootstrap/000674/bld/gcc/testsuite/g++/../../g++ version 4.2.0 20060221 (experimental)
=== objc tests ===
Running target unix
=== objc Summary ===
# of expected passes 1747
# of expected failures 7
# of unsupported tests 23
/home/testbot/bootstrap/000674/bld/gcc/xgcc version 4.2.0 20060221 (experimental)
=== libffi tests ===
Running target unix
=== libffi Summary ===
# of expected passes 266
# of unsupported tests 2
=== libgomp tests ===
Running target unix
=== libgomp Summary ===
# of expected passes 1071
=== libjava tests ===
Running target unix
=== libjava Summary ===
# of expected passes 4047
# of expected failures 10
# of untested testcases 8
=== libmudflap tests ===
Running target unix
=== libmudflap Summary ===
# of expected passes 1789
=== libstdc++ tests ===
Running target unix
XPASS: 26_numerics/cmath/c99_classification_macros_c.cc (test for excess errors)
XPASS: 27_io/fpos/14320-1.cc execution test
=== libstdc++ Summary ===
# of expected passes 4131
# of unexpected successes 2
# of expected failures 11
Compiler version: 4.2.0 20060221 (experimental)
Platform: x86_64-redhat-linux-gnu
configure flags: --prefix=/home/testbot/bootstrap/000674/usr --program-suffix=-42 -enable-shared --enable-threads=posix --enable-checking --with-system-zlib --enable-__cxa_atexit --host=x86_64-redhat-linux --enable-languages=c,c++,fortran,java,objc