This is the mail archive of the
gcc-testresults@gcc.gnu.org
mailing list for the GCC project.
Results for 4.1.0 20060219 (prerelease) testsuite on i386-pc-solaris2.10
- From: Super-User <root at dev-zero dot rdu dot stratech dot com>
- To: gcc-testresults at gcc dot gnu dot org
- Date: Mon, 20 Feb 2006 16:25:21 -0500 (EST)
- Subject: Results for 4.1.0 20060219 (prerelease) testsuite on i386-pc-solaris2.10
LAST_UPDATED: Obtained from SVN: branches/gcc-4_1-branch revision 111279
Native configuration is i386-pc-solaris2.10
=== g++ tests ===
Running target unix
ERROR: g++.dg/abi/rtti1.C: error executing dg-final: couldn't execute "c++filt": no such file or directory
UNRESOLVED: g++.dg/abi/rtti1.C: error executing dg-final: couldn't execute "c++filt": no such file or directory
FAIL: g++.dg/eh/simd-1.C (test for excess errors)
WARNING: g++.dg/eh/simd-1.C compilation failed to produce executable
XPASS: g++.dg/other/ucnid-1.C (test for excess errors)
XPASS: g++.dg/tree-ssa/pr14814.C scan-tree-dump-times &this 0
=== g++ Summary ===
# of expected passes 11918
# of unexpected failures 1
# of unexpected successes 2
# of expected failures 67
# of unresolved testcases 1
# of unsupported tests 104
/var/tmp/gcc-4.1.0-20060219/build-dir/gcc/testsuite/../g++ version 4.1.0 20060219 (prerelease)
=== gcc tests ===
Running target unix
FAIL: gcc.c-torture/execute/20050316-1.c compilation, -O0
UNRESOLVED: gcc.c-torture/execute/20050316-1.c execution, -O0
FAIL: gcc.c-torture/execute/20050316-1.c compilation, -O1
UNRESOLVED: gcc.c-torture/execute/20050316-1.c execution, -O1
FAIL: gcc.c-torture/execute/20050316-1.c compilation, -O2
UNRESOLVED: gcc.c-torture/execute/20050316-1.c execution, -O2
FAIL: gcc.c-torture/execute/20050316-1.c compilation, -O3 -fomit-frame-pointer
UNRESOLVED: gcc.c-torture/execute/20050316-1.c execution, -O3 -fomit-frame-pointer
FAIL: gcc.c-torture/execute/20050316-1.c compilation, -O3 -g
UNRESOLVED: gcc.c-torture/execute/20050316-1.c execution, -O3 -g
FAIL: gcc.c-torture/execute/20050316-1.c compilation, -Os
UNRESOLVED: gcc.c-torture/execute/20050316-1.c execution, -Os
FAIL: gcc.c-torture/execute/20050316-3.c compilation, -O0
UNRESOLVED: gcc.c-torture/execute/20050316-3.c execution, -O0
FAIL: gcc.c-torture/execute/20050316-3.c compilation, -O1
UNRESOLVED: gcc.c-torture/execute/20050316-3.c execution, -O1
FAIL: gcc.c-torture/execute/20050316-3.c compilation, -O2
UNRESOLVED: gcc.c-torture/execute/20050316-3.c execution, -O2
FAIL: gcc.c-torture/execute/20050316-3.c compilation, -O3 -fomit-frame-pointer
UNRESOLVED: gcc.c-torture/execute/20050316-3.c execution, -O3 -fomit-frame-pointer
FAIL: gcc.c-torture/execute/20050316-3.c compilation, -O3 -g
UNRESOLVED: gcc.c-torture/execute/20050316-3.c execution, -O3 -g
FAIL: gcc.c-torture/execute/20050316-3.c compilation, -Os
UNRESOLVED: gcc.c-torture/execute/20050316-3.c execution, -Os
FAIL: gcc.c-torture/execute/simd-6.c compilation, -O0
UNRESOLVED: gcc.c-torture/execute/simd-6.c execution, -O0
FAIL: gcc.c-torture/execute/simd-6.c compilation, -O1
UNRESOLVED: gcc.c-torture/execute/simd-6.c execution, -O1
FAIL: gcc.c-torture/execute/simd-6.c compilation, -O2
UNRESOLVED: gcc.c-torture/execute/simd-6.c execution, -O2
FAIL: gcc.c-torture/execute/simd-6.c compilation, -O3 -fomit-frame-pointer
UNRESOLVED: gcc.c-torture/execute/simd-6.c execution, -O3 -fomit-frame-pointer
FAIL: gcc.c-torture/execute/simd-6.c compilation, -O3 -g
UNRESOLVED: gcc.c-torture/execute/simd-6.c execution, -O3 -g
FAIL: gcc.c-torture/execute/simd-6.c compilation, -Os
UNRESOLVED: gcc.c-torture/execute/simd-6.c execution, -Os
FAIL: gcc.dg/compat/vector-1 c_compat_x_tst.o compile
FAIL: gcc.dg/compat/vector-1 c_compat_y_tst.o compile
UNRESOLVED: gcc.dg/compat/vector-1 c_compat_x_tst.o-c_compat_y_tst.o link
UNRESOLVED: gcc.dg/compat/vector-1 c_compat_x_tst.o-c_compat_y_tst.o execute
XPASS: gcc.dg/ucnid-2.c (test for excess errors)
XPASS: gcc.dg/ucnid-3.c (test for excess errors)
XPASS: gcc.dg/ucnid-4.c (test for excess errors)
FAIL: gcc.dg/format/unnamed-1.c (test for excess errors)
FAIL: gcc.dg/format/unnamed-1.c -DWIDE (test for excess errors)
FAIL: largefile.c -O0 -g (test for excess errors)
FAIL: largefile.c -O0 (test for excess errors)
FAIL: largefile.c -O1 (test for excess errors)
FAIL: largefile.c -O2 (test for excess errors)
FAIL: largefile.c -O3 -fomit-frame-pointer (test for excess errors)
FAIL: largefile.c -O3 -g (test for excess errors)
FAIL: largefile.c -Os (test for excess errors)
XPASS: gcc.dg/tree-ssa/20040204-1.c scan-tree-dump-times link_error 0
FAIL: gcc.target/i386/abi-1.c scan-assembler xmm0
=== gcc Summary ===
# of expected passes 37973
# of unexpected failures 30
# of unexpected successes 4
# of expected failures 100
# of unresolved testcases 20
# of untested testcases 35
# of unsupported tests 273
/var/tmp/gcc-4.1.0-20060219/build-dir/gcc/xgcc version 4.1.0 20060219 (prerelease)
=== libstdc++ tests ===
Running target unix
FAIL: 22_locale/num_put/put/char/14220.cc execution test
FAIL: 22_locale/num_put/put/wchar_t/14220.cc execution test
=== libstdc++ Summary ===
# of expected passes 3385
# of unexpected failures 2
# of expected failures 12
# of unsupported tests 321
Compiler version: 4.1.0 20060219 (prerelease)
Platform: i386-pc-solaris2.10
configure flags: -with-gnu-as --with-as=/usr/sfw/bin/gas --without-gnu-ld --with-ld=/usr/ccs/bin/ld --disable-nls --prefix=/opt/gcc-4.1 --enable-languages=c,c++