This is the mail archive of the
gcc-testresults@gcc.gnu.org
mailing list for the GCC project.
Results for 4.2.0 20060219 (experimental) testsuite on i686-pc-linux-gnu
- From: CodeSourcery Automatic Testing System <gcc at codesourcery dot com>
- To: gcc-testresults at gcc dot gnu dot org
- Date: Sun, 19 Feb 2006 04:03:40 -0800
- Subject: Results for 4.2.0 20060219 (experimental) testsuite on i686-pc-linux-gnu
LAST_UPDATED: Sun Feb 19 08:12:39 UTC 2006 (revision 111265)
Native configuration is i686-pc-linux-gnu
=== g++ tests ===
Running target unix
FAIL: g++.dg/init/ctor4.C (test for excess errors)
FAIL: g++.dg/parse/register1.C (test for excess errors)
FAIL: g++.old-deja/g++.brendan/warnings4.C (test for excess errors)
FAIL: g++.old-deja/g++.jason/overload34.C (test for excess errors)
FAIL: g++.old-deja/g++.mike/p11110.C (test for excess errors)
=== g++ Summary ===
# of expected passes 12057
# of unexpected failures 5
# of expected failures 66
# of unsupported tests 67
/scratch/gcc/nightly-2006-02-19-mainline/i686-pc-linux-gnu/build_gcc/install/bin/c++ version 4.2.0 20060219 (experimental)
=== gcc tests ===
Running target unix
WARNING: program timed out.
FAIL: gcc.c-torture/compile/20001226-1.c -O0 (test for excess errors)
FAIL: gcc.c-torture/execute/961206-1.c execution, -O1
FAIL: gcc.c-torture/execute/961206-1.c execution, -O2
FAIL: gcc.dg/tree-ssa/20030730-1.c scan-tree-dump-times if 0
FAIL: gcc.dg/tree-ssa/20030730-2.c scan-tree-dump-times if 0
FAIL: gcc.dg/tree-ssa/20030807-2.c scan-tree-dump-times if 0
FAIL: gcc.dg/tree-ssa/complex-3.c scan-tree-dump-times __complex__ 0
ERROR: gcc.dg/tree-ssa/complex-3.c: error executing dg-final: no files matched glob pattern "complex-3.c.[0-9][0-9][0-9]t.optimized"
UNRESOLVED: gcc.dg/tree-ssa/complex-3.c: error executing dg-final: no files matched glob pattern "complex-3.c.[0-9][0-9][0-9]t.optimized"
=== gcc Summary ===
# of expected passes 39007
# of unexpected failures 7
# of expected failures 110
# of unresolved testcases 1
# of untested testcases 28
# of unsupported tests 269
/scratch/gcc/nightly-2006-02-19-mainline/i686-pc-linux-gnu/build_gcc/install/bin/gcc version 4.2.0 20060219 (experimental)
=== libstdc++ tests ===
Running target unix
FAIL: 22_locale/messages/members/char/1.cc execution test
FAIL: 22_locale/messages/members/char/2.cc execution test
FAIL: 22_locale/messages/members/char/wrapped_env.cc execution test
FAIL: 22_locale/messages/members/char/wrapped_locale.cc execution test
FAIL: 22_locale/messages_byname/named_equivalence.cc execution test
=== libstdc++ Summary ===
# of expected passes 4121
# of unexpected failures 5
# of expected failures 13
# of unsupported tests 6
Compiler version: 4.2.0 20060219 (experimental)
Platform: i686-pc-linux-gnu
configure flags: --disable-nls --build=i686-pc-linux-gnu --host=i686-pc-linux-gnu --target=i686-pc-linux-gnu --enable-shared --enable-threads --disable-libmudflap --disable-libssp --disable-libgomp --disable-libstdcxx-pch --with-gnu-as --with-as=/scratch/gcc/nightly-2006-02-19-mainline/i686-pc-linux-gnu/build_gcc/install/bin/as --with-gnu-ld --with-ld=/scratch/gcc/nightly-2006-02-19-mainline/i686-pc-linux-gnu/build_gcc/install/bin/ld --prefix=/scratch/gcc/nightly-2006-02-19-mainline/i686-pc-linux-gnu/build_gcc/install --enable-languages=c,c++