This is the mail archive of the
gcc-testresults@gcc.gnu.org
mailing list for the GCC project.
Results for 4.1.0 20060218 (prerelease) testsuite on ia64-suse-linux-gnu
- From: Andreas Schwab <schwab at suse dot de>
- To: gcc-testresults at gcc dot gnu dot org
- Date: Sat, 18 Feb 2006 12:39:32 +0100
- Subject: Results for 4.1.0 20060218 (prerelease) testsuite on ia64-suse-linux-gnu
LAST_UPDATED: Sa Feb 18 10:13:14 UTC 2006 (revision 111227M)
=== acats tests ===
FAIL: a26007a
FAIL: ad8011a
FAIL: c23003a
FAIL: c23003b
FAIL: c23003g
FAIL: c23003i
FAIL: c35502d
FAIL: c35502f
FAIL: c35503d
FAIL: c35503f
FAIL: c36204d
FAIL: c45231d
FAIL: c4a007a
FAIL: c87b62d
FAIL: c96005b
FAIL: cc1225a
FAIL: cd10001
FAIL: cd1009k
FAIL: cd1009t
FAIL: cd1009u
FAIL: cd1c03e
FAIL: cd1c06a
FAIL: cd2a83c
FAIL: cd2a91c
FAIL: cd2c11a
FAIL: cd2c11d
FAIL: cd30001
FAIL: cd4041a
FAIL: cd5003a
FAIL: cd5003b
FAIL: cd5003c
FAIL: cd5003d
FAIL: cd5003e
FAIL: cd5003f
FAIL: cd5003g
FAIL: cd5003h
FAIL: cd5003i
FAIL: cd5011a
FAIL: cd5011c
FAIL: cd5011e
FAIL: cd5011g
FAIL: cd5011i
FAIL: cd5011k
FAIL: cd5011m
FAIL: cd5011q
FAIL: cd5011s
FAIL: cd5012a
FAIL: cd5012b
FAIL: cd5012e
FAIL: cd5012f
FAIL: cd5012i
FAIL: cd5012m
FAIL: cd5013a
FAIL: cd5013c
FAIL: cd5013e
FAIL: cd5013g
FAIL: cd5013i
FAIL: cd5013k
FAIL: cd5013m
FAIL: cd5013o
FAIL: cd5014a
FAIL: cd5014c
FAIL: cd5014e
FAIL: cd5014g
FAIL: cd5014i
FAIL: cd5014k
FAIL: cd5014m
FAIL: cd5014o
FAIL: cd5014t
FAIL: cd5014v
FAIL: cd5014x
FAIL: cd5014y
FAIL: cd5014z
FAIL: cd7101g
FAIL: ce2102c
FAIL: ce2102h
FAIL: ce2103a
FAIL: ce2103b
FAIL: ce2203a
FAIL: ce2403a
FAIL: ce3002b
FAIL: ce3002c
FAIL: ce3102b
FAIL: ce3107a
FAIL: ce3304a
=== acats Summary ===
# of expected passes 2231
# of unexpected failures 85
Native configuration is ia64-suse-linux-gnu
=== g++ tests ===
Running target unix
XPASS: g++.dg/tree-ssa/pr14814.C scan-tree-dump-times &this 0
XPASS: g++.old-deja/g++.other/init5.C execution test
=== g++ Summary ===
# of expected passes 11425
# of unexpected successes 2
# of expected failures 66
# of unsupported tests 103
/tmp/cvs/gcc-20060218/Build/gcc/testsuite/../g++ version 4.1.0 20060218 (prerelease)
=== gcc tests ===
Running target unix
FAIL: gcc.dg/builtin-apply4.c execution test
XPASS: gcc.dg/tree-ssa/loop-1.c scan-assembler-times foo 5
XPASS: gcc.dg/vect/pr16105.c scan-tree-dump-times vectorized 1 loops 1
XPASS: gcc.dg/vect/pr20122.c scan-tree-dump-times vectorized 1 loops 2
XPASS: gcc.dg/vect/vect-105.c scan-tree-dump-times vectorized 1 loops 1
XPASS: gcc.dg/vect/vect-30.c scan-tree-dump-times vectorized 1 loops 2
XPASS: gcc.dg/vect/vect-42.c scan-tree-dump-times vectorized 1 loops 1
XPASS: gcc.dg/vect/vect-43.c scan-tree-dump-times vectorized 1 loops 1
XPASS: gcc.dg/vect/vect-74.c scan-tree-dump-times vectorized 1 loops 1
XPASS: gcc.dg/vect/vect-75.c scan-tree-dump-times vectorized 1 loops 1
XPASS: gcc.dg/vect/vect-8.c scan-tree-dump-times vectorized 1 loops 1
=== gcc Summary ===
# of expected passes 37003
# of unexpected failures 1
# of unexpected successes 10
# of expected failures 132
# of untested testcases 28
# of unsupported tests 316
/tmp/cvs/gcc-20060218/Build/gcc/xgcc version 4.1.0 20060218 (prerelease)
=== objc tests ===
Running target unix
=== objc Summary ===
# of expected passes 1682
# of unsupported tests 23
/tmp/cvs/gcc-20060218/Build/gcc/xgcc version 4.1.0 20060218 (prerelease)
=== libffi tests ===
Running target unix
=== libffi Summary ===
# of expected passes 228
# of unsupported tests 2
=== libjava tests ===
Running target unix
=== libjava Summary ===
# of expected passes 4011
# of expected failures 10
# of untested testcases 8
=== libmudflap tests ===
Running target unix
FAIL: libmudflap.c++/pass41-frag.cxx (test for excess errors)
WARNING: libmudflap.c++/pass41-frag.cxx compilation failed to produce executable
FAIL: libmudflap.c++/pass41-frag.cxx (-O) (test for excess errors)
WARNING: libmudflap.c++/pass41-frag.cxx (-O) compilation failed to produce executable
FAIL: libmudflap.c++/pass41-frag.cxx (-O2) (test for excess errors)
WARNING: libmudflap.c++/pass41-frag.cxx (-O2) compilation failed to produce executable
FAIL: libmudflap.c++/pass41-frag.cxx (-O3) (test for excess errors)
WARNING: libmudflap.c++/pass41-frag.cxx (-O3) compilation failed to produce executable
FAIL: ctors-12 linkage
FAIL: ctors-21 linkage
WARNING: program timed out.
FAIL: ctors-12 execution
WARNING: program timed out.
FAIL: ctors-21 execution
FAIL: ctors-12 linkage -static
FAIL: ctors-21 linkage -static
WARNING: program timed out.
FAIL: ctors-12 execution -static
WARNING: program timed out.
FAIL: ctors-21 execution -static
FAIL: ctors-12 linkage -O2
FAIL: ctors-21 linkage -O2
WARNING: program timed out.
FAIL: ctors-12 execution -O2
WARNING: program timed out.
FAIL: ctors-21 execution -O2
FAIL: ctors-12 linkage -O3
FAIL: ctors-21 linkage -O3
WARNING: program timed out.
FAIL: ctors-12 execution -O3
WARNING: program timed out.
FAIL: ctors-21 execution -O3
=== libmudflap Summary ===
# of expected passes 1765
# of unexpected failures 20
=== libstdc++ tests ===
Running target unix
XPASS: 26_numerics/cmath/c99_classification_macros_c.cc (test for excess errors)
XPASS: 27_io/fpos/14320-1.cc execution test
=== libstdc++ Summary ===
# of expected passes 4029
# of unexpected successes 2
# of expected failures 11
Compiler version: 4.1.0 20060218 (prerelease)
Platform: ia64-suse-linux-gnu
configure flags: --prefix=/tmp/cvs/gcc-20060218/Build/root --host=ia64-suse-linux --enable-shared --enable-threads --enable-__cxa_atexit --with-system-zlib --with-system-libunwind --enable-languages=c,ada,c++,java,objc