This is the mail archive of the
gcc-testresults@gcc.gnu.org
mailing list for the GCC project.
Results for 4.2.0 20060217 (experimental) [trunk revision 111180 clean] testsuite on ia64-unknown-linux-gnu
- From: hjl at gnu-11 dot sc dot intel dot com (H.J. Lu)
- To: gcc-testresults at gcc dot gnu dot org
- Date: Fri, 17 Feb 2006 09:54:48 -0800 (PST)
- Subject: Results for 4.2.0 20060217 (experimental) [trunk revision 111180 clean] testsuite on ia64-unknown-linux-gnu
LAST_UPDATED: Fri Feb 17 14:03:18 UTC 2006 (revision 111180)
Native configuration is ia64-unknown-linux-gnu
=== gfortran tests ===
Running target unix
FAIL: gfortran.dg/vect/vect-4.f90 -O scan-tree-dump-times Alignment of access forced using peeling 1
FAIL: gfortran.dg/vect/vect-4.f90 -O scan-tree-dump-times Vectorizing an unaligned access 1
=== gfortran Summary ===
# of expected passes 11715
# of unexpected failures 2
# of expected failures 22
# of unsupported tests 18
/export/build/gnu/gcc/build-ia64-linux/gcc/testsuite/gfortran/../../gfortran version 4.2.0 20060217 (experimental) [trunk revision 111180 clean]
=== libgomp tests ===
Running target unix
=== libgomp Summary ===
# of expected passes 1071
Compiler version: 4.2.0 20060217 (experimental) [trunk revision 111180 clean]
Platform: ia64-unknown-linux-gnu
configure flags: --enable-clocale=gnu --with-system-zlib --with-demangler-in-ld --enable-shared --enable-threads=posix --enable-haifa --disable-checking --prefix=/usr/gcc-4.2 --with-local-prefix=/usr/local --enable-languages=c,c++,fortran,java,objc