This is the mail archive of the
gcc-testresults@gcc.gnu.org
mailing list for the GCC project.
Results for 4.2.0 20060216 (experimental) testsuite on i686-pc-linux-gnu
- From: CodeSourcery Automatic Testing System <gcc at codesourcery dot com>
- To: gcc-testresults at gcc dot gnu dot org
- Date: Thu, 16 Feb 2006 04:26:44 -0800
- Subject: Results for 4.2.0 20060216 (experimental) testsuite on i686-pc-linux-gnu
LAST_UPDATED: Thu Feb 16 08:14:00 UTC 2006 (revision 111131)
Native configuration is i686-pc-linux-gnu
=== g++ tests ===
Running target unix
FAIL: g++.dg/init/ctor4.C (test for excess errors)
FAIL: g++.dg/parse/register1.C (test for excess errors)
FAIL: g++.old-deja/g++.brendan/warnings4.C (test for excess errors)
FAIL: g++.old-deja/g++.jason/overload34.C (test for excess errors)
FAIL: g++.old-deja/g++.mike/p11110.C (test for excess errors)
=== g++ Summary ===
# of expected passes 12053
# of unexpected failures 5
# of expected failures 66
# of unsupported tests 67
/scratch/gcc/nightly-2006-02-16-mainline/i686-pc-linux-gnu/build_gcc/install/bin/c++ version 4.2.0 20060216 (experimental)
=== gcc tests ===
Running target unix
WARNING: program timed out.
FAIL: gcc.c-torture/compile/20001226-1.c -O0 (test for excess errors)
=== gcc Summary ===
# of expected passes 38969
# of unexpected failures 1
# of expected failures 114
# of untested testcases 28
# of unsupported tests 269
/scratch/gcc/nightly-2006-02-16-mainline/i686-pc-linux-gnu/build_gcc/install/bin/gcc version 4.2.0 20060216 (experimental)
=== libstdc++ tests ===
Running target unix
FAIL: 22_locale/messages/members/char/1.cc execution test
FAIL: 22_locale/messages/members/char/2.cc execution test
FAIL: 22_locale/messages/members/char/wrapped_env.cc execution test
FAIL: 22_locale/messages/members/char/wrapped_locale.cc execution test
FAIL: 22_locale/messages_byname/named_equivalence.cc execution test
=== libstdc++ Summary ===
# of expected passes 4117
# of unexpected failures 5
# of expected failures 13
# of unsupported tests 6
Compiler version: 4.2.0 20060216 (experimental)
Platform: i686-pc-linux-gnu
configure flags: --disable-nls --build=i686-pc-linux-gnu --host=i686-pc-linux-gnu --target=i686-pc-linux-gnu --enable-shared --enable-threads --disable-libmudflap --disable-libssp --disable-libgomp --disable-libstdcxx-pch --with-gnu-as --with-as=/scratch/gcc/nightly-2006-02-16-mainline/i686-pc-linux-gnu/build_gcc/install/bin/as --with-gnu-ld --with-ld=/scratch/gcc/nightly-2006-02-16-mainline/i686-pc-linux-gnu/build_gcc/install/bin/ld --prefix=/scratch/gcc/nightly-2006-02-16-mainline/i686-pc-linux-gnu/build_gcc/install --enable-languages=c,c++