This is the mail archive of the
gcc-testresults@gcc.gnu.org
mailing list for the GCC project.
Results for 4.2.0 20060214 (experimental) gfortran testsuite on x86_64-unknown-linux-gnu
- From: Francois-Xavier Coudert <coudert at lcp dot u-psud dot fr>
- To: gcc-testresults at gcc dot gnu dot org
- Date: Wed, 15 Feb 2006 10:06:24 +0100
- Subject: Results for 4.2.0 20060214 (experimental) gfortran testsuite on x86_64-unknown-linux-gnu
LAST_UPDATED:
Native configuration is x86_64-unknown-linux-gnu
=== gfortran tests ===
Running target unix
FAIL: gfortran.dg/char_transpose_1.f90 -O3 -g (test for excess errors)
WARNING: gfortran.dg/char_transpose_1.f90 -O3 -g compilation failed to produce executable
=== gfortran Summary ===
# of expected passes11637
# of unexpected failures1
# of expected failures18
# of unsupported tests16
/var/tmp/gfortran-20060214/ibin/gcc/testsuite/gfortran/../../gfortran version 4.2.0 20060214 (experimental)
Compiler version: 4.2.0 20060214 (experimental) gfortran
Platform: x86_64-unknown-linux-gnu
configure flags: --prefix=/var/tmp/gfortran-20060214/irun --enable-languages=c,f95,;t t