This is the mail archive of the
gcc-testresults@gcc.gnu.org
mailing list for the GCC project.
Results for 4.1.0 20060214 (prerelease) testsuite on hppa64-hp-hpux11.11
- From: John David Anglin <dave at hiauly3 dot hia dot nrc dot ca>
- To: dave at hiauly3 dot hia dot nrc dot ca, gcc-testresults at gcc dot gnu dot org
- Date: Tue, 14 Feb 2006 09:34:25 -0500 (EST)
- Subject: Results for 4.1.0 20060214 (prerelease) testsuite on hppa64-hp-hpux11.11
LAST_UPDATED: Tue Feb 14 03:42:04 UTC 2006 (revision 110954M)
Native configuration is hppa64-hp-hpux11.11
=== g++ tests ===
Running target unix
XPASS: g++.dg/tree-ssa/pr14814.C scan-tree-dump-times &this 0
=== g++ Summary ===
# of expected passes 11296
# of unexpected successes 1
# of expected failures 67
# of unsupported tests 130
/test/gnu/gcc-4.1/objdir/gcc/testsuite/../g++ version 4.1.0 20060214 (prerelease)
=== gcc tests ===
Running target unix
XPASS: gcc.dg/funcorder.c scan-assembler-not link_error,%r
FAIL: gcc.dg/torture/asm-subreg-1.c -O1 (test for excess errors)
FAIL: gcc.dg/torture/asm-subreg-1.c -O2 (test for excess errors)
FAIL: gcc.dg/torture/asm-subreg-1.c -O3 -fomit-frame-pointer (test for excess errors)
FAIL: gcc.dg/torture/asm-subreg-1.c -O3 -g (test for excess errors)
FAIL: gcc.dg/torture/asm-subreg-1.c -Os (test for excess errors)
=== gcc Summary ===
# of expected passes 36286
# of unexpected failures 5
# of unexpected successes 1
# of expected failures 79
# of untested testcases 28
# of unsupported tests 359
/test/gnu/gcc-4.1/objdir/gcc/xgcc version 4.1.0 20060214 (prerelease)
=== gfortran tests ===
Running target unix
FAIL: gfortran.dg/bad_automatic_objects_1.f90 -O (test for errors, line 13)
FAIL: gfortran.dg/bad_automatic_objects_1.f90 -O (test for errors, line 14)
FAIL: gfortran.dg/bad_automatic_objects_1.f90 -O (test for errors, line 18)
FAIL: gfortran.dg/bad_automatic_objects_1.f90 -O (test for errors, line 19)
FAIL: gfortran.dg/bad_automatic_objects_1.f90 -O (test for excess errors)
FAIL: gfortran.dg/internal_dummy_1.f90 -O (test for errors, line 7)
FAIL: gfortran.dg/module_parameter_array_refs_1.f90 -O (test for excess errors)
FAIL: gfortran.dg/pure_non_intrinsic_dummy_1.f90 -O (test for errors, line 16)
FAIL: gfortran.dg/typed_subroutine_1.f90 -O (test for errors, line 7)
FAIL: gfortran.dg/typed_subroutine_1.f90 -O (test for errors, line 8)
FAIL: gfortran.dg/uncommon_block_data_1.f90 -O (test for errors, line 8)
=== gfortran Summary ===
# of expected passes 11473
# of unexpected failures 11
# of expected failures 4
# of unsupported tests 66
/test/gnu/gcc-4.1/objdir/gcc/testsuite/../gfortran version 4.1.0 20060214 (prerelease)
=== obj-c++ tests ===
Running target unix
FAIL: obj-c++.dg/bitfield-1.mm (test for excess errors)
FAIL: obj-c++.dg/bitfield-4.mm (test for excess errors)
FAIL: obj-c++.dg/cxx-ivars-2.mm execution test
FAIL: obj-c++.dg/encode-3.mm execution test
FAIL: obj-c++.dg/encode-8.mm execution test
FAIL: obj-c++.dg/isa-field-1.mm (test for excess errors)
FAIL: obj-c++.dg/layout-1.mm (test for excess errors)
FAIL: obj-c++.dg/lookup-2.mm (test for excess errors)
WARNING: obj-c++.dg/lookup-2.mm compilation failed to produce executable
FAIL: obj-c++.dg/try-catch-2.mm (test for excess errors)
WARNING: obj-c++.dg/try-catch-2.mm compilation failed to produce executable
FAIL: obj-c++.dg/try-catch-9.mm (test for excess errors)
WARNING: obj-c++.dg/try-catch-9.mm compilation failed to produce executable
=== obj-c++ Summary ===
# of expected passes 419
# of unexpected failures 10
# of unsupported tests 13
/test/gnu/gcc-4.1/objdir/gcc/testsuite/../g++ version 4.1.0 20060214 (prerelease)
=== objc tests ===
Running target unix
=== objc Summary ===
# of expected passes 1682
# of unsupported tests 23
/test/gnu/gcc-4.1/objdir/gcc/xgcc version 4.1.0 20060214 (prerelease)
=== libstdc++ tests ===
Running target unix
=== libstdc++ Summary ===
# of expected passes 2619
# of expected failures 10
# of unsupported tests 159
Compiler version: 4.1.0 20060214 (prerelease)
Platform: hppa64-hp-hpux11.11
configure flags: --with-gnu-as --with-as=/opt/gnu64/bin/as --with-ld=/usr/ccs/bin/ld --enable-shared --disable-nls --with-local-prefix=/opt/gnu64 --prefix=/opt/gnu64/gcc/gcc-4.1.0 --host=hppa64-hp-hpux11.11 --enable-threads=posix --disable-libmudflap --with-gmp=/opt/gnu64/gcc/gcc-4.1.0 --enable-languages=c,c++,fortran,java,objc,obj-c++