This is the mail archive of the
gcc-testresults@gcc.gnu.org
mailing list for the GCC project.
Results for 3.4.6 20060212 (prerelease) testsuite on i686-pc-linux-gnu
- From: hjl at gnu-10 dot sc dot intel dot com (H.J. Lu)
- To: gcc-testresults at gcc dot gnu dot org
- Date: Sun, 12 Feb 2006 13:35:26 -0800 (PST)
- Subject: Results for 3.4.6 20060212 (prerelease) testsuite on i686-pc-linux-gnu
LAST_UPDATED: Sun Feb 12 18:26:22 UTC 2006 (revision 110892)
Native configuration is i686-pc-linux-gnu
=== g77 tests ===
Running target unix/-m32
=== g77 Summary for unix/-m32 ===
# of expected passes 1824
Running target unix
=== g77 Summary for unix ===
# of expected passes 1824
=== g77 Summary ===
# of expected passes 3648
/export/build/gnu/gcc-3.4/build-i686-linux/gcc/testsuite/g77/../../g77 version 3.4.6 20060212 (prerelease)
=== gcc tests ===
Running target unix/-m32
FAIL: gcc.c-torture/execute/va-arg-25.c execution, -Os
=== gcc Summary for unix/-m32 ===
# of expected passes 25476
# of unexpected failures 1
# of expected failures 70
# of untested testcases 7
# of unsupported tests 211
Running target unix
FAIL: gcc.c-torture/execute/va-arg-25.c execution, -Os
=== gcc Summary for unix ===
# of expected passes 25476
# of unexpected failures 1
# of expected failures 70
# of untested testcases 7
# of unsupported tests 211
=== gcc Summary ===
# of expected passes 50952
# of unexpected failures 2
# of expected failures 140
# of untested testcases 14
# of unsupported tests 422
/export/build/gnu/gcc-3.4/build-i686-linux/gcc/xgcc version 3.4.6 20060212 (prerelease)
=== g++ tests ===
Running target unix/-m32
=== g++ Summary for unix/-m32 ===
# of expected passes 10018
# of expected failures 67
# of unsupported tests 43
Running target unix
=== g++ Summary for unix ===
# of expected passes 10018
# of expected failures 67
# of unsupported tests 43
=== g++ Summary ===
# of expected passes 20036
# of expected failures 134
# of unsupported tests 86
/export/build/gnu/gcc-3.4/build-i686-linux/gcc/testsuite/g++/../../g++ version 3.4.6 20060212 (prerelease)
=== objc tests ===
Running target unix/-m32
=== objc Summary for unix/-m32 ===
# of expected passes 1352
# of unsupported tests 8
Running target unix
=== objc Summary for unix ===
# of expected passes 1352
# of unsupported tests 8
=== objc Summary ===
# of expected passes 2704
# of unsupported tests 16
/export/build/gnu/gcc-3.4/build-i686-linux/gcc/xgcc version 3.4.6 20060212 (prerelease)
=== libffi tests ===
Running target unix/-m32
=== libffi Summary for unix/-m32 ===
# of expected passes 212
# of unsupported tests 2
Running target unix
=== libffi Summary for unix ===
# of expected passes 212
# of unsupported tests 2
=== libffi Summary ===
# of expected passes 424
# of unsupported tests 4
=== libjava tests ===
Running target unix/-m32
=== libjava Summary for unix/-m32 ===
# of expected passes 3271
# of expected failures 10
# of untested testcases 8
Running target unix
=== libjava Summary for unix ===
# of expected passes 3271
# of expected failures 10
# of untested testcases 8
=== libjava Summary ===
# of expected passes 6542
# of expected failures 20
# of untested testcases 16
=== libstdc++ tests ===
Running target unix/-m32
XPASS: 22_locale/locale/cons/12658_thread.cc execution test
XPASS: 26_numerics/c99_classification_macros_c.cc (test for excess errors)
=== libstdc++ Summary for unix/-m32 ===
# of expected passes 2737
# of unexpected successes 2
# of expected failures 5
Running target unix
XPASS: 22_locale/locale/cons/12658_thread.cc execution test
XPASS: 26_numerics/c99_classification_macros_c.cc (test for excess errors)
=== libstdc++ Summary for unix ===
# of expected passes 2737
# of unexpected successes 2
# of expected failures 5
=== libstdc++ Summary ===
# of expected passes 5474
# of unexpected successes 4
# of expected failures 10
Compiler version: 3.4.6 20060212 (prerelease)
Platform: i686-pc-linux-gnu
configure flags: --enable-clocale=gnu --with-system-zlib --enable-shared --enable-threads=posix --enable-haifa --disable-checking --prefix=/usr/gcc-3.4 --with-local-prefix=/usr/local