This is the mail archive of the
gcc-testresults@gcc.gnu.org
mailing list for the GCC project.
Results for 4.0.3 20060207 (prerelease) testsuite on hppa2.0w-hp-hpux11.11
- From: John David Anglin <dave at hiauly3 dot hia dot nrc dot ca>
- To: dave at hiauly3 dot hia dot nrc dot ca, gcc-testresults at gcc dot gnu dot org
- Date: Wed, 8 Feb 2006 14:38:14 -0500 (EST)
- Subject: Results for 4.0.3 20060207 (prerelease) testsuite on hppa2.0w-hp-hpux11.11
LAST_UPDATED: Tue Feb 7 23:26:26 UTC 2006 (revision 110726M)
=== acats tests ===
FAIL: c393a06
FAIL: c52104k
FAIL: cc3120a
FAIL: ce3806d
FAIL: ce3806e
FAIL: ce3810a
FAIL: cxa4034
FAIL: cxaa008
FAIL: cxaa009
FAIL: cxaca01
FAIL: cxg1003
FAIL: cxg2001
FAIL: cxg2002
FAIL: cxg2003
FAIL: cxg2004
FAIL: cxg2006
FAIL: cxg2007
FAIL: cxg2010
FAIL: cxg2011
FAIL: cxg2012
FAIL: cxg2013
FAIL: cxg2015
FAIL: cxg2016
FAIL: cxg2017
FAIL: cxg2018
FAIL: cxg2019
FAIL: cxg2020
FAIL: cxg2021
FAIL: cxg2024
=== acats Summary ===
# of expected passes 2288
# of unexpected failures 29
Native configuration is hppa2.0w-hp-hpux11.11
=== g++ tests ===
Running target unix
=== g++ Summary ===
# of expected passes 11049
# of expected failures 70
# of unsupported tests 131
/test/gnu/gcc-4.0/objdir/gcc/testsuite/../g++ version 4.0.3 20060207 (prerelease)
=== gcc tests ===
Running target unix
FAIL: gcc.dg/20050922-1.c (test for excess errors)
WARNING: gcc.dg/20050922-1.c compilation failed to produce executable
XPASS: gcc.dg/const-elim-1.c scan-assembler-not L\\\\\$?C[^A-Z]
FAIL: gcc.dg/special/weak-1.c execution test
=== gcc Summary ===
# of expected passes 34111
# of unexpected failures 2
# of unexpected successes 1
# of expected failures 69
# of untested testcases 28
# of unsupported tests 582
/test/gnu/gcc-4.0/objdir/gcc/xgcc version 4.0.3 20060207 (prerelease)
=== gfortran tests ===
Running target unix
=== gfortran Summary ===
# of expected passes 8821
# of expected failures 1
# of unsupported tests 17
/test/gnu/gcc-4.0/objdir/gcc/testsuite/../gfortran version 4.0.3 20060207 (prerelease)
=== objc tests ===
Running target unix
=== objc Summary ===
# of expected passes 1546
# of unsupported tests 11
/test/gnu/gcc-4.0/objdir/gcc/xgcc version 4.0.3 20060207 (prerelease)
=== libstdc++ tests ===
Running target unix
=== libstdc++ Summary ===
# of expected passes 3676
# of expected failures 12
# of unsupported tests 19
Compiler version: 4.0.3 20060207 (prerelease)
Platform: hppa2.0w-hp-hpux11.11
configure flags: --with-gnu-as --with-as=/opt/gnu/bin/as --enable-shared --disable-nls --with-local-prefix=/opt/gnu --prefix=/opt/gnu/gcc/gcc-4.0.3 --enable-debug=no --enable-threads=posix --with-gmp=/opt/gnu/gcc/gcc-4.0.3 --disable-libmudflap --enable-languages=c,ada,c++,f95,java,objc