This is the mail archive of the
gcc-testresults@gcc.gnu.org
mailing list for the GCC project.
Results for 4.2.0 20060203 (experimental) testsuite on ia64-suse-linux-gnu
- From: Andreas Schwab <schwab at suse dot de>
- To: gcc-testresults at gcc dot gnu dot org
- Date: Fri, 03 Feb 2006 11:40:24 +0100
- Subject: Results for 4.2.0 20060203 (experimental) testsuite on ia64-suse-linux-gnu
LAST_UPDATED: Fri Feb 3 09:00:54 UTC 2006 (revision 110539M)
=== acats tests ===
FAIL: c32001e
FAIL: c64105b
FAIL: c95086b
=== acats Summary ===
# of expected passes 2313
# of unexpected failures 3
Native configuration is ia64-suse-linux-gnu
=== g++ tests ===
Running target unix
XPASS: g++.old-deja/g++.other/init5.C execution test
=== g++ Summary ===
# of expected passes 11459
# of unexpected successes 1
# of expected failures 65
# of unsupported tests 104
/tmp/cvs/gcc-20060203/Build/gcc/testsuite/g++/../../g++ version 4.2.0 20060203 (experimental)
=== gcc tests ===
Running target unix
FAIL: gcc.c-torture/compile/20051228-1.c -O1 (test for excess errors)
FAIL: gcc.c-torture/compile/20051228-1.c -O2 (test for excess errors)
FAIL: gcc.c-torture/compile/20051228-1.c -O3 -fomit-frame-pointer (test for excess errors)
FAIL: gcc.c-torture/compile/20051228-1.c -O3 -g (test for excess errors)
FAIL: gcc.c-torture/compile/20051228-1.c -Os (test for excess errors)
FAIL: gcc.dg/builtin-apply4.c execution test
FAIL: gcc.dg/gomp/pr25990.c (test for excess errors)
WARNING: gcc.dg/torture/fp-int-convert-float128-timode.c -O0 compilation failed to produce executable
WARNING: gcc.dg/torture/fp-int-convert-float128-timode.c -O1 compilation failed to produce executable
WARNING: gcc.dg/torture/fp-int-convert-float128-timode.c -O2 compilation failed to produce executable
WARNING: gcc.dg/torture/fp-int-convert-float128-timode.c -O3 -fomit-frame-pointer compilation failed to produce executable
WARNING: gcc.dg/torture/fp-int-convert-float128-timode.c -O3 -g compilation failed to produce executable
WARNING: gcc.dg/torture/fp-int-convert-float128-timode.c -Os compilation failed to produce executable
FAIL: gcc.dg/torture/fp-int-convert-float128.c -O0 (test for excess errors)
WARNING: gcc.dg/torture/fp-int-convert-float128.c -O0 compilation failed to produce executable
FAIL: gcc.dg/torture/fp-int-convert-float128.c -O1 (test for excess errors)
WARNING: gcc.dg/torture/fp-int-convert-float128.c -O1 compilation failed to produce executable
FAIL: gcc.dg/torture/fp-int-convert-float128.c -O2 (test for excess errors)
WARNING: gcc.dg/torture/fp-int-convert-float128.c -O2 compilation failed to produce executable
FAIL: gcc.dg/torture/fp-int-convert-float128.c -O3 -fomit-frame-pointer (test for excess errors)
WARNING: gcc.dg/torture/fp-int-convert-float128.c -O3 -fomit-frame-pointer compilation failed to produce executable
FAIL: gcc.dg/torture/fp-int-convert-float128.c -O3 -g (test for excess errors)
WARNING: gcc.dg/torture/fp-int-convert-float128.c -O3 -g compilation failed to produce executable
FAIL: gcc.dg/torture/fp-int-convert-float128.c -Os (test for excess errors)
WARNING: gcc.dg/torture/fp-int-convert-float128.c -Os compilation failed to produce executable
XPASS: gcc.dg/tree-ssa/loop-1.c scan-assembler-times foo 5
XPASS: gcc.dg/vect/pr16105.c scan-tree-dump-times vectorized 1 loops 1
XPASS: gcc.dg/vect/pr20122.c scan-tree-dump-times vectorized 1 loops 2
XPASS: gcc.dg/vect/vect-105.c scan-tree-dump-times vectorized 1 loops 1
XPASS: gcc.dg/vect/vect-30.c scan-tree-dump-times vectorized 1 loops 2
XPASS: gcc.dg/vect/vect-42.c scan-tree-dump-times vectorized 1 loops 1
XPASS: gcc.dg/vect/vect-43.c scan-tree-dump-times vectorized 1 loops 1
XPASS: gcc.dg/vect/vect-74.c scan-tree-dump-times vectorized 1 loops 1
XPASS: gcc.dg/vect/vect-75.c scan-tree-dump-times vectorized 1 loops 1
XPASS: gcc.dg/vect/vect-8.c scan-tree-dump-times vectorized 1 loops 1
FAIL: gcc.dg/vect/vect-reduc-dot-s16.c scan-tree-dump-times vectorized 1 loops 1
XPASS: gcc.dg/vect/vect-reduc-dot-u16.c scan-tree-dump-times vectorized 1 loops 1
FAIL: gcc.dg/vect/vect-reduc-pattern-2.c scan-tree-dump-times vectorized 2 loops 1
=== gcc Summary ===
# of expected passes 37718
# of unexpected failures 15
# of unexpected successes 11
# of expected failures 151
# of untested testcases 28
# of unsupported tests 329
/tmp/cvs/gcc-20060203/Build/gcc/xgcc version 4.2.0 20060203 (experimental)
=== gfortran tests ===
Running target unix
FAIL: gfortran.dg/vect/vect-4.f90 -O scan-tree-dump-times Alignment of access forced using peeling 1
FAIL: gfortran.dg/vect/vect-4.f90 -O scan-tree-dump-times Vectorizing an unaligned access 1
=== gfortran Summary ===
# of expected passes 11494
# of unexpected failures 2
# of expected failures 20
# of unsupported tests 18
/tmp/cvs/gcc-20060203/Build/gcc/testsuite/gfortran/../../gfortran version 4.2.0 20060203 (experimental)
=== objc tests ===
Running target unix
=== objc Summary ===
# of expected passes 1743
# of expected failures 7
# of unsupported tests 24
/tmp/cvs/gcc-20060203/Build/gcc/xgcc version 4.2.0 20060203 (experimental)
=== libffi tests ===
Running target unix
=== libffi Summary ===
# of expected passes 228
# of unsupported tests 2
=== libgomp tests ===
Running target unix
=== libgomp Summary ===
# of expected passes 131
=== libjava tests ===
Running target unix
=== libjava Summary ===
# of expected passes 4029
# of expected failures 10
# of untested testcases 8
=== libmudflap tests ===
Running target unix
FAIL: libmudflap.c++/pass41-frag.cxx (test for excess errors)
WARNING: libmudflap.c++/pass41-frag.cxx compilation failed to produce executable
FAIL: libmudflap.c++/pass41-frag.cxx ( -O) (test for excess errors)
WARNING: libmudflap.c++/pass41-frag.cxx ( -O) compilation failed to produce executable
FAIL: libmudflap.c++/pass41-frag.cxx (-O2) (test for excess errors)
WARNING: libmudflap.c++/pass41-frag.cxx (-O2) compilation failed to produce executable
FAIL: libmudflap.c++/pass41-frag.cxx (-O3) (test for excess errors)
WARNING: libmudflap.c++/pass41-frag.cxx (-O3) compilation failed to produce executable
FAIL: ctors-12 linkage
FAIL: ctors-21 linkage
WARNING: program timed out.
FAIL: ctors-12 execution
WARNING: program timed out.
FAIL: ctors-21 execution
FAIL: ctors-12 linkage -static
FAIL: ctors-21 linkage -static
WARNING: program timed out.
FAIL: ctors-12 execution -static
WARNING: program timed out.
FAIL: ctors-21 execution -static
FAIL: ctors-12 linkage -O2
FAIL: ctors-21 linkage -O2
WARNING: program timed out.
FAIL: ctors-12 execution -O2
WARNING: program timed out.
FAIL: ctors-21 execution -O2
FAIL: ctors-12 linkage -O3
FAIL: ctors-21 linkage -O3
WARNING: program timed out.
FAIL: ctors-12 execution -O3
WARNING: program timed out.
FAIL: ctors-21 execution -O3
=== libmudflap Summary ===
# of expected passes 1765
# of unexpected failures 20
=== libstdc++ tests ===
Running target unix
XPASS: 26_numerics/cmath/c99_classification_macros_c.cc (test for excess errors)
XPASS: 27_io/fpos/14320-1.cc execution test
=== libstdc++ Summary ===
# of expected passes 4109
# of unexpected successes 2
# of expected failures 11
Compiler version: 4.2.0 20060203 (experimental)
Platform: ia64-suse-linux-gnu
configure flags: --prefix=/tmp/cvs/gcc-20060203/Build/root --host=ia64-suse-linux --enable-shared --enable-threads --enable-__cxa_atexit --with-system-zlib --with-system-libunwind --enable-languages=c,ada,c++,fortran,java,objc