This is the mail archive of the
gcc-testresults@gcc.gnu.org
mailing list for the GCC project.
Results for 4.2.0 20060129 (experimental) gfortran testsuite on powerpc-apple-darwin7.9.0
- From: fx at pito dot local (FX)
- To: gcc-testresults at gcc dot gnu dot org
- Date: Mon, 30 Jan 2006 00:32:53 +0100 (CET)
- Subject: Results for 4.2.0 20060129 (experimental) gfortran testsuite on powerpc-apple-darwin7.9.0
LAST_UPDATED:
Native configuration is powerpc-apple-darwin7.9.0
=== gfortran tests ===
Running target unix
FAIL: gfortran.dg/large_real_kind_2.F90 -O0 execution test
FAIL: gfortran.dg/large_real_kind_2.F90 -O1 execution test
FAIL: gfortran.dg/large_real_kind_2.F90 -O2 execution test
FAIL: gfortran.dg/large_real_kind_2.F90 -O3 -fomit-frame-pointer execution test
FAIL: gfortran.dg/large_real_kind_2.F90 -O3 -fomit-frame-pointer -funroll-loops execution test
FAIL: gfortran.dg/large_real_kind_2.F90 -O3 -fomit-frame-pointer -funroll-all-loops -finline-functions execution test
FAIL: gfortran.dg/large_real_kind_2.F90 -O3 -g execution test
FAIL: gfortran.dg/large_real_kind_2.F90 -Os execution test
=== gfortran Summary ===
# of expected passes 11397
# of unexpected failures 8
# of expected failures 7
# of unsupported tests 42
/private/tmp/gfortran-20060129/ibin/gcc/testsuite/gfortran/../../gfortran version 4.2.0 20060129 (experimental)
Compiler version: 4.2.0 20060129 (experimental) gfortran
Platform: powerpc-apple-darwin7.9.0
configure flags: --prefix=/usr/local/gfortran --enable-languages=c,fortran --with-gmp=/tmp/gfortran-20060129/gfortran_libs --with-mpfr=/tmp/gfortran-20060129/gfortran_libs --disable-libssp --disable-libmudflap --disable-nls,;t t