This is the mail archive of the
gcc-testresults@gcc.gnu.org
mailing list for the GCC project.
Results for 3.4.6 20060124 (prerelease) testsuite on i686-pc-linux-gnu
- From: "Kaveh R. Ghazi" <ghazi at caipclassic dot rutgers dot edu>
- To: gcc-testresults at gcc dot gnu dot org
- Date: Tue, 24 Jan 2006 08:12:59 -0500 (EST)
- Subject: Results for 3.4.6 20060124 (prerelease) testsuite on i686-pc-linux-gnu
LAST_UPDATED:
Native configuration is i686-pc-linux-gnu
=== g++ tests ===
Running target unix/-fPIC
=== g++ Summary for unix/-fPIC ===
# of expected passes 9971
# of expected failures 67
# of unsupported tests 45
Running target unix/-fpic
=== g++ Summary for unix/-fpic ===
# of expected passes 9971
# of expected failures 67
# of unsupported tests 45
Running target unix
=== g++ Summary for unix ===
# of expected passes 9973
# of expected failures 67
# of unsupported tests 43
=== g++ Summary ===
# of expected passes 29915
# of expected failures 201
# of unsupported tests 133
/share/home/ghazi/gcc-testing/gcc-testing/34/build/gcc/testsuite/../g++ version 3.4.6 20060124 (prerelease)
=== g77 tests ===
Running target unix/-fPIC
=== g77 Summary for unix/-fPIC ===
# of expected passes 1824
Running target unix/-fpic
=== g77 Summary for unix/-fpic ===
# of expected passes 1824
Running target unix
=== g77 Summary for unix ===
# of expected passes 1824
=== g77 Summary ===
# of expected passes 5472
/share/home/ghazi/gcc-testing/gcc-testing/34/build/gcc/testsuite/../g77 version 3.4.6 20060124 (prerelease)
=== gcc tests ===
Running target unix/-fPIC
FAIL: gcc.c-torture/execute/va-arg-25.c execution, -Os
=== gcc Summary for unix/-fPIC ===
# of expected passes 25360
# of unexpected failures 1
# of expected failures 70
# of untested testcases 7
# of unsupported tests 224
Running target unix/-fpic
FAIL: gcc.c-torture/execute/va-arg-25.c execution, -Os
=== gcc Summary for unix/-fpic ===
# of expected passes 25360
# of unexpected failures 1
# of expected failures 70
# of untested testcases 7
# of unsupported tests 224
Running target unix
FAIL: gcc.c-torture/execute/va-arg-25.c execution, -Os
=== gcc Summary for unix ===
# of expected passes 25378
# of unexpected failures 1
# of expected failures 70
# of untested testcases 7
# of unsupported tests 211
=== gcc Summary ===
# of expected passes 76098
# of unexpected failures 3
# of expected failures 210
# of untested testcases 21
# of unsupported tests 659
/share/home/ghazi/gcc-testing/gcc-testing/34/build/gcc/xgcc version 3.4.6 20060124 (prerelease)
=== objc tests ===
Running target unix/-fPIC
=== objc Summary for unix/-fPIC ===
# of expected passes 1352
# of unsupported tests 8
Running target unix/-fpic
=== objc Summary for unix/-fpic ===
# of expected passes 1352
# of unsupported tests 8
Running target unix
=== objc Summary for unix ===
# of expected passes 1352
# of unsupported tests 8
=== objc Summary ===
# of expected passes 4056
# of unsupported tests 24
/share/home/ghazi/gcc-testing/gcc-testing/34/build/gcc/xgcc version 3.4.6 20060124 (prerelease)
=== libffi tests ===
Running target unix/-fPIC
=== libffi Summary for unix/-fPIC ===
# of expected passes 212
# of unsupported tests 2
Running target unix/-fpic
=== libffi Summary for unix/-fpic ===
# of expected passes 212
# of unsupported tests 2
Running target unix
=== libffi Summary for unix ===
# of expected passes 212
# of unsupported tests 2
=== libffi Summary ===
# of expected passes 636
# of unsupported tests 6
=== libjava tests ===
Running target unix/-fPIC
=== libjava Summary for unix/-fPIC ===
# of expected passes 3271
# of expected failures 10
# of untested testcases 8
Running target unix/-fpic
=== libjava Summary for unix/-fpic ===
# of expected passes 3271
# of expected failures 10
# of untested testcases 8
Running target unix
=== libjava Summary for unix ===
# of expected passes 3271
# of expected failures 10
# of untested testcases 8
=== libjava Summary ===
# of expected passes 9813
# of expected failures 30
# of untested testcases 24
=== libstdc++ tests ===
Running target unix/-fPIC
XPASS: 22_locale/locale/cons/12658_thread.cc execution test
=== libstdc++ Summary for unix/-fPIC ===
# of expected passes 2737
# of unexpected successes 1
# of expected failures 6
Running target unix/-fpic
XPASS: 22_locale/locale/cons/12658_thread.cc execution test
=== libstdc++ Summary for unix/-fpic ===
# of expected passes 2737
# of unexpected successes 1
# of expected failures 6
Running target unix
XPASS: 22_locale/locale/cons/12658_thread.cc execution test
XPASS: 26_numerics/c99_classification_macros_c.cc (test for excess errors)
=== libstdc++ Summary for unix ===
# of expected passes 2737
# of unexpected successes 2
# of expected failures 5
=== libstdc++ Summary ===
# of expected passes 8211
# of unexpected successes 4
# of expected failures 17
Compiler version: 3.4.6 20060124 (prerelease)
Platform: i686-pc-linux-gnu
configure flags: --verbose --enable-checking=misc,tree,rtl,rtlflag,gc --enable-languages=c,c++,objc,f77,java