This is the mail archive of the
gcc-testresults@gcc.gnu.org
mailing list for the GCC project.
Results for 4.2.0 20060122 (experimental) testsuite on ia64-hp-hpux11.23
- From: CodeSourcery Automatic Testing System <gcc at codesourcery dot com>
- To: gcc-testresults at gcc dot gnu dot org
- Date: Sun, 22 Jan 2006 07:31:34 -0800 (PST)
- Subject: Results for 4.2.0 20060122 (experimental) testsuite on ia64-hp-hpux11.23
LAST_UPDATED: Sun Jan 22 08:11:47 UTC 2006 (revision 110086)
Native configuration is ia64-hp-hpux11.23
=== g++ tests ===
Running target unix/-milp32
XPASS: g++.dg/other/packed1.C execution test
FAIL: g++.dg/other/pr22003.C (test for excess errors)
FAIL: g++.dg/warn/weak1.C (test for excess errors)
WARNING: g++.dg/warn/weak1.C compilation failed to produce executable
FAIL: g++.dg/tls/static-1.C execution test
=== g++ Summary for unix/-milp32 ===
# of expected passes 11439
# of unexpected failures 3
# of unexpected successes 1
# of expected failures 70
# of unsupported tests 113
Running target unix/-mlp64
XPASS: g++.dg/other/packed1.C execution test
FAIL: g++.dg/other/pr22003.C (test for excess errors)
FAIL: g++.dg/warn/weak1.C (test for excess errors)
WARNING: g++.dg/warn/weak1.C compilation failed to produce executable
FAIL: g++.dg/tls/static-1.C execution test
=== g++ Summary for unix/-mlp64 ===
# of expected passes 11407
# of unexpected failures 3
# of unexpected successes 1
# of expected failures 70
# of unsupported tests 115
=== g++ Summary ===
# of expected passes 22846
# of unexpected failures 6
# of unexpected successes 2
# of expected failures 140
# of unsupported tests 228
/scratch/gcc/nightly-2006-01-22-mainline/ia64-hp-hpux11.23/build_gcc/install/bin/c++ version 4.2.0 20060122 (experimental)
=== gcc tests ===
Running target unix/-milp32
FAIL: gcc.c-torture/compile/20051228-1.c -O1 (test for excess errors)
FAIL: gcc.c-torture/compile/20051228-1.c -O2 (test for excess errors)
FAIL: gcc.c-torture/compile/20051228-1.c -O3 -fomit-frame-pointer (test for excess errors)
FAIL: gcc.c-torture/compile/20051228-1.c -O3 -g (test for excess errors)
FAIL: gcc.c-torture/compile/20051228-1.c -Os (test for excess errors)
FAIL: gcc.dg/attr-weakref-1.c (test for excess errors)
WARNING: gcc.dg/attr-weakref-1.c compilation failed to produce executable
FAIL: gcc.dg/builtin-apply4.c execution test
FAIL: gcc.dg/tls/pr24428-2.c execution test
FAIL: gcc.dg/tls/pr24428.c execution test
XPASS: gcc.dg/vect/pr16105.c scan-tree-dump-times vectorized 1 loops 1
XPASS: gcc.dg/vect/pr20122.c scan-tree-dump-times vectorized 1 loops 2
XPASS: gcc.dg/vect/vect-105.c scan-tree-dump-times vectorized 1 loops 1
XPASS: gcc.dg/vect/vect-30.c scan-tree-dump-times vectorized 1 loops 2
XPASS: gcc.dg/vect/vect-42.c scan-tree-dump-times vectorized 1 loops 1
XPASS: gcc.dg/vect/vect-43.c scan-tree-dump-times vectorized 1 loops 1
XPASS: gcc.dg/vect/vect-74.c scan-tree-dump-times vectorized 1 loops 1
XPASS: gcc.dg/vect/vect-75.c scan-tree-dump-times vectorized 1 loops 1
XPASS: gcc.dg/vect/vect-8.c scan-tree-dump-times vectorized 1 loops 1
FAIL: gcc.dg/vect/vect-reduc-dot-s16.c scan-tree-dump-times vectorized 1 loops 1
XPASS: gcc.dg/vect/vect-reduc-dot-u16.c scan-tree-dump-times vectorized 1 loops 1
FAIL: gcc.dg/vect/vect-reduc-pattern-2.c scan-tree-dump-times vectorized 2 loops 1
=== gcc Summary for unix/-milp32 ===
# of expected passes 37609
# of unexpected failures 11
# of unexpected successes 10
# of expected failures 146
# of untested testcases 28
# of unsupported tests 341
Running target unix/-mlp64
FAIL: gcc.c-torture/compile/20051228-1.c -O1 (test for excess errors)
FAIL: gcc.c-torture/compile/20051228-1.c -O2 (test for excess errors)
FAIL: gcc.c-torture/compile/20051228-1.c -O3 -fomit-frame-pointer (test for excess errors)
FAIL: gcc.c-torture/compile/20051228-1.c -O3 -g (test for excess errors)
FAIL: gcc.c-torture/compile/20051228-1.c -Os (test for excess errors)
FAIL: gcc.dg/attr-weakref-1.c (test for excess errors)
WARNING: gcc.dg/attr-weakref-1.c compilation failed to produce executable
FAIL: gcc.dg/builtin-apply4.c execution test
XPASS: gcc.dg/torture/fp-int-convert-float128-timode.c -O0 (test for excess errors)
FAIL: gcc.dg/torture/fp-int-convert-float128-timode.c -O0 execution test
XPASS: gcc.dg/torture/fp-int-convert-float128-timode.c -O1 (test for excess errors)
FAIL: gcc.dg/torture/fp-int-convert-float128-timode.c -O1 execution test
XPASS: gcc.dg/torture/fp-int-convert-float128-timode.c -O2 (test for excess errors)
FAIL: gcc.dg/torture/fp-int-convert-float128-timode.c -O2 execution test
XPASS: gcc.dg/torture/fp-int-convert-float128-timode.c -O3 -fomit-frame-pointer (test for excess errors)
FAIL: gcc.dg/torture/fp-int-convert-float128-timode.c -O3 -fomit-frame-pointer execution test
XPASS: gcc.dg/torture/fp-int-convert-float128-timode.c -O3 -g (test for excess errors)
FAIL: gcc.dg/torture/fp-int-convert-float128-timode.c -O3 -g execution test
XPASS: gcc.dg/torture/fp-int-convert-float128-timode.c -Os (test for excess errors)
FAIL: gcc.dg/torture/fp-int-convert-float128-timode.c -Os execution test
XPASS: gcc.dg/vect/pr16105.c scan-tree-dump-times vectorized 1 loops 1
XPASS: gcc.dg/vect/pr20122.c scan-tree-dump-times vectorized 1 loops 2
XPASS: gcc.dg/vect/vect-105.c scan-tree-dump-times vectorized 1 loops 1
XPASS: gcc.dg/vect/vect-30.c scan-tree-dump-times vectorized 1 loops 2
XPASS: gcc.dg/vect/vect-42.c scan-tree-dump-times vectorized 1 loops 1
XPASS: gcc.dg/vect/vect-43.c scan-tree-dump-times vectorized 1 loops 1
XPASS: gcc.dg/vect/vect-74.c scan-tree-dump-times vectorized 1 loops 1
XPASS: gcc.dg/vect/vect-75.c scan-tree-dump-times vectorized 1 loops 1
XPASS: gcc.dg/vect/vect-8.c scan-tree-dump-times vectorized 1 loops 1
FAIL: gcc.dg/vect/vect-reduc-dot-s16.c scan-tree-dump-times vectorized 1 loops 1
XPASS: gcc.dg/vect/vect-reduc-dot-u16.c scan-tree-dump-times vectorized 1 loops 1
FAIL: gcc.dg/vect/vect-reduc-pattern-2.c scan-tree-dump-times vectorized 2 loops 1
=== gcc Summary for unix/-mlp64 ===
# of expected passes 37593
# of unexpected failures 15
# of unexpected successes 16
# of expected failures 152
# of untested testcases 28
# of unsupported tests 342
=== gcc Summary ===
# of expected passes 75202
# of unexpected failures 26
# of unexpected successes 26
# of expected failures 298
# of untested testcases 56
# of unsupported tests 683
/scratch/gcc/nightly-2006-01-22-mainline/ia64-hp-hpux11.23/build_gcc/install/bin/gcc version 4.2.0 20060122 (experimental)
=== libstdc++ tests ===
Running target unix/-milp32
FAIL: 27_io/basic_ostream/inserters_character/char/9555-oc.cc execution test
=== libstdc++ Summary for unix/-milp32 ===
# of expected passes 2692
# of unexpected failures 1
# of expected failures 10
# of unsupported tests 159
Running target unix/-mlp64
FAIL: 27_io/basic_ostream/inserters_character/char/9555-oc.cc execution test
FAIL: ext/array_allocator/2.cc execution test
=== libstdc++ Summary for unix/-mlp64 ===
# of expected passes 2691
# of unexpected failures 2
# of expected failures 10
# of unsupported tests 159
=== libstdc++ Summary ===
# of expected passes 5383
# of unexpected failures 3
# of expected failures 20
# of unsupported tests 318
Compiler version: 4.2.0 20060122 (experimental)
Platform: ia64-hp-hpux11.23
configure flags: --disable-nls --build=ia64-hp-hpux11.23 --host=ia64-hp-hpux11.23 --target=ia64-hp-hpux11.23 --enable-shared --enable-threads --disable-libmudflap --disable-libssp --disable-libstdcxx-pch --with-gnu-as --with-as=/scratch/gcc/nightly-2006-01-22-mainline/ia64-hp-hpux11.23/build_gcc/install/bin/as --without-gnu-ld --with-ld=/usr/ccs/bin/ld --prefix=/scratch/gcc/nightly-2006-01-22-mainline/ia64-hp-hpux11.23/build_gcc/install --enable-languages=c,c++