This is the mail archive of the gcc-testresults@gcc.gnu.org mailing list for the GCC project.
Index Nav: | [Date Index] [Subject Index] [Author Index] [Thread Index] | |
---|---|---|
Message Nav: | [Date Prev] [Date Next] | [Thread Prev] [Thread Next] |
Other format: | [Raw text] |
LAST_UPDATED: Fri Jan 20 20:43:38 UTC 2006 (revision 110036) === acats tests === FAIL: c52103x FAIL: c52104x FAIL: c52104y === acats Summary === # of expected passes 2316 # of unexpected failures 3 Native configuration is x86_64-unknown-linux-gnu === gcc tests === Running target unix === gcc Summary === # of expected passes 37896 # of expected failures 100 # of untested testcases 28 # of unsupported tests 346 /home/guerby/work/gcc/build/build-4.1-20060120T221640/gcc/xgcc version 4.1.0 20060120 (prerelease) Compiler version: 4.1.0 20060120 (prerelease) Platform: x86_64-unknown-linux-gnu configure flags: --prefix=/home/guerby/work/gcc/install/install-4.1-20060120T221640 --enable-__cxa_atexit --disable-nls --enable-threads=posix --disable-multilib --enable-checking --enable-languages=c,ada
Index Nav: | [Date Index] [Subject Index] [Author Index] [Thread Index] | |
---|---|---|
Message Nav: | [Date Prev] [Date Next] | [Thread Prev] [Thread Next] |